{"text_format":"1","workbook":"xlsx","n_sheets":5,"sheets":["README","baseInfo","distributions","distribution_map","gridded_emissions"],"not_rendered":{"charts":0,"images":0,"macros":1,"external_links":0,"defined_names":1,"comments":0,"pivot_tables":0},"unopened":[],"bounds":{"document_bytes":16777216,"sheet_cells":100000,"rows_first":2000,"rows_last":500,"rows_between":2000,"halvings":0,"cell_chars":16384,"cell_head_chars":4096},"cells_cut":0,"cells_raw":0,"read":"whole","date_system":"1900"}

{"sheet":"README","index":0,"n_rows":13,"n_cols":4,"rows_kept":13,"cut":false,"hidden":false,"merged":[]}
[]
[]
[null,null,"1. Enter the airshed grid numbers. The size of the grid is irrelevant in this exercise"]
[null,null,"2. Click on \"make empty grid\" box to check the look of the grid numbers entered"]
[null,null,"3. Enter the number of proxy categories, proxy category names -- this must match the order and names in the distributions worksheet"]
[null,null,"4. Enter the total emissions for each of the vehicle categories -- current set to 6"]
[null,null,"5. Proxy categories is set to 8 -- user can increase this and make the necessary changes in the VBA"]
[null,null,"6. Enter the proxy weights to be used gridding"]
[null,null,null,"Thumb rules -- most of the heavy duty vehicle exhaust will be on the highways"]
[null,null,null,"Thumb rules -- 2Ws, 3Ws, 4Ws exhaust will be on highways, urban roads, and commercial hub grids"]
[null,null,"7. Click on grid emissions -- this will make the text file in \"gridded_emissions\" and display the same in \"distribution_map\""]
[]
[null,null,"Extra -- in the \"distributions\" page, select the proxy column number to map and see how it looks"]

{"sheet":"baseInfo","index":1,"n_rows":30,"n_cols":12,"rows_kept":30,"cut":false,"hidden":false,"merged":[]}
[]
[null,"Green cells = input"]
[]
[null,"Airshed Box Name","APnACity"]
[null,"airshed nx",50,"<== grid (1,1) is the southwest corner (as per longitude/latitude)"]
[null,"airshed ny",50]
[null,"airshed size (grids)",{"$f":"C5 & \" * \"&  C6","v":"50 * 50"},"<== distributions worksheet data must match this matrix"]
[null,"No. distrbution proxies",8,"<== number of categories for distributing the emissions (max of table below)"]
[null,"No. vehicle categories",6,"<== max from the table below"]
[]
[]
[null,null,"Category ==>",1,2,3,4,5,6,7,8]
[null,null,"distributions column # ==>",{"$f":"MATCH(D14,distributions!$C$2:$J$2,0)","v":1},{"$f":"MATCH(E14,distributions!$C$2:$J$2,0)","v":2},{"$f":"MATCH(F14,distributions!$C$2:$J$2,0)","v":3},{"$f":"MATCH(G14,distributions!$C$2:$J$2,0)","v":4},{"$f":"MATCH(H14,distributions!$C$2:$J$2,0)","v":5},{"$f":"MATCH(I14,distributions!$C$2:$J$2,0)","v":6},{"$f":"MATCH(J14,distributions!$C$2:$J$2,0)","v":7},{"$f":"MATCH(K14,distributions!$C$2:$J$2,0)","v":8}]
[null,null,"Emissions","HW","Ur.SecRds","Ur.OthRds","NonUr.SecRds","NonUr.OthRds","Pop","Ind.Hubs","Com.Hubs","100%-sum-check"]
[1,"2Ws",2000,0.2,0.2,0.05,0.05,0.05,0,0.1,{"$f":"100%-SUM(D15:J15)","v":0.35},{"$f":"SUM(D15:K15)","v":1}]
[2,"3Ws",500,0.3,0.2,0.05,0.05,0.05,0,0.05,{"$f":"100%-SUM(D16:J16)","v":0.29999999999999982},{"$f":"SUM(D16:K16)","v":1}]
[3,"4Ws",2000,0.2,0.4,0.05,0.05,0.05,0,0.05,0.19999999999999973,1]
[4,"Buses",1000,0.2,0.5,0.05,0,0,0,0.05,0.19999999999999996,1]
[5,"LDVs",2000,0.3,0.15,0.05,0.05,0.05,0,0.2,0.19999999999999996,1]
[6,"HDVs",8000,0.7,0.05,0.05,0.05,0.05,0,0.1,0,1.0000000000000002]
[]
[null,"Full name","Short name"]
[1,"Highways","HW","<== use the short name as headings in the distirbutions worksheet"]
[2,"Urban-SecRoads","Ur.SecRds"]
[3,"Urban-OtherRoads","Ur.OthRds"]
[4,"NonUrban-SecRoads","NonUr.SecRds"]
[5,"NonUrban-OtherRoads","NonUr.OthRds"]
[6,"Population","Pop"]
[7,"IndustrialHubs","Ind.Hubs"]
[8,"CommercialPoints","Com.Hubs"]

{"sheet":"distributions","index":2,"n_rows":2502,"n_cols":13,"rows_kept":2502,"cut":false,"hidden":false,"merged":[]}
[null,"category ==>",1,2,3,4,5,6,7,8]
["gridx","gridy","HW","Ur.SecRds","Ur.OthRds","NonUr.SecRds","NonUr.OthRds","Pop","Ind.Hubs","Com.Hubs"]
[1,1,0,0,0,0,0,63.470460577504412,0,0]
[2,1,0,0,0,0,0,95.205690866256603,0,0]
[3,1,0,0,0,0,0,75.937872476657034,0,0,null,7,"<== change the category number"]
[4,1,0,0,0,0,0,91.80548762103318,0,0]
[5,1,2.4746827550506199,0,0,0,0,709.39124557706521,0.5,2]
[6,1,0,0,0,0,0,317.35230288752206,0,0]
[7,1,0,0,0,0,0,2189.8604205810907,0,2]
[8,1,0,0,0,0,0,539.49891490878758,0,0]
[9,1,1.3240634334758199,0,0,0,0,398.59898135722619,0,0]
[10,1,0,0,0,0,0,40.802438942681405,0,0]
[11,1,0,0,0,0,0,28.335027043528754,0,0]
[12,1,0,0,0,0,0,23.801422716564151,0,0]
[13,1,0,0,0,0,0,87.271883294068559,0,0]
[14,1,0,0,0,0,0,37.402235697457947,0,0]
[15,1,1.05548064368109,0,0,0,0,5043.2663348626702,0.5,11]
[16,1,0.76191531697733295,0,0,0,0,389.88997211895571,0,1]
[17,1,0,0,0,0,0,40.802438942681405,0,0]
[18,1,0.21596763267235899,0,0,0,0,425.02540565293134,0,0]
[19,1,0.99589273260242395,0,0,0,0,140.54173413590266,0,0]
[20,1,0,0,0,0,0,35.135433533975664,0,0]
[21,1,0,0,0,0,0,23.801422716564151,0,0]
[22,1,0,0,0,0,0,23.801422716564151,0,0]
[23,1,0,0,0,0,0,14.734214062634948,0,0]
[24,1,0,0,0,0,0,61.203658414022108,0,0]
[25,1,0,0,0,0,0,82.738278967103966,0,0]
[26,1,0,0,0,0,0,1192.3379379916901,0,0]
[27,1,0,0,0,0,0,1160.6027077029371,0,0]
[28,1,1.06262920548215,0,0,0,0,966.7182418724484,0,0]
[29,1,7.4513080896022099E-2,0,0,0,0,327.55291262319236,0,0]
[30,1,0,0,0,0,0,226.68021634823003,0,0]
[31,1,0,0,0,0,0,30.601829207011054,0,0]
[32,1,0,0,0,0,0,28.335027043528754,0,1]
[33,1,2.6625087231708799,0,1.5010585040862501,1.5010585040862501,0,486.01018951317917,0.5,3]
[34,1,0,0,0,0,0,136.00812980893804,0,0]
[35,1,0,0,0,0,0,114.47350925585614,0,0]
[36,1,0,0,0,0,0,82.738278967103966,0,0]
[37,1,0,0,0,0,0,73.671070313174752,0,0]
[38,1,0,0,0,0,0,44.20264218790485,0,0]
[39,1,0,0,0,0,0,102.00609735670349,0,0]
[40,1,0,0,0,0,0,2815.3682870450161,0,0]
[41,1,0,0,0,0,0,111.07330601063272,0,0]
[42,1,0,0,0,0,0,143.94193738112605,0,0]
[43,1,0,0,0,0,0,2492.3489787487892,0,0]
[44,1,0.72301339101885098,0,0,0,0,549.69952464445782,0,2]
[45,1,0.78051580773602702,0,1.11812083571236,1.11812083571236,0,343.42052776756856,0,0]
[46,1,0,0,0,0,0,92.938888702774321,0,0]
[47,1,0,0,0,0,0,141.6751352176438,0,0]
[48,1,0,0,0,0,0,181.34417307858402,0,0]
[49,1,1.28038954225137,0,0,0,0,555.15782325035843,0,0]
[50,1,4.5020078402174299E-2,0,0,0,0,111.07330601063272,0,0]
[1,2,0,0,0,0,0,63.470460577504412,0,1]
[2,2,0,0,0,0,0,123.54071790978537,0,0]
[3,2,0,0,0,0,0,183.61097524206636,0,0]
[4,2,0,0,0,0,0,77.071273558398204,0,0]
[5,2,1.5367629330460599,0,0,0,0,860.30230808542842,0,0]
[6,2,1.0905644730278901,0,0,0,0,5363.5045245951678,0.5,7]
[7,2,0,0,0,0,0,562.16693654361063,0,2]
[8,2,1.0384461557304501,0,0,0,0,1475.7197564922924,0,2]
[9,2,0.292459722044079,0,0,0,0,238.0142271656415,0,0]
[10,2,0,0,0,0,0,35.135433533975664,0,0]
[11,2,0,0,0,0,0,23.801422716564151,0,0]
[12,2,0,0,0,0,0,20.401219471340703,0,0]
[13,2,0,0,0,0,0,133.74132764545573,0,0]
[14,2,0,0,0,0,0,126.94092115500882,0,0]
[15,2,0,0,0,0,0,349.08753317627423,0,0]
[16,2,1.5599044550608201,0,0,0,0,323.0941604136035,0,0]
[17,2,1.12268294113042,0,0,0,0,143.59740462826824,0,1]
[18,2,1.13912734475517,0,0,0,0,219.24246599494523,0,1]
[19,2,1.3402039895260001,0,0,0,0,358.99351157067059,0,0]
[20,2,0,0,0,0,0,140.54173413590266,0,0]
[21,2,0,0,0,0,0,40.802438942681405,0,0]
[22,2,0,0,0,0,0,28.335027043528754,0,0]
[23,2,0,0,0,0,0,14.734214062634948,0,0]
[24,2,0,0,0,0,0,41.935840024422561,0,0]
[25,2,0,0,0,0,0,26.068224880046454,0,0]
[26,2,0,0,0,0,0,82.738278967103966,0,0]
[27,2,0,0,0,0,0,103.13949843844466,0,0]
[28,2,0,0,0,0,0,891.9866513302851,0,0]
[29,2,1.1318456483877399,0,0,0,0,344.8901950446799,0,0]
[30,2,0,0,0,0,0,1643.4315685246675,0,0]
[31,2,0,0,0,0,0,75.937872476657034,0,0]
[32,2,2.3066844031809302,0,1.4938798101943798,1.4938798101943798,0,325.55991091661735,0.5,2]
[33,2,0.327105846224721,0,0,0,0,604.10277656803294,0,0]
[34,2,0,0,0,0,0,143.94193738112605,0,0]
[35,2,0,0,0,0,0,70.270867067951329,0,0]
[36,2,0,0,0,0,0,81.604877885362811,0,0]
[37,2,0,0,0,0,0,73.671070313174752,0,0]
[38,2,0,0,0,0,0,113.34010817411502,0,0]
[39,2,0,0,0,0,0,27.201625961787606,0,0]
[40,2,0,0,0,0,0,165.47655793420793,0,0]
[41,2,0,0,0,0,0,128.07432223674996,0,0]
[42,2,0,0,0,0,0,36.268834615716784,0,0]
[43,2,0,0,0,0,0,189.27798065077207,0,0]
[44,2,0,0,0,0,0,123.54071790978537,0,1]
[45,2,0.60801270571886201,0,1.7514209202203799,0,0,360.47762771049793,0.5,4]
[46,2,1.21997257941562,0,2.42697966077393,2.42697966077393,0,2966.0150751874958,1,27]
[47,2,0.57579786812128197,0,0,0,0,2569.4202523071867,0,0]
[48,2,0.45791610862064702,0,0,0,0,784.31354856487587,0,0]
[49,2,0.77233878120356503,0,0,0,0,457.89403702342457,0,1]
[50,2,0,0,0,0,0,228.94701851171229,0,0]
[1,3,0,0,0,0,0,151.29012273335402,0,0]
[2,3,0,0,0,0,0,973.59152921564794,0,0]
[3,3,0,0,0,0,0,443.61341072661429,0,0]
[4,3,0,0,0,0,0,437.20281230570941,0,0]
[5,3,0,1.0684529187895599,0,0,0,2121.9080773194992,0,0]
[6,3,4.4228493989836597,0.71697019803331796,0.13022636608699489,0,0,9324.7351135719164,1,24]
[7,3,1.1171773983056099,0,1.1235532601585196,0,0,13039.018553341804,2,74]
[8,3,1.79346397152725,0,0.57937258211771581,0.57937258211771581,0,10827.083885619957,0.5,1]
[9,3,0,0,0,0,0,319.61910505100434,0,0]
[10,3,0,0,0,0,0,147.3421406263495,0,0]
[11,3,0,0,0,0,0,147.3421406263495,0,0]
[12,3,0,0,0,0,0,133.74132764545573,0,0]
[13,3,0,0,0,0,0,236.88082608390039,0,0]
[14,3,0,0,0,0,0,281.08346827180532,0,0]
[15,3,0,0,0,0,0,330.95311586841586,0,0]
[16,3,1.1207422220088199,0,0,0,0,567.97902009216807,0,1]
[17,3,0,0,0,0,0,167.74336009769024,0,0]
[18,3,0,0,0,0,0,346.82073101279184,0,0]
[19,3,1.57152347307264,0,0,0,0,3886.104762752509,0,1]
[20,3,1.0489640084555201,0,0,0,0,455.1524878842431,0,1]
[21,3,1.26565246811652,0,0,0,0,242.48474123462688,0.5,0]
[22,3,0.76232908256375698,0,0,0,0,55.53665300531636,0,0]
[23,3,1.05856678942578,0,0,0,0,118.64060300749986,0.5,0]
[24,3,1.07352125231988,0,0.36948455574972905,0.36948455574972905,0.36948455574972899,1111.5977661848979,0,0]
[25,3,1.1171275127538001,0,1.6725746464878297,1.6725746464878297,1.6725746464878299,326.94051946614644,0,1]
[26,3,0.64887288454798797,0,0,0,0,126.94092115500882,0,0]
[27,3,0,0,0,0,0,162.07635468898451,0,0]
[28,3,0,0,0,0,0,3310.6645597658994,0,0]
[29,3,1.1254638194906399,0,0,0,0,667.98435545828318,0,0]
[30,3,0,0,1.1926190870281199,0,0,582.57690762790719,0.5,0]
[31,3,1.0050159287576499,0,3.5597251513474495,0,0,825.28068583287177,0.5,0]
[32,3,1.6238811571411,0,1.1783487061038485,1.1783487061038485,0.16004337406483801,1034.4628016618849,0.5,1]
[33,3,0,0,0.29893972743860397,0.29893972743860397,0,1977.7848876383068,0,0]
[34,3,0,0,0.87174735290585503,0.87174735290585503,0,137.14153089067915,0,0]
[35,3,0,0,1.0646290565740899,1.0646290565740899,0,3748.1573773179834,0,2]
[36,3,0,0,0.63350445213161399,0.63350445213161399,0,346.82073101279184,0,0]
[37,3,0,0,0.79705024409881298,0.79705024409881298,0,395.55697752766133,0,0]
[38,3,0,0,0.987906391923974,0.987906391923974,0,463.56104243213053,0,0]
[39,3,0,0,0.82520509851431201,0.82520509851431201,0,988.32574327828297,0,2]
[40,3,0,0,0,0,0,2389.2094803103446,0,0]
[41,3,0,0,0,0,0,183.61097524206636,0,0]
[42,3,0,0,0,0,0,275.41646286309947,0,0]
[43,3,0,0,0,0,0,435.2260153886017,0,0]
[44,3,0,0,0,0,0,245.9480347378296,0,0]
[45,3,0,0,0.52250731484669799,0,0,1902.5792317885366,0.5,1]
[46,3,0,0.581032086297672,6.0497829766999809,0,0,11203.235476428119,3,90]
[47,3,1.1408484402553201,0.90693633753924696,1.3458318813780301,0,0,14158.819332605575,1,18]
[48,3,2.6431423354942098,0,0.18334028738123198,0.18334028738123198,0,10842.085983615205,1,29]
[49,3,1.0359104892063,0,0,0,0,1502.6442698600929,0,4]
[50,3,1.04402787877798,0,0,0,0,9808.2155839843908,0,0]
[1,4,0,0,0,0,0,54.403251923575212,0,0]
[2,4,0,0,0,0,0,39.669037860940257,0,0]
[3,4,0,0,1.02958922088042,1.02958922088042,0,267.48265529091145,0,0]
[4,4,0.35374345359312598,0,1.0867414596596601,1.0867414596596601,0,219.87980985778316,0,0]
[5,4,1.29883627072421,0,0.21465245060180194,0,0,1328.275992811481,0,1]
[6,4,1.6399455512548999,0,0,0,0,2717.2860916893164,0.5,6]
[7,4,5.7920000498442201,0,2.0322705030577568,0,0,5415.8394565879762,3,98]
[8,4,0.16517574988516601,0,6.4099812145051196,6.4099812145051196,0,2629.1760812649786,0.5,6]
[9,4,1.1033561714148701,0,0,0,0,398.7392217802805,0,0]
[10,4,1.13023486706219,0,0.46073828480057299,0.46073828480057299,0,6786.2594883698548,0,0]
[11,4,1.1000597811603801,0,0,0,0,161.54708020680175,0,0]
[12,4,2.41700603162841E-2,0,0,0,0,105.40630060192697,0,0]
[13,4,0,0,0,0,0,294.68428125269901,0,0]
[14,4,0,0,0,0,0,160.94295360724331,0,0]
[15,4,0,0,0,0,0,317.35230288752206,0,1]
[16,4,1.12112149246022,0,0,0,0,4982.9053263149935,0.5,3]
[17,4,0,0,0,0,0,75.937872476657034,0,0]
[18,4,0,0,0,0,0,87.271883294068559,0,0]
[19,4,0,0,0,0,0,88.4052843758097,0,0]
[20,4,0,0,0,0,0,0,0,0]
[21,4,1.12283649655241,0,0,0,0,73.080821998315074,0,0]
[22,4,0.72152522594921298,0,0,0,0,69.137465986210174,0,0]
[23,4,0,0,0,0,0,138.27493197242035,0,0]
[24,4,0,0,0,0,0,23.801422716564151,0,0]
[25,4,0,0,0,0,0,63.470460577504412,0,0]
[26,4,0.61050040837886099,0,0,0,0,23.801422716564151,0,0]
[27,4,1.2321789882924199,0,0.42192137387038797,0.42192137387038797,0,14.103316525990632,0,0]
[28,4,0.27540510239156302,0,7.269498516152878E-2,7.269498516152878E-2,0,729.91029664130076,0,1]
[29,4,1.1359594476692201,0,0,0,0,716.70490345716019,0,1]
[30,4,0,0,0,0,0,285.61707259876988,0,0]
[31,4,2.4549955228178302,0,0,0,0,698.31442647396841,0.5,2]
[32,4,0,0,0,0,0,412.55799375377865,0,0]
[33,4,0,0,0.85444080967924496,0.85444080967924496,0,473.76165216780078,0,0]
[34,4,0,0,1.5975776429442801,1.5975776429442801,0,1246.7411899152653,0,0]
[35,4,0,0,0.224443251916945,0.224443251916945,0,247.08143581957074,0,0]
[36,4,0,0,0.41895634833991902,0.41895634833991902,0,267.48265529091145,0,0]
[37,4,0,0,0.35099154537217803,0.35099154537217803,0,77.071273558398204,0,0]
[38,4,0,0,0,0,0,262.94905096394683,0,0]
[39,4,0,0,1.11798718673691,1.11798718673691,0,109.93990492889158,0,0]
[40,4,0,0,0.111852442487982,0.111852442487982,0,57.803455168798656,0,0]
[41,4,0,0,0,0,0,82.738278967103966,0,1]
[42,4,0,0,0,0,0,103.13949843844466,0,0]
[43,4,0,0,0,0,0,357.02134074846225,0,0]
[44,4,0,0,0,0,0,256.14864447349993,0,1]
[45,4,0,0,0,0,0,229.565621593153,0.5,0]
[46,4,0,0,0.96990195429054304,0.96990195429054304,0,238.22847523817768,0.5,1]
[47,4,1.34307383710916,0,0.32159914273811507,0.32159914273811507,0,564.13266103962519,0,6]
[48,4,0,0,0,0,0,906.72086539292013,0,0]
[49,4,0,0,0,0,0,279.50209115145066,0,1]
[50,4,0,0,0,0,0,274.2830617813583,0,0]
[1,5,0,0,1.2080085939166101,1.2080085939166101,0,159.80955252550217,0,0]
[2,5,0,0,1.27689343100353,1.27689343100353,0,200.61199146818359,0,0]
[3,5,0.27612047489939601,0,0.16870481343899296,0.16870481343899296,0,167.74336009769024,0,0]
[4,5,1.3291643683810599,0,0,0,0,164.11131957516369,0,0]
[5,5,0,0,0,0,0,75.937872476657034,0,0]
[6,5,0,0,0,0,0,656.23922632812594,0,0]
[7,5,1.82664515864812,0,0,0,0,483.92877542532835,1,20]
[8,5,2.2851641221297299,0,1.49069874286727,0,0,1764.6107233729497,0.5,1]
[9,5,0,0,1.15771293027754,1.15771293027754,0,14725.511091973842,0.5,1]
[10,5,0,0,1.5855164590239601,1.5855164590239601,0,618.83699063066808,0,0]
[11,5,0,0,0,0,0,73.671070313174752,0,0]
[12,5,1.0987985974363801,0,0,0,0,103.85169441865828,0,0]
[13,5,1.1332666968230201,0,0,0,0,169.23979831188757,0,0]
[14,5,1.09282638567971,0,0,0,0,1155.1898354470507,0,4]
[15,5,1.0506320026659599,0,0,0,0,398.7392217802805,0,2]
[16,5,1.37560825103566,0,0,0,0,430.7922138848046,0,3]
[17,5,0,0,0,0,0,37.402235697457947,0,0]
[18,5,0,0,0,0,0,87.271883294068559,0,0]
[19,5,0,0,0,0,0,21.534620553081851,0,0]
[20,5,0,0,0,0,0,46.46944435138716,0,0]
[21,5,1.3079489354654401,0,0.50779049743649596,0.50779049743649596,0,7209.3589841495732,0,1]
[22,5,0,0,1.216770670549,1.216770670549,0,105.40630060192697,0,0]
[23,5,0,0,1.4044700695650079,1.4044700695650079,0.20360487579810799,851.18421238760391,0,0]
[24,5,0,0,1.0710189730294899,1.0710189730294899,0,61.203658414022108,0,1]
[25,5,0,0,1.5554415689613399,1.5554415689613399,0,904.45406322943791,0,0]
[26,5,0,0,1.1461300684147899,1.1461300684147899,0,63.470460577504412,0,1]
[27,5,0,0,0.81561465338848704,0.81561465338848704,0,95.205690866256603,0,0]
[28,5,1.2067047392927801,0,0,0,0,528.23330988255816,0,0]
[29,5,1.84418083040755,0,0.69435012778498484,0,0,1794.1789437274538,0.5,0]
[30,5,1.1245048712880501,0,3.0619354591881396,3.0619354591881396,1.9306918939842801,2356.1607474471903,0.5,8]
[31,5,1.31731421115759,0,0.11601959908931203,0.11601959908931203,0,597.46777282833034,0,1]
[32,5,0,0,0,0,0,329.81971478667469,0,0]
[33,5,0,0,0,0,0,640.37161118374968,0,0]
[34,5,0,0,0,0,0,309.41849531533404,0,0]
[35,5,0,0,2.1265245774166801,2.1265245774166801,0,286.12911699520777,0.5,1]
[36,5,0,0,0.88034187959537802,0.88034187959537802,0,309.41849531533404,0,0]
[37,5,0,0,0,0,0,335.48672019538049,0,0]
[38,5,0,0,0,0,0,311.68529747881632,0,0]
[39,5,0,0,0,0,0,123.54071790978537,0,0]
[40,5,0,0,1.24027989307654,1.24027989307654,0,103.13949843844466,0,0]
[41,5,0,0,0,0,0,36.268834615716784,0,0]
[42,5,0,0,0,0,0,109.93990492889158,0,0]
[43,5,0,0,0,0,0,4526.3410295253743,0.5,2]
[44,5,0,0,0,0,0,412.55799375377865,0,0]
[45,5,0,0,0,0,0,370.62215372935611,0,0]
[46,5,0.40256082184687297,0,0,0,0,4820.3548006451119,0,0]
[47,5,0.98815789230620499,0,0.14239067064685207,0.14239067064685207,0,1104.6235109700015,0.5,2]
[48,5,0,0,0.74356444040617797,0.74356444040617797,0,5117.3058840612939,0,0]
[49,5,0,0,0,0,0,109.93990492889158,0,0]
[50,5,0,0,0,0,0,310.27296357179381,0,0]
[1,6,0,0,0,0,0,26.068224880046454,0,0]
[2,6,0,0,0,0,0,28.335027043528754,0,0]
[3,6,1.2367936660438501,0,0,0,0,287.19480925653647,0,0]
[4,6,0,0,0,0,0,39.669037860940257,0,0]
[5,6,0,0,0,0,0,83.871680048845121,0,0]
[6,6,0,0,0,0,0,190.41138173251321,0,0]
[7,6,1.1582073090037399,0,0,0,0,3414.2847189739132,0,0]
[8,6,1.33514478090457,0,0,0,0,3506.5973362349428,0,1]
[9,6,1.3983622163174101,0,1.21715073249126,1.21715073249126,0,480.80665429355201,0.5,4]
[10,6,0,0,3.5916069273259903E-2,3.5916069273259903E-2,0,402.35738401810835,0,0]
[11,6,0,0,0,0,0,77.071273558398204,0,0]
[12,6,0,0,0,0,0,40.802438942681405,0,0]
[13,6,0,0,0,0,0,125.80752007326765,0,0]
[14,6,0,0,0,0,0,62.337059495763249,0,0]
[15,6,0,0,0,0,0,285.61707259876988,0,0]
[16,6,1.1237543631789899,0,0,0,0,478.23064219950038,0,0]
[17,6,0,0,0,0,0,63.470460577504412,0,0]
[18,6,0,0,0,0,0,60.070257332280953,0,0]
[19,6,0,0,0,0,0,29.468428125269895,0,0]
[20,6,0,0,0,0,0,1293.2106342666523,0,0]
[21,6,1.16111580076327,0,0,0,0,358.99351157067059,0,0]
[22,6,0,0,0,0,0,140.54173413590266,0,0]
[23,6,0,0,1.12877303703831,1.12877303703831,0,128.07432223674996,0,0]
[24,6,0,0,0,0,0,54.403251923575212,0,0]
[25,6,0,0,1.2800843509759801,1.2800843509759801,0,64.603861659245567,0,0]
[26,6,0,0,0,0,0,63.470460577504412,0,0]
[27,6,0,0,0,0,0,79.338075721880514,0,0]
[28,6,0,0,0,0,0,320.75250613274551,0,0]
[29,6,0.491420443909376,0,4.45752709607694,0,0,4035.806941875855,0.5,6]
[30,6,3.7029742331293298,0,5.9726068176503002,5.9726068176503002,2.6851434693002698,1525.6765263946911,2,78]
[31,6,0.232995907439915,0,0,0,0,347.95413209453312,0,1]
[32,6,0,0,0,0,0,329.81971478667469,0,0]
[33,6,0,0,0,0,0,4034.9078509984947,0,0]
[34,6,0,0,1.15908965311678,1.15908965311678,0,497.56307488436499,0,0]
[35,6,0,0,0.47161132784351101,0.47161132784351101,0,494.16287163914149,0,0]
[36,6,0,0,1.4925083541831301,1.4925083541831301,0,329.81971478667469,0,0]
[37,6,0,0,0,0,0,364.95514832065038,0,0]
[38,6,0,0,0,0,0,145.07533846286714,0,0]
[39,6,0,0,0,0,0,247.08143581957074,0,0]
[40,6,0,0,1.62391242878273,1.62391242878273,0,128.07432223674996,0,0]
[41,6,0,0,0.19908052457106001,0.19908052457106001,0,165.47655793420793,0,0]
[42,6,0,0,0,0,0,143.94193738112605,0,0]
[43,6,0,0,0,0,0,614.30338630370341,0,0]
[44,6,0,0,0,0,0,761.64552693005282,0,0]
[45,6,7.69739713128147E-3,0,0,0,0,988.32574327828297,0,0]
[46,6,1.36871691448995,0,0,0,0,1008.4451255637488,0.5,9]
[47,6,0,0,0,0,0,512.29728894699986,0,1]
[48,6,0,0,0,0,0,626.7707982028561,0,0]
[49,6,0,0,0,0,0,287.88387476225211,0,0]
[50,6,0,0,0,0,0,309.41849531533404,0,0]
[1,7,0,0,0,0,0,23.801422716564151,0,0]
[2,7,0.38207004783260601,0,0,0,0,23.801422716564151,0,0]
[3,7,0.89454998861855195,0,0,0,0,143.94193738112605,0,0]
[4,7,0,0,0,0,0,40.802438942681405,0,0]
[5,7,0,0,0,0,0,83.871680048845121,0,0]
[6,7,0,0,0,0,0,704.9754728429956,0,1]
[7,7,1.1738994549019499,0,0,0,0,287.19480925653647,0,0]
[8,7,0,0,0,0,0,206.27899687688932,0,0]
[9,7,2.00852556123245,0,0,0,0,698.31442647396841,0.5,0]
[10,7,0.89109974449962304,0,0,0,0,272.87988981827624,0.5,1]
[11,7,0,0,0,0,0,63.470460577504412,0,0]
[12,7,0,0,0,0,0,40.802438942681405,0,0]
[13,7,0,0,0,0,0,153.00914603505529,0,0]
[14,7,0,0,0,0,0,36.268834615716784,0,0]
[15,7,0,0,0,0,0,222.14661202126544,0,0]
[16,7,1.1429655599669599,0,0,0,0,430.7922138848046,0,1]
[17,7,0.19654837551031801,0,0,0,0,317.35230288752206,0,0]
[18,7,0,0,0,0,0,53.269850841834057,0,0]
[19,7,0,0,0,0,0,36.268834615716784,0,0]
[20,7,0,0,0,0,0,30.601829207011054,0,0]
[21,7,1.1696096393897899,0,0,0,0,356.4292722023086,0,0]
[22,7,0,0,0.113445057887227,0.113445057887227,0.113445057887227,126.94092115500882,0,0]
[23,7,0,0,1.1359838720532101,1.1359838720532101,0,136.00812980893804,0,0]
[24,7,0,0,0,0,0,56.670054087057508,0,0]
[25,7,0,0,0.969209762501412,0.969209762501412,0,56.670054087057508,0,0]
[26,7,0,0,0.33270505165004999,0.33270505165004999,0,56.670054087057508,0,0]
[27,7,0,0,0,0,0,63.470460577504412,0,0]
[28,7,0,0,1.19396441873699,1.19396441873699,0,202.8787936316659,0,0]
[29,7,0,0,0.39587386553995102,0,0,350.22093425801535,0,0]
[30,7,2.2679477830239501,0,2.8119576768371326,2.8119576768371326,0.54443752194641304,698.31442647396841,0.5,1]
[31,7,0.96094786096950002,0,0,0,0,840.98360265193332,0,0]
[32,7,1.19924545792639,0,0,0,0,1035.9527048182208,0,0]
[33,7,0.63369817355970504,0,0,0,0,1050.6628027740462,0,3]
[34,7,1.06781954775823,0,0.92297938669419,0.92297938669419,0,906.45861671594309,0,0]
[35,7,4.7133418404587998E-2,0,0,0,0,741.24430745871223,0,0]
[36,7,0,0,1.1214451520854034,1.1214451520854034,2.98861568839634E-2,732.17709880478287,0,0]
[37,7,0,0,0.5670432359978852,0.5670432359978852,8.8609772425322197E-2,536.09871166356402,0,3]
[38,7,0,0,0,0,0,319.61910505100434,1,0]
[39,7,0,0,0,0,0,247.08143581957074,1,0]
[40,7,0,0,0,0,0,228.94701851171229,0,0]
[41,7,0,0,1.41803587046443,1.41803587046443,0,3863.6327256809891,0.5,1]
[42,7,0,0,0.82508052995758197,0.82508052995758197,0,122.40731682804422,0,0]
[43,7,0,0,0,0,0,292.41747908921667,0,0]
[44,7,1.0864806402889801E-2,0,0,0,0,226.68021634823003,0,0]
[45,7,1.5281262254744501,0,0,0,0,792.34996482383724,0,1]
[46,7,0,0,0,0,0,700.44186851603069,0,0]
[47,7,0,0,0,0,0,545.16592031749315,0,1]
[48,7,0,0,0,0,0,1498.7979108075494,0,0]
[49,7,0,0,0,0,0,287.88387476225211,0,0]
[50,7,0,0,0,0,0,2083.1911882402342,0,5]
[1,8,0.86332288798300805,0,0,0,0,62.337059495763249,0,2]
[2,8,1.1061559908935601,0,0,0,0,101.28745505029633,0,0]
[3,8,0,0,0,0,0,1171.9367185203494,0,0]
[4,8,0,0,0,0,0,201.74539254992473,0,0]
[5,8,0,0,0,0,0,150.74234387157298,0,1]
[6,8,0.99548375680239998,0,0,0,0,13060.555048985976,0.5,2]
[7,8,0.13061617166908801,0,0,0,0,564.43373870709286,0,1]
[8,8,0,0,0,0,0,287.88387476225211,0,0]
[9,8,0,0,0,0,0,728.77689555955942,0,0]
[10,8,2.2865154218672199,0,0.27353643610407286,0,0,1135.4113849226521,0.5,4]
[11,8,0.66412178384643705,0,0,0,0,984.31674541592497,0.5,0]
[12,8,0,0,0,0,0,923.67676990075245,0.5,1]
[13,8,0,0,0,0,0,1660.019329727847,0.5,0]
[14,8,0,0,0,0,0,47.602845433128302,0,0]
[15,8,0,0,0,0,0,73.671070313174752,0,0]
[16,8,0,0,0.44131568495204998,0,0,514.56409111048208,0,0]
[17,8,1.23997078271961,0,0.75838469585696888,0.75838469585696888,0,5198.3316844075598,0.5,4]
[18,8,0.35367193656256202,0,0,0,0,903.32066214769679,0,0]
[19,8,0,0,0,0,0,189.27798065077207,0,0]
[20,8,0,0,0,0,0,0,0,0]
[21,8,1.26158826910332,0,0.10017215682513902,0.10017215682513902,0,700.03734756280767,0,0]
[22,8,9.4539369015605498E-3,0,2.0641929246479389,2.0641929246479389,0.606508905266539,498.69647596610599,0,0]
[23,8,0,0,1.5975768045941341,1.5975768045941341,0.14983655141619401,3369.6014160164395,0,1]
[24,8,0,0,1.2905883132630001,1.2905883132630001,0,392.15677428243794,0,0]
[25,8,5.8472075117405299E-2,0,0.22517066979151504,0.22517066979151504,0,6343.6458545052174,0,0]
[26,8,2.8694179456854801E-2,0,1.17739246000014,1.17739246000014,0,1344.2136829450042,0,0]
[27,8,0.64470612426614304,0,0.92822213776000007,0.92822213776000007,7.71628544988672E-2,1981.1850908835304,0,0]
[28,8,0,0,0.45216028122690399,0.45216028122690399,0,494.16287163914149,0,0]
[29,8,0,0,0,0,0,409.15779050855525,0,0]
[30,8,2.2372022348795002,0,2.2375695713953001,2.2375695713953001,0,1616.218039216204,0.5,1]
[31,8,0,0,0,0,0,539.49891490878758,0,0]
[32,8,0,0,0,0,0,1222.9397671987008,0,1]
[33,8,0.47659968285557103,0,0,0,0,31798.632734412302,0.5,1]
[34,8,0,0,0,0,0,2035.5883428071058,0,0]
[35,8,1.02778077092804,0,0,0,0,2842.4593398292022,1,0]
[36,8,1.1610034664609299,0,0.998897426437936,0.998897426437936,0.78673864371594104,3133.5005081382815,1,1]
[37,8,0.45236705759625001,0,0.7255973425220279,0.7255973425220279,0.15266916649041701,9895.7248446819831,0,2]
[38,8,0,0,0,0,0,1278.4764202040174,1,0]
[39,8,0,0,0,0,0,385.35636779199103,1,0]
[40,8,0,0,0,0,0,371.75555481109728,1,0]
[41,8,0,0,0,0,0,74.804471394915893,1,0]
[42,8,0,0,0.50069760656825701,0.50069760656825701,0,200.61199146818359,0,0]
[43,8,0.96054482250690698,0,0.927172410011745,0.927172410011745,0,936.18929351819008,0,1]
[44,8,1.0701965968687901,0,0,0,0,602.5962515650541,0,1]
[45,8,0,0,0,0,0,408.02438942681397,0,0]
[46,8,0,0,0,0,0,132.60792656371456,0,1]
[47,8,0,0,0,0,0,163.20975577072562,0,2]
[48,8,0,0,0,0,0,955.45711190778968,0,0]
[49,8,0,1.00388790694001,0,0,0,683.36979166845515,0,1]
[50,8,1.3246759773796799,0,0,0,0,3128.9221010274123,0.5,2]
[1,9,0.36421203224920901,0,0,0,0,23.801422716564151,0,0]
[2,9,0,0,0,0,0,23.801422716564151,0,0]
[3,9,0,0,0,0,0,126.94092115500882,0,0]
[4,9,0,0,0,0,0,53.269850841834057,0,0]
[5,9,0,0,0,0,0,142.80853629938494,0,0]
[6,9,1.1185969489297101,0,0,0,0,682.08767198427404,0,0]
[7,9,0,0,0,0,0,317.35230288752206,0,0]
[8,9,0,0,0,0,0,99.73929519322121,0,0]
[9,9,0,0,0,0,0,142.80853629938494,0,0]
[10,9,0,0,0,0,0,234.61402392041808,0,0]
[11,9,2.5137977407685699,0,8.5075817711000923E-2,0,0,489.13231064495557,0.5,2]
[12,9,0.43436298626228598,0,4.382489120953692E-2,4.382489120953692E-2,4.3824891209536899E-2,378.99984696982818,0.5,2]
[13,9,0,0,0,0,0,483.96226190347102,0,0]
[14,9,0,0,0,0,0,70.270867067951329,0,0]
[15,9,0,0,0,0,0,23.801422716564151,0,0]
[16,9,0,0,1.19100044907963,1.19100044907963,0,79.338075721880514,0,0]
[17,9,0,0,0,0,0,140.54173413590266,0,0]
[18,9,1.18511625842685,0,0,0,0,541.0545067243678,0,0]
[19,9,0.28918966232355597,0,0,0,0,328.68631370493358,0,1]
[20,9,0,0,0,0,0,291.28407800747561,0,0]
[21,9,0,0,0,0,0,51.003048678351746,0,0]
[22,9,1.38335986138,0,0,0,0,412.84253830627119,0,0]
[23,9,0,0,0,0,0,387.62316995547337,0,0]
[24,9,0,0,0,0,0,99.73929519322121,0,0]
[25,9,1.71178616565302,0,0.21473050030701901,0.21473050030701901,0,286.19443707949517,0.5,4]
[26,9,1.03415552343968,0,2.3806011855647125E-3,2.3806011855647125E-3,0,924.40829229447684,0,0]
[27,9,0.45998666255904802,0,0.68793472949004197,0.68793472949004197,0.68793472949004197,85.005081130586262,0,2]
[28,9,1.0791953490254,0,1.975361276707277E-3,0,0,239.75638094184066,0,0]
[29,9,1.11899282140783,0,0.92251422156961138,0,0,289.31655821127151,0.5,1]
[30,9,4.46581802675174,0,2.6387072942854841,2.6387072942854841,0.724519158921894,10287.389129202946,0.5,7]
[31,9,0,0,0,0,0,5422.1907750496612,0,0]
[32,9,0,0,0,0,0,329.81971478667469,0,0]
[33,9,0,0,0,0,0,617.70358954892686,0,0]
[34,9,0,0,0,0,0,77.071273558398204,0,0]
[35,9,0,0,0,0,0,329.81971478667469,1,0]
[36,9,0,0,0,0,0,453.36043269646007,1,0]
[37,9,1.2410884210647499,0,0,0,0,1078.2626543961926,1,0]
[38,9,0.15736925647619601,0,0.24781165483668002,0.24781165483668002,0.24781165483668,4856.6236352608285,1,0]
[39,9,0,0,0,0,0,3077.1839369272225,1,0]
[40,9,0,0,0,0,0,79.338075721880514,1,0]
[41,9,0,0,0,0,0,79.338075721880514,1,0]
[42,9,0,0,0,0,0,164.34315685246679,0,0]
[43,9,1.2119818719190101,0,0,0,0,816.71023882327552,0,2]
[44,9,0,0,0,0,0,44.20264218790485,0,0]
[45,9,0,0,0,0,0,103.13949843844466,0,0]
[46,9,0,0,0,0,0,28.335027043528754,0,0]
[47,9,0,0,0,0,0,26.068224880046454,0,0]
[48,9,0,0,0,0,0,206.16923866662768,0,0]
[49,9,1.13108227003151,0,0,0,0,110.26229283956309,0,0]
[50,9,1.9218021245849599,0,0,0,0,284.11302299164436,0.5,1]
[1,10,0,0,0,0,0,1021.1943746487761,0,0]
[2,10,0,0,0,0,0,70.270867067951329,0,0]
[3,10,0,0,0,0,0,133.74132764545573,0,0]
[4,10,0,0,0,0,0,23.801422716564151,0,0]
[5,10,0,0,0,0,0,44.20264218790485,0,0]
[6,10,0.90729643603036803,0,0,0,0,428.42560889815479,0,0]
[7,10,0.25358186181777598,0,0,0,0,2164.7960661255966,0,2]
[8,10,0,0,0,0,0,400.09058185462595,0,0]
[9,10,0,0,0,0,0,919.18827729207271,0,0]
[10,10,0,0,0,0,0,3598.548434528152,0,1]
[11,10,0,0,0,0,0,317.35230288752206,0,0]
[12,10,2.7412360364769599,0,0.20853733864055801,0,0,688.94806307863951,0.5,1]
[13,10,0.20699686790132699,0,0,0,0,1794.2935612257288,0.5,2]
[14,10,0,0,0,0,0,160.94295360724331,0,0]
[15,10,0,0,0,0,0,31.735230288752206,0,0]
[16,10,0,0,1.1945218303082601,1.1945218303082601,0,88.4052843758097,0,1]
[17,10,0,0,0,0,0,202.8787936316659,0,0]
[18,10,0,0,0,0,0,242.54783149260615,0,0]
[19,10,1.15480772177627,0,0,0,0,1046.2096622916686,0,4]
[20,10,0,0,0,0,0,1140.2481110263684,0.5,1]
[21,10,0,0,0,0,0,116.74031141933845,0,0]
[22,10,0.81873987399442905,0,1.2396997954936699,1.2396997954936699,1.2396997954936699,222.14661202126544,0,3]
[23,10,0.37061683283552799,0,7.4841614395452172E-2,7.4841614395452172E-2,7.48416143954522E-2,504.36348137481184,0,4]
[24,10,0,0,0,0,0,299.21788557966357,0,0]
[25,10,1.12331051321765,0,0,0,0,538.4902673560058,0,0]
[26,10,0,0,0.31298415168772498,0.31298415168772498,0.31298415168772498,114.47350925585614,0,0]
[27,10,0,0,0,0,0,86.138482212327403,0,0]
[28,10,0,0,0,0,0,155.27594819853761,0,1]
[29,10,0,0,1.4073641345387199E-2,0,0,317.35230288752206,0,1]
[30,10,3.4141509191474801,0,2.8489895456525103,2.8489895456525103,2.8489895456525098,692.07018421041585,0.5,7]
[31,10,1.1624652334037999,0,5.9100541595926703E-3,5.9100541595926703E-3,5.9100541595926703E-3,358.99351157067059,0,0]
[32,10,1.10843219670848,0,2.0261173240621995,2.0261173240621995,2.0261173240621999,129.4940881022776,0,0]
[33,10,0.24993154246152799,0,0,0,0,342.28712668582727,0,0]
[34,10,0,0,0.19047321788211699,0.19047321788211699,0.19047321788211699,253.88184231001765,0,0]
[35,10,0,0,0,0,0,328.68631370493358,1,0]
[36,10,0,0,0,0,0,457.89403702342457,1,0]
[37,10,0,0,1.0657884688282799,0,0,411.42459267203748,1,0]
[38,10,1.4167872152340799,0,3.2429662519162203,0,0,8055.072519982883,2,20]
[39,10,0.73916315973253499,0,2.6988426024546497,2.6988426024546497,0,2124.5648564422936,1,3]
[40,10,0,0,1.07741444939935,1.07741444939935,0,123.54071790978537,1,0]
[41,10,0,0,1.1503005195818401,1.1503005195818401,0,111.07330601063272,1,0]
[42,10,0.77575315948680801,0,1.4027489455670157,1.4027489455670157,0.23429434900923601,145.07533846286714,0,1]
[43,10,0.45840630327839299,0,0,0,0,7472.5133319194019,0,0]
[44,10,0,0,0,0,0,35.135433533975664,0,0]
[45,10,0,0,0,0,0,164.34315685246679,0,0]
[46,10,0,0,0,0,0,82.738278967103966,0,0]
[47,10,0,0,0,0,0,82.738278967103966,0,0]
[48,10,1.14745028705979,0,0,0,0,279.50209115145066,0,0]
[49,10,1.90361271047331,0,0,0,0,116.67289126046792,0,0]
[50,10,0,0,0,0,0,226.68021634823003,0,0]
[1,11,0,0,0,0,0,63.470460577504412,0,0]
[2,11,0,0,0,0,0,63.470460577504412,0,0]
[3,11,0,0,0,0,0,942.98970000863665,0,1]
[4,11,0,0,0,0,0,63.470460577504412,0,0]
[5,11,0,0,0,0,0,123.54071790978537,0,0]
[6,11,0,0,0,0,0,105.40630060192697,0,0]
[7,11,1.2560016858960199,0,0,0,0,1618.0350414363795,0,2]
[8,11,0,0,0,0,0,252.74844122827642,0,0]
[9,11,0,0,0,0,0,63.470460577504412,0,0]
[10,11,0,0,0,0,0,105.40630060192697,0,0]
[11,11,0,0,0,0,0,222.14661202126544,0,0]
[12,11,0,0,0,0,0,749.33684029463132,0.5,1]
[13,11,2.9456510871548298,0,1.2514449733478301,0,0,9797.216111514068,1,20]
[14,11,1.0096101736336301E-2,0,6.8901881160315996,6.8901881160315996,0,1022.2167301129077,0.5,4]
[15,11,0,0,1.2022260065185899,1.2022260065185899,0,442.02642187904843,0,0]
[16,11,0,0,0.61454712597957994,0.61454712597957994,0,1774.9060940066411,0,1]
[17,11,0,0,0,0,0,422.75860348944889,0,0]
[18,11,0,0,0,0,0,260.68224880046455,0,1]
[19,11,1.12463773445756,0,0,0,0,128.21196841809666,0,0]
[20,11,0,0,0,0,0,102.00609735670349,0,0]
[21,11,0,0,0,0,0,122.40731682804422,0,0]
[22,11,0,0,0.93364617787915005,0.93364617787915005,0.93364617787915005,189.27798065077207,0,0]
[23,11,1.1664529856874399,0,0.31820506076884403,0.31820506076884403,0.31820506076884397,412.84253830627119,0,0]
[24,11,0,0,0,0,0,317.35230288752206,0,0]
[25,11,1.1298260609309601,0,0,0,0,716.70490345716019,0,0]
[26,11,0,0,0.25750672942111102,0.25750672942111102,0.25750672942111102,253.88184231001765,0,0]
[27,11,0,0,2.8051360614039398,2.8051360614039398,2.8051360614039398,126.94092115500882,0,0]
[28,11,0,0,0,0,0,274.2830617813583,0,0]
[29,11,0,0,0.67271830445595404,0,0,316.21890180578083,0,1]
[30,11,2.28208182726403,0,4.0440413603362497,4.0440413603362497,3.95606697003302,640.03483201414372,0.5,7]
[31,11,0,0,0,0,0,282.21686935354643,0,1]
[32,11,0,0,2.5927476596986199,2.5927476596986199,2.5927476596986199,87.271883294068559,0,0]
[33,11,0.85386717914454602,0,0,0,0,840.98360265193332,0,0]
[34,11,1.6658711257504499,0,2.263649883344014,2.263649883344014,1.6355680725106001,13044.22208856143,0.5,2]
[35,11,0,0,1.3920234596038801,1.3920234596038801,1.3920234596038801,412.55799375377865,0,0]
[36,11,0,0,1.14205354588151,1.14205354588151,1.14205354588151,8995.8043857795092,1,0]
[37,11,0,0,1.5864587690409631,1.5864587690409631,0.50405578615564295,285.61707259876988,1,0]
[38,11,0,0,0.43150097243653901,0.43150097243653901,0,368.35535156587378,1,0]
[39,11,1.1884668607719999,0,0,0,0,161.54708020680175,0,0]
[40,11,0,0,0,0,0,222.14661202126544,0,2]
[41,11,0.55001523130115704,0,0,0,0,39.669037860940257,0,0]
[42,11,1.0058838531349199,0,0,0,0,430.7922138848046,0,0]
[43,11,0,0,0,0,0,408.02438942681397,0,0]
[44,11,0,0,0,0,0,663.03963281857295,0,0]
[45,11,0,0,0,0,0,28.335027043528754,0,0]
[46,11,0,0,0,0,0,82.738278967103966,0,0]
[47,11,1.19195142356637,0,0,0,0,187.18947389042106,0,0]
[48,11,1.8812552188210601,0,0,0,0,211.32820943381969,0,0]
[49,11,0,0,0,0,0,82.738278967103966,0,0]
[50,11,0,0,0,0,0,1215.0059596265125,0,0]
[1,12,0,0,0,0,0,1021.1943746487761,0,0]
[2,12,0,0,0,0,0,63.470460577504412,0,0]
[3,12,0,0,0,0,0,126.94092115500882,0,1]
[4,12,0,0,0,0,0,63.470460577504412,0,0]
[5,12,0,0,0,0,0,79.338075721880514,0,0]
[6,12,0,0,0,0,0,44.20264218790485,0,1]
[7,12,0.74339363419097404,0,0,0,0,238.0142271656415,0,0]
[8,12,0.51626119054962805,0,0,0,0,393.29017536417905,0,0]
[9,12,0,0,0,0,0,30.601829207011054,0,0]
[10,12,0,0,0,0,0,924.8552827007785,0,0]
[11,12,0,0,0,0,0,126.94092115500882,0,0]
[12,12,0,0,0,0,0,63.470460577504412,0,7]
[13,12,1.3357293033726901E-2,0,0.29590141186142299,0,0,6411.5945540238617,0.5,16]
[14,12,2.9370904543671799,0,3.8745052851986603,0,0,5587.5561188356724,1,19]
[15,12,0,0,2.2142239273565489,2.2142239273565489,0.50851034467570899,714.68542571453315,1,28]
[16,12,0,0,6.1122119383028098E-3,6.1122119383028098E-3,6.1122119383028098E-3,285.61707259876988,0,1]
[17,12,0,0,0,0,0,142.80853629938494,0,0]
[18,12,0,0,0,0,0,209.67920012211277,0,0]
[19,12,1.15754423875732,0,0,0,0,2476.8827645425404,0.5,1]
[20,12,0,0,0,0,0,234.61402392041808,0,0]
[21,12,0,0,0,0,0,28.335027043528754,0,0]
[22,12,0,0,0,0,0,113.34010817411502,0,0]
[23,12,1.0090494472626801,0,0,0,0,680.80555230009293,0,1]
[24,12,0.48910144542733103,0,0,0,0,333.21991803189815,0,0]
[25,12,1.12833586154733,0,0,0,0,710.09749281965219,0,0]
[26,12,0,0,0,0,0,225.54681526648889,0,0]
[27,12,0,0,0.97752936852299499,0.97752936852299499,0.97752936852299499,112.20670709237386,0,0]
[28,12,0,0,2.0085012294815598,2.0085012294815598,2.0085012294815598,241.41443041086504,0,0]
[29,12,0,0,0.96718630638668701,0,0,1414.4845500129552,0,2]
[30,12,2.3295259580974399,0,7.2390090939230998,0,0,11188.641429242378,1,25]
[31,12,0,0,1.67170771611306,1.67170771611306,1.67170771611306,1018.9681599960235,0.5,2]
[32,12,0,0,0.69706125999622204,0.69706125999622204,0.69706125999622204,23.801422716564151,0,0]
[33,12,0.43871715866664601,0,0,0,0,1286.4102277762054,0,0]
[34,12,0.96001954024564395,0,1.42990038127273,1.42990038127273,0,612.8119671078465,0.5,0]
[35,12,0,0,0.57481975511375005,0,0,571.23414519753976,0,1]
[36,12,0,0,1.57744947080664,1.57744947080664,0,272.87988981827624,1,0]
[37,12,0,0,0.44575413258117602,0.44575413258117602,0,247.08143581957074,1,0]
[38,12,0,0,0,0,0,240.28102932912381,0,0]
[39,12,0.47269010297405101,0,0,0,0,253.88184231001765,0,1]
[40,12,1.78248049964677,0,0,0,0,538.4902673560058,0,1]
[41,12,2.0701683943356102,0,0,0,0,727.12602671649177,0.5,0]
[42,12,0,0,0,0,0,285.61707259876988,0,0]
[43,12,0,0,0,0,0,155.27594819853761,0,0]
[44,12,0,0,0,0,0,82.738278967103966,0,0]
[45,12,0,0.62678897744602002,0,0,0,26.068224880046454,0,0]
[46,12,1.54729499216184,0,0,0,0,1027.3505360053568,0.5,0]
[47,12,1.79843029820361,0,0,0,0,117.9550109446489,0,0]
[48,12,0,0,0,0,0,136.00812980893804,0,0]
[49,12,0,0,0.165748633032126,0.165748633032126,0.165748633032126,92.938888702774321,0,0]
[50,12,0,0,1.27161407072733,1.27161407072733,1.27161407072733,82.738278967103966,0,0]
[1,13,0,0,0,0,0,253.88184231001765,0,0]
[2,13,0,0,0,0,0,60.070257332280953,0,0]
[3,13,0,0,0,0,0,1109.5996590245859,0,0]
[4,13,0,0,0,0,0,87.271883294068559,0,0]
[5,13,0,0,0,0,0,982.65873786957707,0,0]
[6,13,0,0,0,0,0,176.8105687516194,0,1]
[7,13,0,0,0,0,0,85.005081130586262,0,0]
[8,13,1.2036000779154401,0,0,0,0,4493.829493054287,0,0]
[9,13,0,0,0,0,0,194.94498605947786,0,0]
[10,13,0,0,0,0,0,166.60995901594907,0,0]
[11,13,0,0,0,0,0,199.47859038644242,0,0]
[12,13,0,0,0.69361672094372095,0,0,286.75047368051099,0,1]
[13,13,0,0,8.6630785381182004E-4,0,0,4412.6410754344279,0.5,10]
[14,13,0.22505774752363,0,0,0,0,4750.4923675903874,0.5,4]
[15,13,2.7015329661187999,0,0.72010178996571028,0,0,11840.124038739699,2,56]
[16,13,0,0,0,0,0,10101.970206804363,0.5,0]
[17,13,0,0,0,0,0,1394.0833305416147,0,0]
[18,13,0,0,0,0,0,565.56713978883374,0,0]
[19,13,0.51751391214874598,0,0,0,0,538.36551382704636,0,8]
[20,13,0.83046918445572204,0,0,0,0,409.15779050855525,0,0]
[21,13,0,0,0,0,0,215.34620553081854,0,1]
[22,13,0,0,0,0,0,1092.5986427984687,0,2]
[23,13,0,0,0,0,0,972.45812813390671,0,0]
[24,13,1.48987443366929,0,0,0,0,955.17916471481999,0,1]
[25,13,3.8237170313449398,0,1.0833039468135701,0,0,15982.138073562941,0.5,6]
[26,13,2.1023524637131898,0,6.4509881712600858E-2,0,0,440.21907958046006,0.5,2]
[27,13,2.0806489644199102,0,0.40260967322278285,0,0,342.02792197465641,0.5,2]
[28,13,2.15431883139492,0,1.927326089137499,0,0,2688.0861127045218,0.5,6]
[29,13,2.0971609358016199,0,4.2355686465360103,0,0,760.06204883256964,0.5,2]
[30,13,4.3087882468670999,0,4.6134161658710005,4.6134161658710005,1.51426216289152,5306.565216975805,1,21]
[31,13,0.84503516239742005,0,3.0464848361705505,3.0464848361705505,2.2352327557914098,755.97852152134715,0,0]
[32,13,0,0,0,0,0,539.49891490878758,0,0]
[33,13,1.31194067015694,0,0,0,0,3092.4726782444914,0,0]
[34,13,0,0,1.41411879087434,1.41411879087434,0,578.03455168798655,0,0]
[35,13,0,0,0,0,0,587.10176034191579,0,0]
[36,13,0,0,1.7266396898259699,0,0,381.16556038108416,0.5,3]
[37,13,0,0,0.67368389332067902,0.67368389332067902,0.124899200954683,461.29695659756209,0.5,11]
[38,13,0,0,0,0,0,1254.6749974874531,0,0]
[39,13,0.81550905047928801,0,0,0,0,1236.5405801795953,0,0]
[40,13,0.84423734464523503,0,0,0,0,1046.1291984470818,0,0]
[41,13,0.27144346223694799,0,0,0,0,507.76368462003529,0,0]
[42,13,1.09079725950766,0,0,0,0,2163.5583069514091,0,0]
[43,13,1.21180327805795,0,0,0,0,443.61341072661429,0,0]
[44,13,2.6520687952000102,5.0382402532368802E-2,0.53098760422612923,0,0,1017.216375354256,0.5,0]
[45,13,3.40257086245993,0,0,0,0,233.08569497532139,0.5,0]
[46,13,0.95815759716710003,0,0,0,0,208.54579904037163,0,0]
[47,13,0,0,0,0,0,260.68224880046455,0,0]
[48,13,0,0,0,0,0,264.082452045688,0,0]
[49,13,0,0,0,0,0,265.21585312742911,0,0]
[50,13,0,0,0,0,0,463.56104243213053,0,0]
[1,14,0.56405856595381598,0,0,0,0,317.35230288752206,0,0]
[2,14,0,0,0,0,0,126.94092115500882,0,0]
[3,14,0,0,0,0,0,919.18827729207271,0,0]
[4,14,0,0,0,0,0,126.94092115500882,0,0]
[5,14,0,0,0,0,0,919.18827729207271,0,0]
[6,14,0,0,0,0,0,23.801422716564151,0,0]
[7,14,0,0,0,0,0,51.003048678351746,0,0]
[8,14,1.1205329305426399,0,0,0,0,403.86770051700432,0,1]
[9,14,0,0,0,0,0,190.41138173251321,0,0]
[10,14,0,0,0,0,0,63.470460577504412,0,0]
[11,14,0,0,6.7861099425901905E-2,6.7861099425901905E-2,6.7861099425901905E-2,1711.4356334291367,0,0]
[12,14,0,0,1.3105456933126201,1.3105456933126201,1.3105456933126201,126.94092115500882,0,0]
[13,14,0,0,0.77583240899764105,0.77583240899764105,0,184.74437632380747,0,0]
[14,14,0,0,0,0,0,221.01321093952421,0,0]
[15,14,0.52730830106327298,0,0.11649957811235501,0,0,270.71417640701998,0.5,13]
[16,14,2.3277794409977699,0,0,0,0,4683.1816976644668,1,33]
[17,14,0,0,0,0,0,1678.4278937235244,0.5,1]
[18,14,0,0,0,0,0,301.48468774314597,0,0]
[19,14,0,0,0,0,0,222.14661202126544,0,1]
[20,14,3.33342570745828,0,0,0,0,266.02171709139941,0.5,9]
[21,14,2.0767775577294301,0,0,0,0,283.75649823082603,0.5,3]
[22,14,2.64795625192972,0,0,0,0,283.75649823082603,0.5,0]
[23,14,2.5588702630893101,0,0,0,0,276.15587774250037,0.5,2]
[24,14,1.97335932440539,0,3.2030460935673855E-2,0,0,279.50209115145066,0,0]
[25,14,1.1403026682787201,0,1.5057080644998453,0,0,637.95341792629301,0.5,1]
[26,14,0.16759656144273299,0,5.1383397827196706,0,0,454.79981636379364,0.5,0]
[27,14,0,0,4.5398442773173899,0,0,242.55990206068995,0.5,9]
[28,14,0,0,5.5094275098522552,5.5094275098522552,0.57518444921772505,278.29417334641658,0.5,17]
[29,14,0,0,1.3354542737293869,0,0,364.95514832065038,0,0]
[30,14,2.3033195542173699,0,3.6411511331471305,0,0,683.74452785901235,1,26]
[31,14,1.27805318350969,0,3.5530783392531697,0,0,315.42575026551657,0.5,0]
[32,14,3.3154590248734599,0,3.2556120038702301,0,0,787.93099062309727,0.5,5]
[33,14,2.4735473970175201,0,3.4901011167517,0,0,850.00272461109057,0.5,0]
[34,14,1.8397275554029999,0,1.7437731503845901,0,0,335.10766814399079,0.5,1]
[35,14,0,0,1.9776214513145509,0,0,333.51986533344859,0.5,4]
[36,14,0,0,1.390934588936273,0,0,322.6912982771679,0.5,0]
[37,14,0,0,2.496941831173118,2.496941831173118,0.70286477395282798,322.6912982771679,0.5,8]
[38,14,0.924327392702603,0,0.5522392386837669,0.5522392386837669,0.53339704439573599,9449.164818475967,0,1]
[39,14,0.61197669800888799,0,0,0,0,349.08753317627423,0,0]
[40,14,0,0,0,0,0,269.74945745439379,0,0]
[41,14,0,0,0,0,0,126.94092115500882,0,0]
[42,14,1.22343196330913,0,0,0,0,89.748377892667648,0,0]
[43,14,2.38223469031144,0,0.17124180225697883,0.17124180225697883,0.17124180225697899,231.81892489393377,0.5,0]
[44,14,0.88290887683707397,0,0.49683442027803293,0.49683442027803293,0.49683442027803298,35.135433533975664,0,0]
[45,14,0.545321503718045,0,0,0,0,35.135433533975664,0,0]
[46,14,0.76930497590679003,0,0,0,0,156.40934928027869,0,0]
[47,14,0,0,0,0,0,92.938888702774321,0,0]
[48,14,0,0,0,0,0,185.87777740554864,0,0]
[49,14,0,0,0,0,0,160.94295360724331,0,0]
[50,14,0,0,0,0,0,104.27289952018582,0,0]
[1,15,1.1482413074153599,0,0,0,0,430.7922138848046,0,1]
[2,15,0.270359551016986,0,0,0,0,238.0142271656415,0,0]
[3,15,0,0,0,0,0,99.73929519322121,0,0]
[4,15,0,0,0,0,0,919.18827729207271,0,0]
[5,15,0,0,0,0,0,63.470460577504412,0,0]
[6,15,0,0,0,0,0,26.068224880046454,0,0]
[7,15,0,0,0,0,0,23.801422716564151,0,0]
[8,15,1.1201751697326101,0,0,0,0,402.5855808328235,0,2]
[9,15,0,0,0,0,0,160.94295360724331,0,0]
[10,15,0,0,0,0,0,63.470460577504412,0,0]
[11,15,0,0,1.3610326169201299,1.3610326169201299,1.3610326169201299,79.338075721880514,0,0]
[12,15,0,0,0,0,0,36.268834615716784,0,0]
[13,15,0,0,1.1621131639589699,1.1621131639589699,0,253.88184231001765,0,0]
[14,15,0,0,0,0,0,126.94092115500882,0,1]
[15,15,0,0,0.30586097796058298,0,0,252.70327711968591,0,0]
[16,15,1.0029971939636599,0,1.1108073728474199,0,0,431.8934232290564,0.5,3]
[17,15,1.84556280151375,0,0.17836861697494277,0.17836861697494277,0,698.31442647396841,0.5,1]
[18,15,0,0,0,0,0,507.76368462003529,0,0]
[19,15,2.5358686638285599,0,0,0,0,69.672354476318887,0.5,1]
[20,15,0.64976138984294496,0,0,0,0,95.205690866256603,0,0]
[21,15,0.98158779924716899,0,0,0,0,363.82174723890915,0,0]
[22,15,0,0,0,0,0,404.62418618159063,0,1]
[23,15,0,0,0,0,0,511.1638878652588,0,0]
[24,15,0,0,0,0,0,479.42865757650645,0,1]
[25,15,0,0,0,0,0,325.93986839405216,0.5,0]
[26,15,1.15305816654245,0,0,0,0,10082.369841549635,0.5,5]
[27,15,0,0,1.1067578889526899,1.1067578889526899,1.1067578889526899,548.5661235627166,0,0]
[28,15,0,0,0.93778392521419618,0,0,472.37677210980081,0,2]
[29,15,0,0,1.8235919536086782,0,0,7785.739713465895,6,4]
[30,15,2.2681290639555498,0,4.7671441008414721,4.7671441008414721,0.376623143226822,828.40280696464788,1,31]
[31,15,0,0,5.8144717643524046,0,0,317.35230288752206,0,4]
[32,15,1.1523246271666101,0,3.6892899979393965,0,0,1077.1317904628279,0.5,5]
[33,15,0,0,4.9848163796757801,0,0,3953.5098322481213,1,22]
[34,15,0.47961750569651701,0,1.223526727348587,0,0,1582.0536469226251,3,1]
[35,15,2.70810628040419,0,4.0795590135381588,4.0795590135381588,1.3731165532627501,814.87361539361734,0.5,12]
[36,15,0.40089033593089302,0,0.40880882137763702,0,0,1040.9074466561528,0,1]
[37,15,0.93305770126639798,0,3.6127704336500996,0,0,708.18828548076453,1,7]
[38,15,0.58549465141048296,0,1.4332480056451598,0,0,1177.1847529920949,1,2]
[39,15,0,0,2.48474566154212,0,0,5467.9950153336158,1,1]
[40,15,0.72470514157349997,0,3.4069962851158602,0,0,113.77575124612591,1,1]
[41,15,2.4128469313182501,0,0.85771302682310679,0.85771302682310679,0.35427497105109501,141.87824911541301,0.5,0]
[42,15,1.20276939757836,0,1.2210573736893093,1.2210573736893093,1.0853575903794901,100.00533536611539,0,0]
[43,15,0,0,0.31064537099116302,0.31064537099116302,0.31064537099116302,183.61097524206636,0,1]
[44,15,0.41712980491469398,0,0,0,0,35.135433533975664,0,0]
[45,15,1.29962096316244,0,0,0,0,39.745710209609953,0,0]
[46,15,0.37602218264216503,0,0,0,0,26.068224880046454,0,0]
[47,15,0,0,0,0,0,92.938888702774321,0,0]
[48,15,0,0,0,0,0,208.54579904037163,0,0]
[49,15,0,0,0,0,0,92.938888702774321,0,0]
[50,15,0,0,0,0,0,104.27289952018582,0,0]
[1,16,0,0,0,0,0,142.80853629938494,0,0]
[2,16,1.38194754255531,0,0,0,0,430.7922138848046,0,0]
[3,16,5.27078589311583E-2,0,0,0,0,364.95514832065038,0,0]
[4,16,0,0,0,0,0,105.40630060192697,0,0]
[5,16,0,0,0,0,0,63.470460577504412,0,0]
[6,16,0,0,0,0,0,26.068224880046454,0,0]
[7,16,0,0,0,0,0,26.068224880046454,0,0]
[8,16,1.16722948473298,0,0,0,0,450.02400914751911,0,1]
[9,16,0,0,0,0,0,1855.3775708102626,0,0]
[10,16,0,0,0.61991996023811902,0.61991996023811902,0.61991996023811902,105.40630060192697,0,0]
[11,16,0,0,1.5750355849762501,1.5750355849762501,1.5750355849762501,70.270867067951329,0,0]
[12,16,0,0,1.6254494472688639,0,0,79.338075721880514,0,0]
[13,16,0,0,2.5448527823685509,2.5448527823685509,0.402418813781031,1903.6620884941647,0.5,2]
[14,16,0,0,1.0516765685495699,1.0516765685495699,0,126.94092115500882,0,0]
[15,16,0,0,1.0485417194584701,1.0485417194584701,0,94.072289784515434,0,0]
[16,16,0,0,0,0,0,70.270867067951329,0,0]
[17,16,1.50637785859925,0,0,0,0,426.68988800942918,0.5,1]
[18,16,2.7950449313867698,0,0,0,0,947.04340997214808,0.5,10]
[19,16,1.1209872300392201,0,0,0,0,265.39877462546002,0,2]
[20,16,0.64220839628735704,0,1.5485606769481002,1.5485606769481002,0,5105.2644024499268,0.5,0]
[21,16,0.75059167149362904,0,0,0,0,581.43475493321,0,1]
[22,16,0,0,0,0,0,1270.1909157017378,0.5,1]
[23,16,0,0,0,0,0,2500.2827863209768,0,0]
[24,16,0,0,0,0,0,5834.7487688034416,0,0]
[25,16,0,0,0,0,0,1233.3737877103831,0.5,0]
[26,16,1.14105465656107,0,4.5932723656013597,0,0,19300.952836641165,0.5,13]
[27,16,0,0,1.32184113632503,0,0,7334.1884672189872,0.5,1]
[28,16,0,0,1.2332566832726881,0,0,4762.4037913522961,0.5,17]
[29,16,0,0,7.4975162074766102,0,0,1794.2935612257288,0.5,17]
[30,16,2.24994350206335,0,7.1092426370363997,0,0,1220.7493625245379,1,36]
[31,16,0,9.2360588828839005E-2,8.3745099316922627,0,0,1040.6252941085847,0.5,11]
[32,16,1.1662912227393201,0.38870655909486401,9.9899865490390809,0,0,9871.1063116327714,1,51]
[33,16,0,0,6.6277468596091698,0,0,15484.850890481546,7,45]
[34,16,0,0,11.566396471514249,0,0,14055.48003905248,3,17]
[35,16,0,0,4.8729278787165002,0,0,2356.2961914467032,0.5,3]
[36,16,3.7216404543307702,0,4.9064981793486107,0,0,950.16553110392431,5,35]
[37,16,0.60460348287910204,0,1.1774624706135399,0,0,912.84820284447164,1,4]
[38,16,0.39447358392789,0,1.9497562632069099,0,0,780.65936251054711,1,0]
[39,16,2.3913383150593002,0,2.7771693398363895,0,0,266.02171709139941,1,0]
[40,16,1.6676310826683101,0,1.3512567818800503,1.3512567818800503,0,138.07793887125018,1,0]
[41,16,0,0,0.69269987893266916,0.69269987893266916,6.3381818248896105E-2,116.74031141933845,0,0]
[42,16,0,0,2.2082759151824298,0,0,58.93685625053979,0,0]
[43,16,1.80219855028802,0,1.30700136792074,1.30700136792074,1.1007897449978099,1194.7316864264021,0.5,2]
[44,16,0.90203887829898599,0,0,0,0,104.27289952018582,0,0]
[45,16,0,0,0,0,0,104.27289952018582,0,0]
[46,16,0,0,0,0,0,104.27289952018582,0,0]
[47,16,0,0,0,0,0,104.27289952018582,0,0]
[48,16,0,0,0,0,0,1049.5294016923051,0,0]
[49,16,0,0,0,0,0,185.87777740554864,0,0]
[50,16,0,0,0,0,0,35.135433533975664,0,7]
[1,17,0,0,0,0,0,123.54071790978537,0,0]
[2,17,0,0,0,0,0,26.068224880046454,0,0]
[3,17,1.41191602531841,0,0,0,0,484.64124062040531,0,0]
[4,17,0.41789800574401298,0,0,0,0,14.734214062634948,0,1]
[5,17,0,0,0,0,0,126.94092115500882,0,0]
[6,17,0,0,0,0,0,104.27289952018582,0,9]
[7,17,0,0,0,0,0,17.001016226117255,0,0]
[8,17,0.26361214988143999,0,0,0,0,1270.5426126318296,0,0]
[9,17,0.93064105654137896,0,0,0,0,72.537669231433568,0,1]
[10,17,0,0,1.2683043086600201,1.2683043086600201,1.2683043086600201,86.138482212327403,0,0]
[11,17,0,0,0.74865551943409503,0.74865551943409503,0,63.470460577504412,0,0]
[12,17,0,0,0.958671179777287,0,0,63.470460577504412,0,0]
[13,17,0,0,0.93089306310614295,0.93089306310614295,0,170.00850278360861,0.5,2]
[14,17,0,0,1.70797732493766,1.70797732493766,0,187.01117848728978,0,7]
[15,17,0,0,1.5439990174826901,1.5439990174826901,0,140.54173413590266,0,0]
[16,17,0,0,1.0795373562886299,1.0795373562886299,0,224.41341418474772,0,0]
[17,17,0,0,2.000094113850881,0,0,253.88184231001765,0,1]
[18,17,4.2306168086660998,0,1.9131970703098355,1.9131970703098355,0.71725427530845598,1091.7016890777838,0.5,12]
[19,17,1.0307017000954699,0,0,0,0,607.72473030177821,0,2]
[20,17,1.1184046358669699,0,0.28513814635738011,0,0,2962.8929540557201,0.5,2]
[21,17,0,0,0.13011392453512699,0,0,4001.1555272957562,0.5,0]
[22,17,0,0,0,0,0,276.12845993516044,0.5,0]
[23,17,0,0,0,0,0,2346.1402392041805,0,0]
[24,17,0,0,0.36664750404046198,0,0,4671.4438280795384,0.5,0]
[25,17,0,0,0,0,0,7474.9598389506373,0.5,0]
[26,17,1.1953692822867501,0,1.0409529129593798,0,0,8830.3992677073347,0.5,7]
[27,17,0,0,1.9229074204424501,0,0,20576.443120344778,0.5,3]
[28,17,0,0,4.3062825197112264,0,0,44621.276268816298,0.5,8]
[29,17,1.35457078063841,9.6086242572354392E-3,4.339630095222093,0,0,9186.3210767298333,10,28]
[30,17,1.0512369311732801,1.06459977693333,4.7786497023075309,0,0,13690.501162839128,4,26]
[31,17,1.0158846768718901,0.97137970793197204,5.9386480811138593,0,0,4430.2898859905872,1,19]
[32,17,0.42425243055185002,0.65548433294808395,14.183911434148111,0,0,9175.9140062905808,1,30]
[33,17,0,1.4891191848483301,6.0886466038650999,0,0,18261.286499759644,7,20]
[34,17,0,1.05783655147759,6.3909116240693198,0,0,9453.7827870186702,9,13]
[35,17,0.90486370893268697,1.19257381331291,6.1426745970483996,0,0,9042.7035046681249,7,44]
[36,17,2.29426082578069,0.12133475385032701,3.3047171047822199,0,0,1908.6567185592521,1,8]
[37,17,4.1423722150199502,0,0.9208842409482596,0,0,423.10120718346388,1,0]
[38,17,1.99836816420581,0,2.6994988989906199,2.6994988989906199,0,823.40055290195062,1,0]
[39,17,0,0,1.30701248048652,1.30701248048652,0,337.75352235886271,1,0]
[40,17,0,0,0,0,0,404.62418618159063,1,0]
[41,17,0,0,0,0,0,333.21991803189815,0,0]
[42,17,0,0,0,0,0,123.54071790978537,0,0]
[43,17,1.04060396706034,0,0,0,0,206.4212691531356,0,0]
[44,17,0.21344199148135001,0,0,0,0,35.135433533975664,0,1]
[45,17,0,0,0,0,0,35.135433533975664,0,0]
[46,17,0,0,0,0,0,116.74031141933845,0,0]
[47,17,0,0,0,0,0,26.068224880046454,0,0]
[48,17,0,0,0,0,0,163.20975577072562,0,0]
[49,17,0,0,0,0,0,35.135433533975664,0,0]
[50,17,0,0,0,0,0,35.135433533975664,0,0]
[1,18,0,0,0,0,0,142.80853629938494,0,0]
[2,18,0,0,0,0,0,215.34620553081854,0,0]
[3,18,0,0,0,0,0,6801.5398915286423,0,0]
[4,18,0.72034125080829303,0,0,0,0,580.30135385146855,0,0]
[5,18,1.1497332637187601,0,0,0,0,8229.9262527576229,0,0]
[6,18,0.70963092883255097,0,0,0,0,523.63129976441132,0,0]
[7,18,0,0,0,0,0,412.55799375377865,0,0]
[8,18,1.1414293104642499,0,0,0,0,2060.3663324788131,0,2]
[9,18,0,0,0,0,0,1778.3000019590004,0,0]
[10,18,0,0,1.9674081179639202,1.9674081179639202,1.1574906893412999,495.2962727208826,0,0]
[11,18,0,0,0.78197149173960301,0.78197149173960301,0,302.61808882488708,0,1]
[12,18,0,0,0,0,0,199.47859038644242,0,0]
[13,18,0,0,0,0,0,349.08753317627423,0,0]
[14,18,0,0,2.742674048247701,2.742674048247701,0.195035679101181,2812.8519887284792,0.5,1]
[15,18,0,0,0.32665915093903702,0,0,336.6201212771216,0,0]
[16,18,0,0,6.1753502561919502,6.1753502561919502,0,147.26851196541895,0.5,2]
[17,18,0,0,0.42388711834818521,0,0,146.20873954460833,0,0]
[18,18,2.38263686891215,0,1.2634681449564598,0,0,4968.272259202231,0.5,0]
[19,18,2.0769630635593299,0,0.23243748362221783,0,0,10797.335580726412,0.5,10]
[20,18,2.2143028832919698,0,6.082766531695059,0,0,28667.316231970093,2,70]
[21,18,0,0,6.1316982272381999,0,0,25093.0384395195,0.5,8]
[22,18,0,0,3.2727426771452697,0,0,10302.298697345555,1,20]
[23,18,0,0,0.72444956045584996,0,0,19675.319517473617,0.5,0]
[24,18,0,0,0.84584307135719072,0,0,12964.803179125378,0.5,1]
[25,18,1.4496116858941299,0,0.59014747578467608,0,0,15450.794682684756,0.5,0]
[26,18,2.3536404136687401,0,0,0,0,5926.8266151553644,0.5,4]
[27,18,3.0292766252997798,0,1.2457990627726718,0,0,30616.560525242439,0.5,3]
[28,18,2.0834628212270099,0,7.9487918589187094,0,0,73127.361855508687,10,23]
[29,18,4.4103215971722998,0,7.3946100189866799,0,0,77404.667806042256,11,55]
[30,18,2.4558055202318498,4.0893553287730998E-2,11.298144856699851,0,0,58486.695161565651,4,44]
[31,18,4.5507049115581601,0.37480282739943299,12.349902623500318,0,0,33247.467932285937,5,52]
[32,18,1.2788359020650499,0,20.814864392074739,0,0,29479.067726231937,1,38]
[33,18,0,0,14.945254620214014,0,0,58711.407722448886,1,14]
[34,18,0.90717826847441396,0,9.9411914370678307,0,0,18564.495361287805,16,19]
[35,18,2.30581466081397,0,9.3017196503468682,0,0,9165.5069358513265,1,19]
[36,18,2.9015903784000598,1.20217804826693,5.639041441544018,0,0,8327.7377654913489,1,13]
[37,18,2.9645655816340999,1.3061951025013301,4.8479701361900798,0,0,1812.9116705181116,1,20]
[38,18,0,0,0,0,0,15687.68068790424,0.5,0]
[39,18,0,0,0,0,0,1919.3331672189063,0,1]
[40,18,0,1.0460906340282301,0,0,0,1685.9873846979706,0,0]
[41,18,0,0,0.32096273152601396,0.32096273152601396,0,8225.7484751866559,0.5,4]
[42,18,0,0,0,0,0,777.51314207442897,0,0]
[43,18,0,0,0,0,0,417.09159808074327,1,0]
[44,18,1.2015320360426001,0,0,0,0,221.80670536330715,1,0]
[45,18,0,0,0,0,0,139.40833305416146,0,0]
[46,18,0,0,0,0,0,174.54376658813712,0,0]
[47,18,0,0,0,0,0,138.27493197242035,0,0]
[48,18,0,0,0,0,0,1344.1097541998693,0.5,0]
[49,18,0,0,0,0,0,56.670054087057508,0,0]
[50,18,0,0,0,0,0,188.14457956903087,0,0]
[1,19,0,0,0,0,0,63.470460577504412,0,0]
[2,19,0,0,0,0,0,26.068224880046454,0,0]
[3,19,0,0,0,0,0,184.74437632380747,0,0]
[4,19,0,0,0,0,0,113.34010817411502,0,0]
[5,19,0,0,0,0,0,31.735230288752206,0,0]
[6,19,0.44004507072174898,0,0,0,0,37.402235697457947,0,0]
[7,19,1.69068578169924,1.5364591142902499,0,0,0,532.04343418279882,0.5,1]
[8,19,2.31717988609629,0.24262456798916099,0,0,0,13163.90339861286,0.5,8]
[9,19,3.0664802740816102,0,2.3384084049554597,0,0,9675.4533873747896,2,54]
[10,19,2.0943463718736299,0.762233328562825,1.093265538793752,0,0,1515.2694559554366,1,26]
[11,19,2.0722601708569002,0,0,0,0,709.39124557706521,0.5,1]
[12,19,2.07138916173357,0,9.5855112929361219E-2,0,0,5883.1169193104961,0.5,3]
[13,19,2.0698275412881899,0,0,0,0,971.61265242430159,0.5,1]
[14,19,2.1002781623397202,0,2.1251683663176384,0,0,334.06696110006538,0.5,8]
[15,19,2.12695548748402,0,0.63042022049203084,0,0,354.6956227885326,0.5,7]
[16,19,2.0755440049064902,0,8.4953030271157992,0,0,349.67756675894685,1,16]
[17,19,2.06964206810399,0,1.1640476278080429,0,0,484.96948246925376,0.5,6]
[18,19,4.3125885130843704,0,0.53458617710043033,0,0,1447.6234981002831,0.5,13]
[19,19,2.0700996176475099,0,0.31840152669115085,0,0,14207.732563670068,0.5,8]
[20,19,7.21892136280435,0,1.2274509457406371,0,0,29094.006119979531,2,62]
[21,19,3.2879906164496902,0,7.00777427803032,0,0,23572.014544911151,1,51]
[22,19,1.8104409673383199,0,13.350237246787085,0,0,22655.151639212843,4,48]
[23,19,0,0,10.6322207947173,0,0,22698.842263375813,1,6]
[24,19,0.96940870173842597,0,2.8758289216491901,0,0,28029.74582518285,0.5,3]
[25,19,1.6987315801745899,0,1.0238687900348002,0,0,18880.507190895285,0.5,0]
[26,19,0,0,0,0,0,8693.1736327822291,0.5,0]
[27,19,1.2573009132570501,0,0,0,0,20186.594531021703,0.5,8]
[28,19,0,0,3.7493042924574427,0,0,25849.955276753528,1,18]
[29,19,2.52893529085053,0.22554208623542699,6.0116118610358207,0,0,6031.9380265918353,1,23]
[30,19,2.4015973986736299,0,9.3448398946753208,0,0,21191.917535453678,1,31]
[31,19,0,2.5222305420654099,16.765656590634137,0,0,17241.393596712718,1,32]
[32,19,0.921504124661635,2.3123654339092301,14.365016542232178,0,0,34060.260133591713,1,14]
[33,19,5.4076421252978601,0,17.575456210311849,0,0,20131.437057693653,1,32]
[34,19,3.3148931016324998,0.19041809122921499,11.70892798140018,0,0,8379.7731176876223,3,16]
[35,19,0.74429469591589403,1.48932641533428,8.65529976282631,0,0,4466.7146325279755,1,26]
[36,19,0,1.1502947218586801,5.1167812016003298,0,0,1448.6642051442088,0.5,15]
[37,19,2.2641166134986501,0,5.8937816314645506,5.8937816314645506,1.48431561942282,418.36423165802569,0.5,15]
[38,19,0,0,6.1365315020198902E-2,6.1365315020198902E-2,6.1365315020198902E-2,1091.4652417167276,0,0]
[39,19,0,0,0.50122204551584704,0.50122204551584704,0,412.55799375377865,0,0]
[40,19,0,0,1.7221430564956699,1.7221430564956699,0,380.82276346502641,0,0]
[41,19,0,0,0.801061713723494,0.801061713723494,0,422.75860348944889,1,0]
[42,19,0,0,0,0,0,222.14661202126544,1,0]
[43,19,0,0,0,0,0,149.60894278983179,1,1]
[44,19,1.14774210226595,0,0,0,0,858.58331123848575,1,4]
[45,19,0,0,0,0,0,104.27289952018582,1,0]
[46,19,0,0,0,0,0,104.27289952018582,0,0]
[47,19,0,0,0,0,0,104.27289952018582,0,0]
[48,19,0,0,0,0,0,206.27899687688932,0,0]
[49,19,0,0,0,0,0,126.94092115500882,0,0]
[50,19,0,0,0,0,0,40.802438942681405,0,0]
[1,20,0,0,1.0649780677917,1.0649780677917,1.0649780677917,63.470460577504412,0,0]
[2,20,0,0,0.99613679235135399,0.99613679235135399,0.99613679235135399,44.20264218790485,0,0]
[3,20,0,0,0.63873703203927701,0.63873703203927701,0.63873703203927701,963.39091947997758,0,0]
[4,20,0,0,1.0447289218467399,1.0447289218467399,1.0447289218467399,30.601829207011054,0,0]
[5,20,0,0,0.53519274552628104,0.53519274552628104,0.53519274552628104,37.402235697457947,0,0]
[6,20,0.78607111620600101,0.55608792326407397,0,0,0,287.19480925653647,0,1]
[7,20,2.4676105679845599,0.30984748338506202,0,0,0,597.36584321320106,0.5,1]
[8,20,2.7195844568478198,0,1.4143256206555104,0,0,9217.542288047598,3,108]
[9,20,0.66066759524255303,0,2.1631244949303601,2.1631244949303601,0,4143.0097557330355,1,43]
[10,20,0,0,0,0,0,334.3533191136392,0,0]
[11,20,0,0,0,0,0,253.88184231001765,0,0]
[12,20,0,0,0,0,0,70.270867067951329,0,0]
[13,20,0,0,0,0,0,324.15270937796902,0,0]
[14,20,0,0,0,0,0,114.47350925585614,0,0]
[15,20,0,0,0,0,0,126.94092115500882,0,1]
[16,20,0,0,8.5979174791264601,0,0,109.36852726843608,0.5,2]
[17,20,0,0,2.46775379648117,0,0,257.71989593948308,0.5,1]
[18,20,2.2918888372709301,0,0.41505541906745291,0,0,683.74452785901235,0.5,12]
[19,20,0,0,2.030912447799825,0,0,967.66858670739134,0.5,5]
[20,20,2.3271790779422998,0,2.5943095083424792,0,0,16669.004722553727,1,24]
[21,20,0,0,5.134818515167864,0,0,8443.0337337821402,0.5,14]
[22,20,1.27448157826144,0,10.198189243912749,0,0,8808.544419784901,1,18]
[23,20,2.1670309344193099,0,20.127384429704001,0,0,80817.146203073775,1,46]
[24,20,4.6294622261292604,0,11.126215441252345,0,0,13493.807531537217,2,64]
[25,20,1.44920890579526,0,9.903875882873324,0,0,17899.120448473597,1,22]
[26,20,0.53159088869330895,0.69629263484745596,8.2474516026294893,0,0,20414.509373641376,0.5,13]
[27,20,3.0900913635505298,1.9124629953149499,2.0567444784844175,0,0,8635.7870504932816,0.5,2]
[28,20,4.6562702827398503,0,5.0634635367732592,0,0,81071.078721791564,1,20]
[29,20,1.9068275790879301,2.2760576309069198,9.9494327860591802,0,0,38313.629822114985,1,24]
[30,20,2.28797345613203,2.6472952236300502,11.565346740744049,0,0,53639.08175096097,1,15]
[31,20,0,6.15653690262232,20.939342714798972,0,0,44000.053110123561,2,64]
[32,20,0,2.85348590514571,17.457356180331928,0,0,29333.368740082376,1,38]
[33,20,1.96199240603608,2.46249686593137,9.7792907620274399,0,0,45946.175282264136,4,20]
[34,20,5.0798500115082899,1.6964680201187701,9.6902610671506899,0,0,9185.2803696859082,10,49]
[35,20,7.5775138340352498E-3,0,9.5953850825806999,0,0,8609.793666448868,6,15]
[36,20,0,0.19174179433915101,11.18119251895811,0,0,3608.0785431527634,1,38]
[37,20,2.25993772735118,0.64526344995290397,9.3673443847863229,0,0,2507.0632688163782,3,88]
[38,20,0,0,6.0154020948467792,6.0154020948467792,3.8012139177592399,2673.5732061957297,0.5,6]
[39,20,0,0,1.0082069932748459,1.0082069932748459,0.35431701783103497,37.402235697457947,0,1]
[40,20,0,0,1.7865758661632321,1.7865758661632321,0.63828457695949203,114.47350925585614,1,8]
[41,20,0,0,0,0,0,104.27289952018582,1,0]
[42,20,0,0,0,0,0,35.135433533975664,1,0]
[43,20,0,0,0,0,0,291.28407800747561,1,0]
[44,20,1.15730610639734,0,0,0,0,251.29545809946941,1,1]
[45,20,0,0,0,0,0,37.402235697457947,0,0]
[46,20,0,0,0,0,0,43.069241106163702,0,0]
[47,20,0,0,0,0,0,40.802438942681405,0,0]
[48,20,0,0,0,0,0,364.95514832065038,0,0]
[49,20,0.92936155271606002,0,0,0,0,317.35230288752206,0,1]
[50,20,2.1496604739857701,0,0.68324678821907092,0.68324678821907092,0.68324678821907103,1148.9405764936828,0.5,6]
[1,21,0,0,0,0,0,28.335027043528754,0,0]
[2,21,0,0,0.21792089745266099,0.21792089745266099,0.21792089745266099,72.537669231433568,0,0]
[3,21,0,0,0.42327925313313303,0,0,408.02438942681397,0,0]
[4,21,0,0,0,0,0,805.64538898729177,0.5,0]
[5,21,1.60876569352182,0,0.58877848682513001,0,0,761.79755615342015,0.5,1]
[6,21,1.89922001010733,0,3.2325987916102195,3.2325987916102195,0.33153941747841897,637.18535093797095,0.5,3]
[7,21,0,0,1.17155545446858,1.17155545446858,0,412.55799375377865,0,0]
[8,21,0,0,0.55485832008100999,0.55485832008100999,0,743.51110962219457,0,0]
[9,21,1.1309969010243299,0,0,0,0,469.25580441023362,0,12]
[10,21,0,0,0,0,0,125.80752007326765,0,0]
[11,21,0,0,0,0,0,1819.1087361945461,0,0]
[12,21,0,0,0,0,0,126.94092115500882,0,0]
[13,21,0,0,0,0,0,252.74844122827642,0,1]
[14,21,0,0,0,0,0,109.93990492889158,0,0]
[15,21,0,0,1.8319501824789599,0,0,1093.6852726843608,0.5,2]
[16,21,0,0,7.3614607971110297,0,0,54.142835281404004,0.5,16]
[17,21,0,0,3.3345571757349699,0,0,113.77575124612591,0.5,4]
[18,21,2.3671032019433702,0,3.22683547772936,0,0,594.11516817079212,0.5,7]
[19,21,0,0,2.9335279916939099,0,0,1446.4164811883725,0.5,11]
[20,21,0.82850417289103895,0,4.4821372310076635,0,0,8119.2595787993459,0.5,2]
[21,21,1.5151117973297501,0,8.0847991075669796,0,0,7560.7366741183023,0.5,17]
[22,21,0,2.06968315919447,10.65795612467894,0,0,11175.112237671345,1,26]
[23,21,0,2.14707466226267,14.285677654014028,0,0,32247.348463073595,1,19]
[24,21,2.4250910565215702,2.1247814182041198,12.7856985161346,0,0,15963.405346772282,1,21]
[25,21,1.8868177872185501,1.40636083191813,15.059352817950941,0,0,12771.556843052966,1,27]
[26,21,4.8608614723776604,0.32335724225860601,19.165859896660251,0,0,22988.177893268985,2,72]
[27,21,0.71090502465082295,0.50809051806739902,15.399215782866481,0,0,21025.404408425606,1,26]
[28,21,2.57701101960751,2.35820125980801,2.7566386613768392,0,0,30879.859407355569,0.5,11]
[29,21,2.8672515879556699,2.4395787185129199,10.091390853304969,0,0,28256.23694961955,1,23]
[30,21,5.9495717365769298,2.83698203367589,10.922962668970317,0,0,35844.032006879912,1,37]
[31,21,1.81991016088325,3.23389286524155,7.9346191168423488,0,0,25394.292578824596,1,14]
[32,21,2.4895633550401,1.1834779865454099,6.5338278037642397,0,0,17959.481457021277,1,47]
[33,21,0.951974425734608,3.3080334147080199,7.3579491162473412,0,0,20500.888058287183,4,25]
[34,21,2.3271213491090399,1.46126331582022,11.60099606773964,0,0,9186.3210767298333,7,18]
[35,21,0,1.45151218968756,17.950486196262919,0,0,9185.2803696859082,1,28]
[36,21,0,0.92049093395764803,11.099363670173201,0,0,6924.8686324915716,1,48]
[37,21,2.30638252239034,0,11.729026179217486,0,0,2751.6294241388568,2,55]
[38,21,0,0,3.8981039530967498,3.8981039530967498,1.08691963835127,1439.1165617797185,0.5,5]
[39,21,0,0,1.7931195971866969,1.7931195971866969,1.66659405044761,123.54071790978537,0,0]
[40,21,0,0,2.3566383347354902,2.3566383347354902,1.21865988972393,236.88082608390039,1,0]
[41,21,0,0,0,0,0,269.74945745439379,1,0]
[42,21,0,0,0,0,0,253.88184231001765,1,0]
[43,21,2.99559076245108,0,1.0010824317433871,0,0,6379.454129868036,1,4]
[44,21,3.80616301548072,0,1.7752651234759749,0,0,1228.0343118320161,0.5,16]
[45,21,3.7429211155201498,0,0.25737934609042323,0,0,372.43040392795922,0.5,2]
[46,21,4.5150668187408503,0,0.34154692374517115,0,0,266.02171709139941,0.5,1]
[47,21,2.8477562557651401,0,0.37344996966167621,0,0,127.94377822014927,0.5,0]
[48,21,2.1959164206984099,0,0.35897882348771493,0.35897882348771493,0.35897882348771498,249.55370603336038,0.5,0]
[49,21,1.2830535887162,0,0,0,0,128.21196841809666,0,0]
[50,21,0,0,1.05223349031066,1.05223349031066,1.05223349031066,1309.1737571043489,0.5,3]
[1,22,0,0,0,0,0,123.54071790978537,0,0]
[2,22,0,0,0,0,0,253.88184231001765,0,0]
[3,22,0.87160118376314899,0,0,0,0,571.23414519753976,0,0]
[4,22,2.38200736791282,0,0,0,0,3104.4291120295793,0.5,6]
[5,22,1.0422971510016401,0,0,0,0,2781.8099284126938,0.5,3]
[6,22,0,0,0.683428881944246,0,0,430.69241106163707,0,1]
[7,22,0,0,3.3223251168527539,3.3223251168527539,0.66532009760211397,248.9548616375626,0.5,1]
[8,22,0,0,1.13134447923307,0,0,634.70460577504412,0,0]
[9,22,1.1778709267975001,0,1.1871768035448098,1.1871768035448098,0,425.63474734623907,0.5,5]
[10,22,0,0,0.57227652255533101,0.57227652255533101,0,253.88184231001765,0,3]
[11,22,0,0,0,0,0,126.94092115500882,0,0]
[12,22,0,0,0,0,0,126.94092115500882,0,0]
[13,22,0,0,0,0,0,252.74844122827642,0,0]
[14,22,0,0,0,0,0,126.94092115500882,0,0]
[15,22,0,0,2.9055612879356651,0,0,1799.7078447538695,0.5,1]
[16,22,0,0,2.4556169820349898,0,0,570.00524881722481,0.5,0]
[17,22,0,0,7.2875138720895096,0,0,121.27995103034498,0.5,14]
[18,22,1.6472906971346399,6.51510733416788E-2,9.5777825230880111,0,0,975.14250015813479,2,78]
[19,22,0.71104095409780299,0,1.5858431986365997,0,0,1219.9914712827165,0.5,2]
[20,22,0,0,4.2499973724881199,0,0,4141.9268990274068,0.5,10]
[21,22,2.4184414726647301,0,10.41970211436945,0,0,3951.5646457848857,2,59]
[22,22,0.266370348116789,2.2881621013258702,13.873085814707538,0,0,8256.9696865044189,2,56]
[23,22,1.0619746603345701,0,16.081430866715781,0,0,21550.961465607954,1,33]
[24,22,3.7454868741750702,0.53059464836320303,12.62701303211319,0,0,10775.480732803977,1,20]
[25,22,2.9365693790293799,0.26480330795629098,15.871737561480629,0,0,12345.907662087462,1,11]
[26,22,1.5918021683866801,1.0763049626858201,17.664989864278152,0,0,30710.224159195728,1,35]
[27,22,4.7953635986729397,2.0519357064874799,14.98142971319459,0,0,39869.486852783506,1,41]
[28,22,2.5241215314093601,2.82926014805208,7.4562932773607908,0,0,33263.078537944828,1,5]
[29,22,2.2427479868536899,2.3576607234610698,12.071916886806161,0,0,45796.31346793886,1,15]
[30,22,3.74272909902822,2.6961840281386502,12.709290456896419,0,0,33449.365098807481,7,36]
[31,22,0.71306565659953203,1.3248970158029301,4.1712428541977484,0,0,27936.739887134438,3,14]
[32,22,0,2.92810827730949,8.3086719171257108,0,0,21550.961465607954,4,29]
[33,22,0,1.0447991028939401,6.3043566422365105,0,0,30596.787091407856,21,8]
[34,22,2.2660261851469898,2.3595489510834899,10.478847584126878,0,0,18184.274178509171,10,34]
[35,22,0,0,10.57903300675304,0,0,9557.2932838734323,0.5,10]
[36,22,0,0,7.70951062810569,0,0,6940.0286263703665,15,8]
[37,22,0.95256673850167894,0,6.2492723652268101,0,0,1889.5849513209998,0.5,14]
[38,22,1.3477102952222599,0,7.1923322566784726,0,0,2026.2566145228266,3,12]
[39,22,0,0,6.7620461102800302,0,0,363.83985309103491,0.5,0]
[40,22,0,0,5.80973461410243,0,0,378.5015090960228,1,1]
[41,22,1.81991223984256,0,0.93659038768136016,0,0,442.10275840427812,1,4]
[42,22,2.4978426893630701,0,1.8953360413226301,0,0,349.67756675894685,1,2]
[43,22,1.26392006470884,0,1.2019232770296899,1.2019232770296899,0,4783.0895738813088,1,4]
[44,22,0,0,1.537258466325842,1.537258466325842,0.120878689040402,544.03251923575215,0,0]
[45,22,0,0,0,0,0,73.671070313174752,0,0]
[46,22,1.2425720652865599,0,0,0,0,42.309949577971892,0,0]
[47,22,0,0,0,0,0,95.205690866256603,0,1]
[48,22,0,0,0,0,0,170.01016226117252,0,0]
[49,22,0,0,0,0,0,40.802438942681405,0,0]
[50,22,0,0,0,0,0,126.94092115500882,0,0]
[1,23,2.2015225650720001,0,0,0,0,845.0541196674551,0.5,2]
[2,23,2.1970624100004299,0,0,0,0,1062.8200982842102,0.5,5]
[3,23,1.49789182966148,0,0,0,0,5643.8908497646125,0,4]
[4,23,0,0,0,0,0,489.62926731217686,0,0]
[5,23,0,0,0,0,0,334.3533191136392,0,0]
[6,23,0,0,0.255165796918569,0.255165796918569,0,349.08753317627423,0,2]
[7,23,0,0,0.57803535363990799,0.57803535363990799,0,368.35535156587378,0,1]
[8,23,0.86771896161865503,0,0,0,0,1137.9346860681146,0,0]
[9,23,0.33324557565692098,0,0,0,0,542.61789908825676,0.5,0]
[10,23,0,0,0.70912974623727498,0.70912974623727498,0,476.028454331283,0,2]
[11,23,0,0,1.14425262632569,0,0,548.5661235627166,0,2]
[12,23,0,0,1.2741017307659801,1.2741017307659801,0,1987.3380554107403,0.5,8]
[13,23,0,0,0.59931638095899697,0.59931638095899697,0,507.76368462003529,0,2]
[14,23,0,0,0.24552849629736301,0.24552849629736301,0,167.74336009769024,0,1]
[15,23,0,0,1.3009185624250501,0,0,815.18689391982628,0,2]
[16,23,0,0,13.468032278450201,0,0,1907.9935153166771,1,2]
[17,23,0,0,14.049114234118074,0,0,3027.6673489361119,1,11]
[18,23,2.4770641756452898,2.3678744861381098,15.853426918161041,0,0,14601.119826273884,2,61]
[19,23,0,9.3287318307886703E-3,8.9122434026346546,0,0,1458.607982481024,0.5,6]
[20,23,0,0,6.03560172777029,0,0,2931.2931021352128,0.5,3]
[21,23,2.32848233447374,2.7314617796370602,10.909820773727509,0,0,4202.3750433709156,1,38]
[22,23,0,2.6259692949914002,9.0227475600725953,0,0,17831.474490618442,1,17]
[23,23,0,4.3303092926573497,13.202372408068658,0,0,36744.243599875415,2,53]
[24,23,2.3583970066884601,3.9870566942358598,14.310817628611428,0,0,18371.601446415745,1,22]
[25,23,2.8214604910596299,5.18579910279347,14.175791104815143,0,0,28309.313008859743,1,39]
[26,23,2.4705576846861401,8.3507547327826703,8.6551850143806845,0,0,65073.330042569745,2,65]
[27,23,7.3160466623225201E-2,6.4367675592238802,10.438656999464378,0,0,91593.66764292166,1,32]
[28,23,2.2950391659679599,8.65102235245425,7.155729047132839,0,0,102843.71078775563,1,43]
[29,23,0,4.0019380388207901,15.145463180904443,0,0,72855.737317044172,2,75]
[30,23,1.68357694435656,1.4027593155276099,13.836077952369251,0,0,75429.40583667178,2,54]
[31,23,3.23377416880464,1.28705794783987,5.5651861174977988,0,0,71837.925828085106,3,16]
[32,23,2.11226103086002,2.1798308348324,5.6057053184570709,0,0,61959.53456714483,4,26]
[33,23,2.1593752086353901,1.43780454681146,11.881144643041369,0,0,79095.816752421073,13,24]
[34,23,5.2471190741541003,3.3212997362216301,6.1066354031962202,0,0,34751.289610758206,4,35]
[35,23,2.3636032252561798,1.4179130838549401,9.265702633416371,0,0,32327.48290545585,1,31]
[36,23,2.1182837564041601,0,9.9043707034098496,0,0,18248.798015232544,16,37]
[37,23,2.0970026203381398,0,7.4969060035712598,0,0,18117.668927697938,13,44]
[38,23,4.4130687615734301,0,11.181000018293119,0,0,15459.70313751237,5,58]
[39,23,2.0788530789978301,0.343800215475138,12.91539785366329,0,0,3102.3476979417287,7,43]
[40,23,2.2908997561520699,0.95312172506885495,9.2944782620002595,0,0,2229.1944880882866,2,43]
[41,23,0.81171412791090902,0,2.3667190181209614,2.3667190181209614,0.16285352959852201,1617.787918208352,1,0]
[42,23,0,0,0,0,0,712.90928041518339,1,0]
[43,23,0,0,1.1864670355038101,1.1864670355038101,0,2359.7410521850743,0,0]
[44,23,0,0,0.205911132397019,0.205911132397019,0,64.603861659245567,0,0]
[45,23,0,0,0,0,0,74.804471394915893,0,0]
[46,23,1.2534740299873099,0,0,0,0,148.72588336499209,0,0]
[47,23,5.61041376420632E-2,0,0,0,0,1630.9641566255152,0,0]
[48,23,0,0,0,0,0,311.68529747881632,0,0]
[49,23,0,0,0,0,0,105.40630060192697,0,0]
[50,23,0,0,0,0,0,139.40833305416146,0,0]
[1,24,0,0,0,0,0,285.61707259876988,0,0]
[2,24,0,0,0,0,0,253.88184231001765,0,1]
[3,24,0,0,0,0,0,146.20873954460833,0,1]
[4,24,0,0,0,0,0,126.94092115500882,0,0]
[5,24,0,0,0,0,0,126.94092115500882,0,0]
[6,24,0,0,0,0,0,69.137465986210174,0,0]
[7,24,0,0,0,0,0,253.88184231001765,0,0]
[8,24,1.1998097150078699,0,0,0,0,861.58442776960919,0,0]
[9,24,0,0,0,0,0,253.88184231001765,0,0]
[10,24,0,0,0,0,0,114.47350925585614,0,0]
[11,24,0,0,0,0,0,126.94092115500882,0,0]
[12,24,0,0,0,0,0,126.94092115500882,0,0]
[13,24,0,0,3.0975449021113501,0,0,190.58278019054208,0.5,7]
[14,24,0,0,2.7820196116954201,0,0,181.91992654551746,0.5,8]
[15,24,0,0,3.6741160967762001,0,0,121.27995103034498,0.5,11]
[16,24,0,0,10.79384240170066,0,0,391.99412743736502,2,85]
[17,24,0,0,21.712978119028392,0,0,4662.780974434515,2,77]
[18,24,2.2762331297029799,1.1964770669796601,12.53999492347879,0,0,2853.6187144435485,1,43]
[19,24,0,2.0708831788521298,6.3097084306333908,0,0,1265.4997654133317,0.5,3]
[20,24,0,1.4217145497783701,4.5332577741323501,0,0,2404.0332714677597,0.5,10]
[21,24,1.1208835320524699,0.36100806008585501,12.205671693786481,0,0,3021.1725485155443,1,34]
[22,24,1.37465902053832,2.76695908701639,12.564759927627133,0,0,7981.1823198641778,2,60]
[23,24,0,2.0804331818950299,16.799592696610802,0,0,18065.633575501666,1,46]
[24,24,2.5861610899037699,2.3809525744686,8.1543706810681886,0,0,9186.3210767298333,1,11]
[25,24,2.4771363502826702,0.44319516249052199,6.3799012306715497,0,0,9185.2803696859082,0.5,6]
[26,24,0.63530261125833598,2.8679122700272401,12.04566699367439,0,0,24245.352002330914,1,23]
[27,24,4.0511569711738096,5.7018188476465701,15.006703357142451,0,0,51184.053834340855,3,99]
[28,24,1.8672204878972001,4.7563843196194897,10.278413700767748,0,0,63217.749383250688,1,14]
[29,24,2.5865372945991498,1.57677467538817,17.577344175848719,0,0,47412.531507155065,4,26]
[30,24,3.3415799198969598,0.59803521444382901,10.46056993792399,0,0,48490.704004661828,7,34]
[31,24,1.57268451889706,0.38400160399969002,4.9228252277824796,0,0,32326.442198411933,0.5,11]
[32,24,1.6783438976464001E-2,3.1861833890436801,7.5572295396944655,0,0,25542.072979062003,9,16]
[33,24,0,3.5046447336104798,13.26692350956607,0,0,23703.143632445761,4,35]
[34,24,1.5641111989817,2.91259719587705,13.677948983901349,0,0,9186.3210767298333,2,76]
[35,24,0.73259630327134095,2.9524190062931401,12.65730998398146,0,0,9165.5069358513265,4,49]
[36,24,0,2.4187240073401401,13.74643121923131,0,0,6971.6964872565031,1,15]
[37,24,0,2.2145887818011301,3.715546485999814,0,0,3575.8694029278031,0.5,8]
[38,24,2.3816502505069699,0.52025677426922301,9.0032977246886698,0,0,2672.5356888005231,0.5,16]
[39,24,0,0.42236867640577203,12.481263743476919,0,0,1277.7709126411346,24,10]
[40,24,0,3.6442046489583499,3.5690459545534989,0,0,510.9871585673896,2,18]
[41,24,0,0,1.65525995497836,1.65525995497836,0,280.49665406223124,1,0]
[42,24,0,0,3.2701620362644297,0,0,104.27289952018582,0,0]
[43,24,0,0,3.3205071757417501,3.3205071757417501,1.6005859328643599,556.58834669283317,0.5,0]
[44,24,0,0,1.10180549350204,1.10180549350204,0,160.94295360724331,0,0]
[45,24,0,0,0.91368556027486703,0.91368556027486703,0,139.40833305416146,0,0]
[46,24,0.32454703808471103,0,1.119517343462,1.119517343462,0,70.270867067951329,0,0]
[47,24,0.90495979070639598,0,3.0316560722549735E-3,3.0316560722549735E-3,0,105.40630060192697,0,2]
[48,24,0,0,0,0,0,132.60792656371456,0,0]
[49,24,0,0,0,0,0,28.335027043528754,0,0]
[50,24,0,0,0,0,0,919.18827729207271,0,0]
[1,25,0,0,0,0,0,114.47350925585614,0,0]
[2,25,0,0,0,0,0,126.94092115500882,0,0]
[3,25,0,0,0,0,0,253.88184231001765,0,0]
[4,25,0,0,0,0,0,126.94092115500882,0,0]
[5,25,0,0,0,0,0,126.94092115500882,0,0]
[6,25,0,0,1.6216369913463899,0,0,222.14661202126544,0,0]
[7,25,0.41980411508140603,0,3.5652797100378502,3.5652797100378502,0,315.41792424668574,0.5,5]
[8,25,0.78044658994370997,0,0,0,0,729.91029664130076,0,1]
[9,25,0,0,0,0,0,316.21890180578083,0,0]
[10,25,0,0,0,0,0,222.14661202126544,0,0]
[11,25,0,0,0,0,0,126.94092115500882,0,0]
[12,25,0,0,0.55723141623416705,0.55723141623416705,0,111.07330601063272,0,0]
[13,25,0,0,1.8504129963656599,1.8504129963656599,0,183.61097524206636,0,0]
[14,25,0,0,1.0975983432651399,1.0975983432651399,1.0975983432651399,80.471476803621655,0,1]
[15,25,0,0,0.79486212855682103,0,0,126.94092115500882,0,2]
[16,25,0,0,4.7174037023013602,0,0,183.00278325114553,0.5,4]
[17,25,0,0,7.8778089438621697,0,0,136.43994490913812,0.5,6]
[18,25,1.0777118892272299,0,2.3303797951353502,0,0,199.81575243368394,0.5,2]
[19,25,1.1712671027830499,0,6.5869752584028634,0,0,1671.3755125442522,0.5,9]
[20,25,0,1.14790272158414,6.1463233243735473,0,0,3267.8201179258731,0.5,11]
[21,25,0,0.40862970725155701,12.186904513133539,0,0,6999.5857451799093,1,20]
[22,25,4.9754572841430997,1.99341177634845,10.893517414016912,0,0,7788.651516737973,1,49]
[23,25,0,4.0460851659396404,9.2798861713178109,0,0,18372.642153459667,1,40]
[24,25,0.53267719999336605,2.0866896229348,9.4096188423250684,0,0,9145.7335020167411,1,48]
[25,25,3.1280721808090899,3.8847685304509501,11.535518846865841,0,0,9064.5583525905586,1,15]
[26,25,2.4243599396908802,1.8406226207702401,19.314554237624826,0,0,13618.692376808272,1,34]
[27,25,4.4959126908808997,1.4060030766937901,15.738245244983862,0,0,25861.570041547115,1,32]
[28,25,2.3098826978470099,6.5917942511143499,6.07874880310621,0,0,53292.526305333784,1,22]
[29,25,2.3410068358056901,2.4638455896465601,7.3815209988386279,0,0,31249.310407949102,13,22]
[30,25,0,3.5551124704587398,6.2932609567898705,0,0,28734.962189825248,15,9]
[31,25,0,3.19057507529436,6.4338095526157364,0,0,26340.295281752813,1,22]
[32,25,2.4152818873778901,0.55918220442108602,4.2623571572452299,0,0,24245.352002330914,6,9]
[33,25,1.09986388487496,0.783361701668979,2.82767719636007,0,0,43775.260388635659,22,18]
[34,25,0,2.26851184138452,12.515288928388991,0,0,12496.81018345665,7,30]
[35,25,2.2485021044351501,0,15.518133643019091,0,0,9185.2803696859082,1,21]
[36,25,0,1.82687621861281,13.947709524518139,0,0,9187.361783773762,1,32]
[37,25,0,1.8565567441094699,11.141259354899109,0,0,6030.8973195479075,1,48]
[38,25,0.86782295035819701,0,8.5801931602705288,0,0,3057.9873366936986,0.5,17]
[39,25,1.5508042305401,0,5.7356374146273303,5.7356374146273303,1.37725060197352,268.50241733276272,9,13]
[40,25,0,0,0,0,0,236.88082608390039,4,8]
[41,25,0,0,0,0,0,123.54071790978537,1,1]
[42,25,0,0,1.20853697155006,1.20853697155006,1.20853697155006,114.47350925585614,0,0]
[43,25,0,0,0,0,0,167.74336009769024,0,0]
[44,25,0,0,0,0,0,911.2544697198847,0,0]
[45,25,0,0,0.47579754966405502,0.47579754966405502,0,79.338075721880514,0,0]
[46,25,0,0,0,0,0,156.40934928027869,0,1]
[47,25,1.1912729079655899,0,0,0,0,39.745710209609953,0,0]
[48,25,0,0,0,0,0,70.270867067951329,0,0]
[49,25,0,0,0,0,0,79.338075721880514,0,0]
[50,25,0,0,0,0,0,104.27289952018582,0,0]
[1,26,0,0,0,0,0,30.601829207011054,0,0]
[2,26,0,0,0,0,0,89.538685457550869,0,0]
[3,26,0,0,0,0,0,238.0142271656415,0,0]
[4,26,0,0,0,0,0,111.07330601063272,0,0]
[5,26,0,0,0,0,0,83.871680048845121,0,0]
[6,26,0,0,0.46186418839745003,0,0,253.88184231001765,0,0]
[7,26,1.2043146232219599,0,3.5153023304755506,3.5153023304755506,0,377.4974842535097,0.5,3]
[8,26,0,0,0,0,0,698.17506635254847,0,0]
[9,26,0,0,0,0,0,380.82276346502641,0,0]
[10,26,0,0,0,0,0,253.88184231001765,0,0]
[11,26,0,0,0,0,0,44.20264218790485,0,0]
[12,26,0,0,0.42257513917942519,0.42257513917942519,0.37965320659247098,79.338075721880514,0,0]
[13,26,0,0,1.478267599751212,1.478267599751212,0.28619034511388203,292.41747908921667,0,0]
[14,26,0,0,0.53846937573299603,0,0,224.41341418474772,0,2]
[15,26,0,0.721688147444839,1.3884200869308003,0,0,142.93708514290657,0.5,2]
[16,26,0,1.99146425812272,0.18605517273516381,0,0,190.01551220814241,0.5,0]
[17,26,0,2.0980513802229002,2.9632058161926196,0,0,131.12908753460505,0.5,3]
[18,26,0.64311651188909003,2.31790507406477,2.5908872349421248,0,0,4845.5319965168355,0.5,16]
[19,26,1.7345259033851399,1.92879116872767,0,0,0,629.62776157488963,0.5,7]
[20,26,0,2.3506475719947399,1.8138005719842774,0,0,3322.9775912539212,1,31]
[21,26,0,3.4052805597098001,8.1175637904948097,0,0,6727.1303319340259,1,19]
[22,26,3.62049794895551,2.9275656038295899,10.48817272354149,0,0,5850.8550009488099,2,52]
[23,26,0.356739257967637,2.5798813337732902,12.95161657290795,0,0,17984.458426075482,1,16]
[24,26,0,1.08948438955271,16.152331795291662,0,0,9186.3210767298333,1,35]
[25,26,2.3200221681990398,3.9930099474143801,18.93019798292417,0,0,9165.5069358513265,1,11]
[26,26,0.38149834978513197,5.50775759829284,12.500883488980518,0,0,9186.3210767298333,1,28]
[27,26,0,2.3570831950956701,14.462626566390389,0,0,15864.538177599365,1,13]
[28,26,3.3545023542943002,6.9690291854875497,3.4740869648911232,0,0,36882.6576367175,1,24]
[29,26,1.6537850307645601,5.8537209125313598,3.0031094582610294,0,0,23347.221823423257,0.5,8]
[30,26,2.5282902657123798,3.9604505243380901,7.3693543580600913,0,0,25143.48218123856,3,86]
[31,26,0,2.6948031881532399,8.0699774905160737,0,0,17361.074906764148,1,20]
[32,26,0,2.6332954544226301,9.7408801191768202,0,0,22224.298923027713,1,40]
[33,26,1.4274961932546699,2.45091623159631,7.6340683009370895,0,0,44449.63855309935,25,33]
[34,26,2.2911328071559001,1.06588162601929,7.3599163094499902,0,0,24245.352002330914,7,29]
[35,26,2.2532565728766301,0.439733496482,9.4149438699511094,0,0,9185.2803696859082,1,41]
[36,26,0,0,15.30604554914191,0,0,9334.2248025140507,1,12]
[37,26,0,1.1544820426817599,6.6345004984619473,0,0,5012.0451235449073,1,49]
[38,26,0,0,6.5850643476182213,0,0,4246.9639994733316,1,37]
[39,26,2.5840512675978502,0,6.2745143404027708,6.2745143404027708,1.7934151020098199,1162.4697680647137,0.5,2]
[40,26,0,0,1.7459093039854401,0,0,4903.0930796122148,0,1]
[41,26,0,0,3.8176425985209219,3.8176425985209219,3.3206544663439899,2880.6770975856102,0.5,4]
[42,26,0,0,1.08258002053702,1.08258002053702,1.08258002053702,2758.6982329579591,0,0]
[43,26,0,0,0,0,0,239.14762824738273,0,0]
[44,26,0,0,0,0,0,79.338075721880514,0,0]
[45,26,0,0,0,0,0,104.27289952018582,0,1]
[46,26,0,0,0,0,0,104.27289952018582,0,0]
[47,26,1.31078312654092,0,0,0,0,35.899351157067059,0,0]
[48,26,0.84127657205977802,0,0,0,0,146.20873954460833,0,0]
[49,26,0,0,0,0,0,79.338075721880514,0,0]
[50,26,0,0,0,0,0,35.135433533975664,0,0]
[1,27,0,0,0.77626087238457198,0.77626087238457198,0,299.21788557966357,0,0]
[2,27,0,0,0,0,0,112.20670709237386,0,1]
[3,27,0,0,0,0,0,209.67920012211277,0,0]
[4,27,0,0,0,0,0,146.20873954460833,0,0]
[5,27,0,0,0,0,0,164.34315685246679,0,0]
[6,27,0,0,0.453636210977788,0.453636210977788,0,238.0142271656415,0,0]
[7,27,1.1700491100186301,0,0.24992473835867801,0.24992473835867801,0,323.0941604136035,0,0]
[8,27,0,0,0,0,0,5546.8648940411904,0,0]
[9,27,0,0,0,0,0,449.96022945123661,0,0]
[10,27,0,0,0,0,0,334.3533191136392,0,0]
[11,27,0,0,0,0,0,100.87269627496237,0,0]
[12,27,0,0,0.85898143257035997,0.85898143257035997,0,94.072289784515434,0,0]
[13,27,0,0,0.48555706456374698,0.48555706456374698,0,383.08956562850875,0,0]
[14,27,0,0.391831672141635,0.99880546720375496,0,0,86.138482212327403,0,6]
[15,27,0,1.3568371673900601,0.22602005862657903,0,0,274.7466595963154,0.5,9]
[16,27,0,0,1.1456519948550901,0,0,176.35081720368339,0.5,1]
[17,27,0,0,2.9598334256305301,2.9598334256305301,1.6144478702271701,320.5255848659117,0.5,0]
[18,27,0,0,1.728017115823006,0,0,453.36043269646007,0,2]
[19,27,2.4408036750242901,0,0.55399743183938011,0,0,350.89531254436969,0.5,4]
[20,27,0,0,0.93552826200295203,0,0,3433.7386135466422,0.5,7]
[21,27,0,0,1.106624907559087,0,0,7007.1657421193067,0.5,1]
[22,27,0,0,9.0448372643485193,0,0,7474.9598389506373,0.5,13]
[23,27,2.3132519320598299,2.0866056609580999,14.061661840475288,0,0,16369.281093903204,1,15]
[24,27,0,4.6165496174427796,11.936313614896967,0,0,9186.3210767298333,1,47]
[25,27,0,2.2579303032267002,6.6844117092117248,0,0,9977.2584301131665,1,24]
[26,27,2.6594461149244202,1.19646786918802,14.172812280134202,0,0,9728.5294466149844,1,26]
[27,27,2.1676234443651898,2.81524107581131,18.523230211630711,0,0,9185.2803696859082,1,30]
[28,27,2.16502929110325,1.72368933530335,7.3436822997295472,0,0,48815.404602366551,1,23]
[29,27,5.8604382340915304,2.2587853329131899,3.2929508735533304,0,0,11678.814446931254,1,41]
[30,27,2.14463577460968,2.5126841008994401,2.2659203610852101,0,0,21878.78418444447,0.5,4]
[31,27,1.20984986897374,0,4.536153069631859,0,0,22589.044091303971,0.5,5]
[32,27,0,0.134576274462651,5.3096321267549627,0,0,25227.312671017386,0.5,2]
[33,27,0,0,8.0070414568507111,0,0,37841.510434878888,0.5,10]
[34,27,0.454423451192556,0,7.8545659509593513,0,0,25142.849847978392,1,20]
[35,27,3.6015889633337799,0.134451033532141,6.0260570136618892,0,0,9093.6981498204714,1,30]
[36,27,0,5.6381828164245099E-2,13.05961381744601,0,0,5278.9264399368913,1,21]
[37,27,0,1.26384660082089,12.685304365680221,0,0,3432.251830866092,1,31]
[38,27,0,0,6.5136455115287655,0,0,3952.4269755424925,1,33]
[39,27,2.31110481510076,0,7.9378611843347304,7.9378611843347304,1.04730219342691,354.6956227885326,0.5,2]
[40,27,0,0.63901769586600998,1.4925262583594638,0,0,2573.9538566341512,0,2]
[41,27,0,0,2.5496713606342798,2.5496713606342798,2.5496713606342798,1050.3710044592378,0.5,3]
[42,27,0,0,0.101721413620106,0.101721413620106,0.101721413620106,104.27289952018582,0,0]
[43,27,0,0,0,0,0,231.21382067519463,0,2]
[44,27,0,0,0,0,0,104.27289952018582,0,0]
[45,27,0,0,0,0,0,104.27289952018582,0,0]
[46,27,0,0,0,0,0,103.13949843844466,0,1]
[47,27,0,0,0,0,0,104.27289952018582,0,0]
[48,27,0.75333961372729796,0,0,0,0,954.32371082604834,0,0]
[49,27,0.75030117169580701,0,0,0,0,117.9550109446489,0,0]
[50,27,0,0,0,0,0,117.9550109446489,0,0]
[1,28,0,0,1.1432169451387399,1.1432169451387399,0,490.76266839391792,0,0]
[2,28,0,0,0,0,0,313.95209964229855,0,0]
[3,28,0,0,0,0,0,328.68631370493358,0,0]
[4,28,0,0,0,0,0,231.21382067519463,0,0]
[5,28,0,0,0.73202377708344801,0.73202377708344801,0,167.74336009769024,0,0]
[6,28,0,0,0.93661072409044499,0.93661072409044499,0,406.89098834507286,0,0]
[7,28,1.1235449949540901,0,0,0,0,320.52992104524157,0,0]
[8,28,0,0,0,0,0,842.11700373367466,0,0]
[9,28,0,0,0,0,0,408.02438942681397,0,0]
[10,28,0,0,0,0,0,487.36246514869464,0,0]
[11,28,0,0,1.1942641592338501,1.1942641592338501,0,285.61707259876988,0,0]
[12,28,0,0,0.72939214693250598,0.72939214693250598,0,505.49688245655284,0,0]
[13,28,0,0,0,0,0,1100.5324503706568,0,1]
[14,28,0,0,0,0,0,992.36063555606802,0,3]
[15,28,0,0,0.73142483731645802,0.73142483731645802,0,7841.4439884507883,0,7]
[16,28,0,0,0,0,0,532.69850841834045,0,0]
[17,28,0,0,0.613267198226363,0.613267198226363,0,264.082452045688,0,1]
[18,28,0,0,0.79118675802615701,0.79118675802615701,0,384.22296671024992,0,1]
[19,28,1.65848364915681,0,0,0,0,212.83186757404039,0,0]
[20,28,0.70366334186729596,0,1.18180626740869,0,0,1414.2108575502725,0.5,0]
[21,28,0,2.2640457411453601,5.4623178890439821,0,0,10515.303971822615,1,40]
[22,28,0,4.9621190006966902,5.7919628050675396,0,0,12625.857856903405,2,67]
[23,28,2.3160232709972801,1.85729653418454,8.3833937314597904,0,0,30355.343057217153,1,44]
[24,28,0,0.892159311286148,9.0982742874781088,0,0,23099.499244458206,1,35]
[25,28,0,2.80637890775736,7.6674642661333898,0,0,31310.712123540703,1,27]
[26,28,0,3.82013517311298,9.1359997666343293,0,0,41171.411364734216,1,36]
[27,28,0,8.6331070775586799E-2,14.14418730068811,0,0,53957.666784741617,1,20]
[28,28,0,0,17.696136876393858,0,0,75026.809706147149,1,25]
[29,28,0.24078811853434001,0.57419491905012399,5.4091985375598393,0,0,47620.789343406075,0.5,3]
[30,28,2.4850919175794002,1.53409095616423,1.4888715587192047,0,0,25792.883376648035,0.5,13]
[31,28,2.5397785259516801,0,3.7043313509104663,0,0,28425.872197779387,0.5,4]
[32,28,0.64265306606569494,1.65718088405134,1.2989586925118579,0,0,42882.333744947653,0.5,10]
[33,28,0,2.0132163968785699,12.275631623431281,0,0,39707.13655393113,1,9]
[34,28,0,0,11.45804453231411,0,0,19117.835137863756,1,6]
[35,28,1.0980159093380899,1.3178088797368299,10.138372481509899,0,0,18371.601446415745,5,82]
[36,28,3.0480226180954499,1.94241587761198,6.1761330244844714,0,0,21115.945921247119,5,79]
[37,28,1.46406774063723,1.8446931909894899E-2,10.596781304903908,0,0,17966.766406328752,1,23]
[38,28,0,0,8.1445618070657204,0,0,7296.2884825220044,2,60]
[39,28,2.2506432155164799,0,4.6951325889792006,4.6951325889792006,0,1205.965117481011,0.5,3]
[40,28,0,0,0.48434425077190202,0.48434425077190202,0.48434425077190202,761.64552693005282,0,0]
[41,28,0,0,0.69461001506636,0.69461001506636,0.69461001506636,381.95616454676758,0,0]
[42,28,0,0,0,0,0,208.54579904037163,0,0]
[43,28,0,0,0,0,0,461.29424026864808,0,0]
[44,28,0,0,0,0,0,173.41036550639592,0,0]
[45,28,0,0,0,0,0,139.40833305416146,0,0]
[46,28,0.33955741839061199,0,0,0,0,1756.3935765287461,0.5,0]
[47,28,1.37189681929812,0,0,0,0,2736.0434060421821,0,1]
[48,28,1.08971053204896,0,0,0,0,380.78954620174693,0,1]
[49,28,0,0,0,0,0,197.21178822296011,0,0]
[50,28,0,0,0,0,0,208.54579904037163,0,0]
[1,29,0,0,1.11798995505926,1.11798995505926,0,224.41341418474772,0,0]
[2,29,0,0,0,0,0,44.20264218790485,0,0]
[3,29,0,0,0,0,0,456.76063594168346,0,0]
[4,29,0,0,0,0,0,114.47350925585614,0,0]
[5,29,0,0,0.50860860046131295,0.50860860046131295,0,142.80853629938494,0,0]
[6,29,0,0,0,0,0,111.07330601063272,0,0]
[7,29,1.1402153068656,0,0,0,0,248.73121873110745,0,0]
[8,29,0,0,0,0,0,298.08448449792252,0,0]
[9,29,0,0,0,0,0,89.538685457550869,0,0]
[10,29,0,0,0.22953323458215799,0.22953323458215799,0,224.41341418474772,0,0]
[11,29,0,0,1.5393860632235801,1.5393860632235801,0,206.27899687688932,0,0]
[12,29,0,7.9595387987956401E-2,1.1592757851712201,0,0,206.27899687688932,0,0]
[13,29,0,0,0.65763064386380088,0.65763064386380088,0,628.31796036825779,0.5,1]
[14,29,0,0,0,0,0,355.88793966672119,0,0]
[15,29,0,0,0.10715489267678491,0.10715489267678491,0,444.89553041079529,0,1]
[16,29,0,0,0.79890436949703303,0.79890436949703303,0,261.81564988220566,0,0]
[17,29,0,0,0,0,0,131.47452548197342,0,0]
[18,29,0,0,1.5827954533100499,0,0,231.7313350044092,0.5,0]
[19,29,0,0,1.6267887099977201,0,0,153.76565219918737,0.5,6]
[20,29,2.4251355549106899,1.7364933860246601,1.2073860272552501,0,0,91.582219865438489,1,42]
[21,29,0,8.0595606636816197E-2,2.4507478012249599,0,0,340.01700556721721,0.5,3]
[22,29,0,0.77078242823738496,3.9886438236589994,0,0,2382.2847523817763,0.5,4]
[23,29,2.3145674007704198,0,8.2303991569553805,0,0,12360.477560702417,1,12]
[24,29,0,0,7.8053815992855595,0,0,9717.5560763063895,1,25]
[25,29,0,1.4490968458072899,7.3575366313791903,0,0,4419.882815551332,1,35]
[26,29,0,0.19315536240081599,7.8262807176303788,0,0,17358.192991218122,1,24]
[27,29,0,0,10.3686656199949,0,0,16444.261931668028,1,40]
[28,29,0,0,9.8127911658598244,0,0,23846.670371341585,0.5,14]
[29,29,1.0801900790094801,1.23775116114815,7.3553755629676996,0,0,21072.236225402256,1,28]
[30,29,2.6944339834164199,0,5.8376558736419,5.8376558736419,3.7906051517099,15259.887385078686,2,55]
[31,29,0,0,1.55033089137919,0,0,2638.5577182933976,0,3]
[32,29,1.72937489705114,0.408469224413746,5.2168954322748302,0,0,5926.8266151553644,1,25]
[33,29,2.81991732082074,0.26796677497578902,17.216543190537212,0,0,8682.6188674699224,1,49]
[34,29,0.54656324204018103,2.0293324995444202,17.595947345594077,0,0,5440.8164256421842,1,15]
[35,29,0,2.27798425499476,7.1319271700974891,0,0,6471.1163991283684,0.5,7]
[36,29,0.87919487702116395,0.62225808659304205,4.0961141628284183,0,0,9187.361783773762,1,25]
[37,29,0.51951277694279496,0,6.6100566715150704,0,0,9557.2932838734323,4,21]
[38,29,1.1690959441461599,0,2.7272711627366397,0,0,9182.1582485541348,0.5,6]
[39,29,3.3601568598769198,0,2.8214407682303406,0,0,621.30210522348614,0.5,14]
[40,29,0,0,1.2288340539907401,1.2288340539907401,1.2288340539907401,555.50548998720512,0.5,4]
[41,29,0,0,0,0,0,412.55799375377865,0,0]
[42,29,0,0,0,0,0,238.0142271656415,0,0]
[43,29,0,0,0,0,0,264.082452045688,0,0]
[44,29,0,0,0,0,0,70.270867067951329,0,0]
[45,29,0,0,0,0,0,78.204674640139345,0,0]
[46,29,1.2101196514589101,0,0,0,0,117.9550109446489,0,4]
[47,29,0,0,0,0,0,104.27289952018582,0,0]
[48,29,0,0,0,0,0,139.40833305416146,0,0]
[49,29,0,0,0,0,0,916.79815866786714,0.5,0]
[50,29,0,0,0,0,0,92.938888702774321,0,0]
[1,30,0,0,1.1387497553449299,1.1387497553449299,0,224.41341418474772,0,1]
[2,30,0,0,0,0,0,32.868631370493354,0,0]
[3,30,0,0,0,0,0,282.21686935354643,0,0]
[4,30,0,0,0,0,0,142.80853629938494,0,0]
[5,30,0,0,0,0,0,36.268834615716784,0,0]
[6,30,0,0,0,0,0,66.870663822727863,0,0]
[7,30,1.1293137498578301,0,0,0,0,35.899351157067059,0,0]
[8,30,0,0,0,0,0,164.34315685246679,0,0]
[9,30,0,0,0,0,0,206.27899687688932,0,0]
[10,30,0,0,1.36087096069693,1.36087096069693,0,224.41341418474772,0,0]
[11,30,0,0,0,0,0,32.868631370493354,0,0]
[12,30,0,0,0,0,0,296.16964704580323,0,0]
[13,30,0,0,0.686978229791538,0.686978229791538,0,487.36246514869464,0,0]
[14,30,0,0,1.1214082329136601,0,0,281.08346827180532,0,0]
[15,30,0,0,1.0575774382569503,1.0575774382569503,0,377.4974842535097,0.5,0]
[16,30,0,0,1.0362849738308499,1.0362849738308499,0,232.34722175693577,0,2]
[17,30,0,0,1.22771336687521,0,0,100.87269627496237,0,0]
[18,30,0,0,0.37395078510403401,0,0,5189.0493333697614,0.5,0]
[19,30,0,0,1.31417665029203,0,0,766.66254758468062,0.5,3]
[20,30,2.36363563522006,0,0,0,0,134.27762862708735,0.5,3]
[21,30,0,0,0,0,0,133.74132764545573,0,0]
[22,30,0,0,1.7639982175037501,0,0,120.14051466456191,0,0]
[23,30,0.66245598028921704,0,3.6407718550492665,0,0,7711.0226007775582,0.5,5]
[24,30,1.65228690468249,1.4572417217389499,6.183150872973938,0,0,12930.785020773557,1,36]
[25,30,0,0.12981822968978099,7.4283510792518994,0,0,6104.0632496254893,1,39]
[26,30,0,0,5.9868530349352493,0,0,14388.99990438593,1,21]
[27,30,0,0,5.8350011170995,0,0,8222.1309658340142,3,15]
[28,30,0,0.206014217939576,2.9478681382280603,0,0,28580.919888347544,0.5,4]
[29,30,2.4582026952888101,1.46390471852894,5.48922914533766,0,0,23706.265753577532,1,25]
[30,30,0.62570495012368699,0,5.6836961357190994,0,0,19184.972253612697,1,23]
[31,30,0,0,2.0836409711011941,0,0,39284.958423481126,0.5,2]
[32,30,0,0,1.1177737842575399,0,0,17276.97873829602,0.5,1]
[33,30,2.1687394931332502,0,3.2263867802998254,0,0,5339.8678423814208,0.5,9]
[34,30,6.5766584572841694E-2,0,1.8627558785339253,0,0,645.38259655433581,0.5,0]
[35,30,0,1.4077367762269599,1.1015633223577499,0,0,519.37573336892274,0.5,0]
[36,30,0,1.59678043694978,2.9515741218522287,0,0,2470.6385222789886,1,23]
[37,30,1.319046006385,0.90616067066529604,3.4913448797463591,0,0,3164.7901205772546,7,21]
[38,30,0,0,6.3469638052470554,0,0,15974.302121425437,6,17]
[39,30,2.4767064547038098,0,2.3666056095611534,2.3666056095611534,2.12920975957934E-2,569.26675302721412,0.5,9]
[40,30,1.26194666758495,0,0.62168969737470192,0.62168969737470192,0.62168969737470203,669.2664751424644,0,2]
[41,30,0.48438263794790998,0,0,0,0,8228.4918534407498,0,5]
[42,30,0,0,0,0,0,396.69037860940256,0,0]
[43,30,0,0,0,0,0,1562.960091721046,0,4]
[44,30,0,0,0,0,0,222.14661202126544,0,0]
[45,30,0.97222422517853202,0,0,0,0,67.137115748940971,0.5,5]
[46,30,0.50931621566283403,0,0,0,0,201.22080424522852,0.5,0]
[47,30,0,0,0,0,0,79.338075721880514,0,0]
[48,30,0,0,0,0,0,139.40833305416146,0,0]
[49,30,0,0,0,0,0,104.27289952018582,0,0]
[50,30,0,0,0,0,0,104.27289952018582,0,0]
[1,31,0,0,1.1378200755394901,1.1378200755394901,0,302.61808882488708,0,1]
[2,31,0,0,0,0,0,811.5151745266636,0,0]
[3,31,0,0,0,0,0,167.74336009769024,0,0]
[4,31,0,0,0,0,0,111.07330601063272,0,0]
[5,31,0,0,0,0,0,126.94092115500882,0,0]
[6,31,0,0,0,0,0,35.135433533975664,0,0]
[7,31,1.1376339337892101,0,0,0,0,80.773540103400876,0,0]
[8,31,0,0,0,0,0,132.60792656371456,0,0]
[9,31,0,0,0.93506501301851797,0.93506501301851797,0,224.41341418474772,0,0]
[10,31,0,0,0.42371514153016504,0.42371514153016504,0,112.20670709237386,0,0]
[11,31,0,0,0,0,0,148.72588336499209,0,0]
[12,31,0,0,0,0,0,82.738278967103966,0,1]
[13,31,0,0,0,0,0,223.28001310300652,0,0]
[14,31,0,0,0,0,0,109.93990492889158,0,0]
[15,31,0,0,0,0,0,382.07166588592787,0,0]
[16,31,0,0,0,0,0,298.6951803448091,0,0]
[17,31,0,0,0.35907985261636699,0,0,75.799969393965625,0.5,5]
[18,31,0,0,1.2785430317790001,0,0,18914.258077205679,1,24]
[19,31,0,0,0.27673635110603401,0,0,3406.6671959059404,0.5,17]
[20,31,0.96390059965681296,0,5.5484522079917942E-2,0,0,81.214252922106027,0.5,0]
[21,31,1.3982032526255499,0,0.38251859049331105,0.38251859049331105,0,44.750402888793808,0.5,0]
[22,31,0,0,0.36921297285652999,0,0,270.88285853613485,0,0]
[23,31,0,1.77363666720014,1.9781817712995402,0,0,1292.5581485553932,1,18]
[24,31,2.3434335879661501,8.6087145974985499E-2,5.311374860197164,0,0,5800.9010628403867,1,25]
[25,31,0,0,5.8285371349073607,0,0,871.69964803060464,0.5,13]
[26,31,0,0,5.0902612032053325,0,0,6291.3974596991475,0.5,3]
[27,31,0,1.1417159739890499,6.9827094528781197,0,0,6961.2894168172497,3,6]
[28,31,0,1.1946032127663599,6.1641041923790549,0,0,30401.13416714987,1,24]
[29,31,3.0097648288922301,0.53548405749680905,3.7850511852419833,0,0,52804.434701732767,1,44]
[30,31,3.9210235143243501,1.04174992362348,5.0930036067515276,0,0,44004.215938299276,4,130]
[31,31,0.86761640756571501,0,8.4868592075658604,0,0,43684.605218448014,1,46]
[32,31,0,0,4.5652009754043004,0,0,40978.546311083439,0.5,2]
[33,31,0.78947180039609099,0,2.0760828554987398,0,0,2333.5562006285127,0.5,11]
[34,31,1.45241148365994,0,3.7335274068141331,3.7335274068141331,3.5682598952243199,8021.7698945772709,0.5,17]
[35,31,0,0,2.0664712128754101,0,0,201.74539254992473,0,0]
[36,31,0,0,2.210777382113287,0,0,16660.833272793639,0.5,7]
[37,31,0.52667899179707001,0,3.0588421315989063,0,0,1298.3451900480682,1,29]
[38,31,1.49958505756697,0,2.8728881505970203,0,0,14555.328716341166,3,15]
[39,31,2.2158863110036302,0,2.5376171324515004,2.5376171324515004,0,644.19766018984558,0.5,12]
[40,31,0,0,0,0,0,575.76774952450421,0,0]
[41,31,0.69046487379761301,0,0,0,0,562.16693654361063,0,4]
[42,31,1.0667809996717901,0,0,0,0,592.33929409160646,0,2]
[43,31,1.03789621505722,0,0,0,0,2021.9027419533841,0,3]
[44,31,1.5992006784217001,0,0,0,0,809.01752071818976,0,0]
[45,31,0.946766956852368,0,0,0,0,8805.7907301675477,0.5,1]
[46,31,0,0,0,0,0,75.937872476657034,0,0]
[47,31,0,0,0,0,0,69.137465986210174,0,0]
[48,31,0,0,0,0,0,265.21585312742911,0,0]
[49,31,0,0,0,0,0,160.94295360724331,0,0]
[50,31,0,0,0,0,0,104.27289952018582,0,0]
[1,32,0,0,1.1241162349013001,1.1241162349013001,0,62.337059495763249,0,0]
[2,32,0,0,0,0,0,36.268834615716784,0,0]
[3,32,0,0,0,0,0,136.00812980893804,0,0]
[4,32,0,0,0,0,0,47.602845433128302,0,0]
[5,32,0,0,0,0,0,45.336043269646005,0,0]
[6,32,0,0,0,0,0,94.072289784515434,0,0]
[7,32,1.13585199112246,0,0,0,0,219.24246599494523,0,0]
[8,32,0,0,0,0,0,136.00812980893804,0,0]
[9,32,0,0,0,0,0,120.14051466456191,0,0]
[10,32,0,0,0.43958837471732992,0.43958837471732992,0,150.00800304917303,0,0]
[11,32,0,0,0,0,0,142.80853629938494,0,0]
[12,32,0,0,0,0,0,149.60894278983179,0,1]
[13,32,0,0,0,0,0,1199.1383444821365,0,0]
[14,32,0,0,0,0,0,243.68123257434732,0,0]
[15,32,0,0,0,0,0,444.89553041079529,0,0]
[16,32,0,0,0,0,0,299.21788557966357,0,0]
[17,32,0,0,1.4956174809882401,0,0,393.07698414299313,0.5,5]
[18,32,0,0,1.1677981963592099,1.1677981963592099,0,8205.8881152495906,0.5,1]
[19,32,0,0,0,0,0,30.601829207011054,0,6]
[20,32,0,0,0,0,0,95.205690866256603,0,0]
[21,32,2.4686067305633399,0.228122483565844,0,0,0,269.82202733556232,0.5,4]
[22,32,0,1.41682644856576,0.32988841394436696,0,0,734.73917301135884,1,18]
[23,32,0,5.1111466935800098E-2,1.7933160164883599,0,0,1282.1023394636468,0.5,15]
[24,32,2.3159527013538601,0,2.6299149958896524,0,0,381.93948512063542,1,22]
[25,32,0,0,6.21580335349649,0,0,234.9799051212934,0.5,12]
[26,32,0,0,5.7436804218535196,0,0,2306.4847829878113,0.5,15]
[27,32,0,0.20097822958906,8.9107993315619591,0,0,6852.3172332144914,1,29]
[28,32,0,1.1273943981144801,5.7418375830991009,0,0,98921.285939200665,1,48]
[29,32,3.2038204463130802,0.33403416874641001,6.5813281002352095,0,0,52584.845515464491,2,79]
[30,32,0,0,4.3372220183642902,0,0,35987.659754843618,0.5,4]
[31,32,1.86399078694539,0,5.3096459211816196,0,0,54454.996073398499,1,20]
[32,32,3.24014831686199,0.23123762113160301,2.5419402845153596,0,0,38133.579760011417,0.5,14]
[33,32,2.0929060769073602,0,2.4325861619977638,0,0,2210.4617612976294,1,32]
[34,32,4.3690642486008899,0,1.9234006870501474,0,0,633.38504069380815,0.5,12]
[35,32,2.0672905433247499,0,0.50644540358164392,0,0,161.30959180844275,0.5,5]
[36,32,2.08262642167962,0.87718844138829599,0.892061220462121,0,0,590.3148579266292,0.5,2]
[37,32,2.1461620279632401,0.61340734373724504,1.3149166470794103,0,0,969.93896493850752,1,21]
[38,32,3.07832543689186,0,0,0,0,2151.1414597938783,1,22]
[39,32,0,0,0.64978202672530205,0.64978202672530205,0.64978202672530205,1032.5283854661877,0,0]
[40,32,0,0,1.1080349453692799,1.1080349453692799,1.1080349453692799,918.0548762103316,0,0]
[41,32,0,0,1.03638680773758,1.03638680773758,1.03638680773758,838.7168004884511,0,0]
[42,32,0,0,1.0347293784705101,0,0,765.04573017527639,0,0]
[43,32,0,0,1.04559374634302,1.04559374634302,1.04559374634302,15427.992821219781,0.5,0]
[44,32,0.53825819829806099,0,9.3959386226864394E-2,9.3959386226864394E-2,9.3959386226864394E-2,949.79010649908378,0,0]
[45,32,0.99053891116034698,0,0,0,0,873.85223402242673,0,1]
[46,32,0,0,0,0,0,253.88184231001765,0,0]
[47,32,0,0,0,0,0,126.94092115500882,0,0]
[48,32,0,0,0,0,0,910.12106863814358,0,0]
[49,32,0,0,0,0,0,104.27289952018582,0,0]
[50,32,0,0,0,0,0,104.27289952018582,0,0]
[1,33,0,0,1.1243512587208699,1.1243512587208699,0,286.75047368051099,0,0]
[2,33,0,0,0,0,0,318.48570396926317,0,0]
[3,33,0,0,0,0,0,578.03455168798655,0,0]
[4,33,0,0,0.24244607616535699,0.24244607616535699,0,445.42662512427194,0,0]
[5,33,0,0,0.56283980305663905,0.56283980305663905,0,255.01524339175876,0,0]
[6,33,0,0,0,0,0,265.21585312742911,0,0]
[7,33,0.37729643832908,0,0,0,0,313.95209964229855,0,0]
[8,33,0.80672483574672904,0,0.33945486193405494,0.33945486193405494,0,6708.0501876348162,0,3]
[9,33,0,0,0,0,0,487.20547998876714,0,0]
[10,33,0,0,0,0,0,119.00711358282075,0,0]
[11,33,0,0,0,0,0,86.138482212327403,0,0]
[12,33,0,0,0,0,0,136.00812980893804,0,0]
[13,33,0,0,0,0,0,380.82276346502641,0,0]
[14,33,0,0,0,0,0,565.56713978883374,0,0]
[15,33,0,1.12189216282307,0,0,0,1018.0030292396873,0,0]
[16,33,0,0,1.25997656477369,1.25997656477369,0,824.05395298296912,0.5,0]
[17,33,0,0,0.246003091002818,0,0,787.71375181009932,0,0]
[18,33,0,0,1.1316386847798301,1.1316386847798301,0,903.10249249381911,0.5,3]
[19,33,0,0,0,0,0,107.67310276540927,0,0]
[20,33,0,0.25763131750620799,0,0,0,645.38259655433581,0.5,3]
[21,33,0.92169943941788501,1.3638760489095501,0,0,0,602.56937843282822,0.5,11]
[22,33,2.6386873817474301,0,0,0,0,5367.3048348393295,0.5,2]
[23,33,8.5081808253912095E-2,0,5.6143493391064891E-2,0,0,814.91537777188682,0,0]
[24,33,1.8093233664861199,4.8113395537013201E-2,1.4523303517241779,0,0,272.66524550846447,0.5,11]
[25,33,0.67507099892755895,0.42845416984670398,8.4144895885370801,0,0,2611.1339732089218,0.5,17]
[26,33,0,0,1.2400642113445561,0,0,208.99134418621944,0.5,2]
[27,33,0,0,5.6343846324055997,0,0,3602.6642596246229,0.5,11]
[28,33,0,0,8.0068222512647189,0,0,70991.002764271325,0.5,7]
[29,33,2.5747363220570301,0.240314660375859,2.5387252000601439,0,0,60102.913200781848,1,25]
[30,33,2.2771728515600298,1.1386097843723999,2.0213576629610097,0,0,15639.745456111468,0.5,2]
[31,33,2.2759568767888201,1.1368757181126301,1.1803681849937626,0,0,11979.578782625709,0.5,4]
[32,33,1.72580944229292,0.20523011217905501,0.32109344842715504,0,0,3209.5405234660484,0.5,2]
[33,33,2.2374183598758601,0,2.2622353510532567,0,0,3724.6905102091396,0.5,6]
[34,33,2.24453830073104,0,2.9632151257475194,2.9632151257475194,1.06263710974982,2025.5653601387987,0.5,2]
[35,33,0,0,1.9315704936406131,1.9315704936406131,0.42868512141437298,384.22296671024992,0,0]
[36,33,0,0,2.8576101596177699,2.8576101596177699,1.7201643284974399,830.78299291626286,0,1]
[37,33,0,0,2.0957444997020298,2.0957444997020298,2.0957444997020298,916.92147512859037,0,0]
[38,33,1.18464829712232,1.2696974865619E-2,2.81741151254709,0,0,3146.3217049800919,0,1]
[39,33,0.94130898165743004,0,0.48486578725334395,0.48486578725334395,0.484865787253344,19262.446676015919,0.5,6]
[40,33,0,0,0,0,0,947.52330433560155,0,0]
[41,33,0,0,0,0,0,1995.9193049461655,0,0]
[42,33,0,0,0,0,0,398.95718077288484,0,1]
[43,33,0,0,0,0,0,1139.8043992368791,0,0]
[44,33,0,0,0,0,0,1068.7972200819045,0,0]
[45,33,0.55165851050895498,0,0,0,0,1351.0140894354508,0,0]
[46,33,1.10211761778529,0,0.36888228756314101,0.36888228756314101,0,8808.162230323238,0,3]
[47,33,0,0,0,0,0,1083.5314341445394,0,0]
[48,33,0,0,1.2213693040706799,1.2213693040706799,0,498.69647596610599,0,0]
[49,33,0,0,0,0,0,63.470460577504412,0,0]
[50,33,0,0,0,0,0,208.54579904037163,0,0]
[1,34,0,0,1.5125377236922899,1.5125377236922899,0,120.14051466456191,0,2]
[2,34,0,0,1.03507245931644,1.03507245931644,0,224.41341418474772,0,0]
[3,34,0,0,1.0589445981832399,1.0589445981832399,0,326.41951154145124,0,0]
[4,34,0,0,0.82581202616126803,0.82581202616126803,0,112.20670709237386,0,0]
[5,34,0,0,0.48767402377508301,0.48767402377508301,0,36.268834615716784,0,0]
[6,34,0,0,1.04145906611309,1.04145906611309,0,32.868631370493354,0,0]
[7,34,0,0,1.0415286213892001,0,0,120.14051466456191,0,0]
[8,34,1.20719276396553,0,1.24664995625858,1.24664995625858,0,582.79594459824477,0.5,16]
[9,34,0,0,0,0,0,112.20670709237386,0,0]
[10,34,0,0,0,0,0,0,0,0]
[11,34,0,0,0,0,0,0,0,2]
[12,34,0,0,0,0,0,13.600812980893803,0,0]
[13,34,0,0,0,0,0,165.47655793420793,0,3]
[14,34,0,0,0,0,0,299.21788557966357,0,0]
[15,34,0,1.14769969731357,0.87600121337584613,0,0,459.83753954370468,0.5,6]
[16,34,0,0,0.23364642113039999,0.23364642113039999,0,317.2770147490275,0.5,1]
[17,34,0,0,0,0,0,317.35230288752206,0,0]
[18,34,0,0,1.1349795415375701,1.1349795415375701,0,571.74834057162627,0.5,0]
[19,34,0,0,0,0,0,92.938888702774321,0,1]
[20,34,0,0,0,0,0,408.1461265035478,0,0]
[21,34,0,0,0,0,0,269.74945745439379,0,0]
[22,34,0,0,0,0,0,60.070257332280953,0,3]
[23,34,2.35460088816947,0,0,0,0,369.89686376518404,0.5,8]
[24,34,2.2044955694895898,0,0,0,0,35.384039493464854,0.5,15]
[25,34,5.7849310553556696,0.35601890794989299,6.8223187840426007,0,0,312.21211317763112,1,21]
[26,34,2.3804871215459298,0,2.8933672567742916,0,0,380.89877807671007,0.5,2]
[27,34,2.0888937750689802,0,1.3200619539057179,0,0,504.17449239227125,0.5,2]
[28,34,2.0885856749616698,0,0.64619868074114795,0,0,4499.5673290888126,0.5,3]
[29,34,4.1952730043990201,0,1.0874628873016201,1.0874628873016201,1.0874628873016201,18545.39952275129,0.5,16]
[30,34,0,0,0.23022205847895399,0.23022205847895399,0.23022205847895399,885.18624483983831,0,0]
[31,34,0,0,1.1481198672528901,1.1481198672528901,1.1481198672528901,109.92025955430287,0,0]
[32,34,0,0,1.1473774977287701,1.1473774977287701,1.1473774977287701,503.23008029307061,0,0]
[33,34,0.47659087054537902,0.90638334814723498,2.8581225799946264E-2,0,0,2002.6709466906691,0,0]
[34,34,3.1468398804709201,0,1.2668500380482213,1.2668500380482213,0.90527464392528301,1012.1492950287056,0.5,13]
[35,34,0,0,1.6810332165297499,1.6810332165297499,0,163.18059150329498,0,0]
[36,34,0,0,0.98273292923966704,0.98273292923966704,0,301.48468774314597,0,0]
[37,34,0,0,0,0,0,340.02032452234505,0,0]
[38,34,0,0,0,0,0,1349.8806883537097,0,0]
[39,34,1.26997245371568,0,0,0,0,674.39495387918817,0,2]
[40,34,0,0,0,0,0,1027.9947811392233,0,0]
[41,34,0,0,0,0,0,556.49993113490473,0,0]
[42,34,0,0,0,0,0,317.35230288752206,0,0]
[43,34,0,0,0,0,0,599.56917224106826,0,0]
[44,34,0,0,0,0,0,317.35230288752206,0,0]
[45,34,0,0,0,0,0,494.16287163914149,0,0]
[46,34,0.24041126214582001,0,1.8919793180101898,0,0,553.10786001829524,0.5,0]
[47,34,1.2635700046338001,0,1.0156809381044001,1.0156809381044001,0,976.67973274985218,0.5,2]
[48,34,0.43432392474803799,0,0.6581548375888151,0.6581548375888151,0,1628.697354462033,0,0]
[49,34,0,0,0,0,0,81.604877885362811,0,0]
[50,34,0,0,0.74278311715037604,0.74278311715037604,0,111.07330601063272,0,0]
[1,35,0,0,0,0,0,206.27899687688932,0,0]
[2,35,0,0,0,0,0,224.41341418474772,0,0]
[3,35,0,0,0,0,0,120.14051466456191,0,0]
[4,35,0,0,0,0,0,112.20670709237386,0,0]
[5,35,0,0,0,0,0,36.268834615716784,0,0]
[6,35,0,0,0,0,0,112.20670709237386,0,0]
[7,35,0,0,0,0,0,206.27899687688932,0,0]
[8,35,1.1227129594813301,0,0,0,0,614.58003796945297,0,3]
[9,35,0,0,0,0,0,261.81564988220566,0,0]
[10,35,0,0,0,0,0,73.671070313174752,0,0]
[11,35,0,0,0,0,0,75.937872476657034,0,0]
[12,35,0,0,0,0,0,36.268834615716784,0,0]
[13,35,0,0.306046212968064,0,0,0,313.95209964229855,0,1]
[14,35,0,1.0459273200461801,0,0,0,344.47403153931975,0.5,0]
[15,35,0,2.1611781693307601,0,0,0,413.16069643839859,1,18]
[16,35,0,0,0,0,0,274.7466595963154,0.5,1]
[17,35,0,1.0337979368719601,0.45891875074426403,0,0,296.16964704580323,0,2]
[18,35,0,0,1.2129029400926503,1.2129029400926503,0,876.6048963202303,0.5,2]
[19,35,0,1.10147191897581,0.16015676850020388,0,0,509.00151461984365,0,3]
[20,35,0,0,1.839063705664022,1.839063705664022,1.2771812272155101,269.63131970139199,0.5,3]
[21,35,0,0,1.0466932447865749,1.0466932447865749,0.24475815399443601,222.14661202126544,0,0]
[22,35,0,0,0.52357664837955198,0,0,159.80955252550217,0,0]
[23,35,0,0,2.0851125041590302,2.0851125041590302,0,328.9358352858294,0.5,2]
[24,35,0,0,1.5857919758687,0,0,159.80955252550217,0,2]
[25,35,2.5618480131127899,0,4.5059937077727898,0,0,291.39797229912239,0.5,9]
[26,35,0,0,0.91582625526039196,0.91582625526039196,0,4406.1439352006582,0.5,3]
[27,35,0,0,0,0,0,397.82377969114361,0,0]
[28,35,0,0,0.25217592904568398,0,0,1654.7655793420795,0,0]
[29,35,2.23524583389626,0,1.1622732238344002,0,0,2303.0846882069927,0.5,0]
[30,35,0,0,0.93055279199904595,0.93055279199904595,0.93055279199904595,851.12537062367085,0.5,2]
[31,35,0,0,0,0,0,551.96632680794005,0,10]
[32,35,0,0,0,0,0,1720.6046161708568,0,1]
[33,35,0,0.37477861251681399,0,0,0,1003.0599573409179,0,2]
[34,35,2.2440661702667102,0,1.1236285044434799,0,0,1904.4938903835503,0.5,10]
[35,35,0,0,1.3685468254630999,1.3685468254630999,1.3685468254630999,590.15690456730374,0.5,1]
[36,35,0,0,0.74308927285631898,0.74308927285631898,0.74308927285631898,211.94600228559506,0,0]
[37,35,0,0,0,0,0,41.935840024422561,0,0]
[38,35,0,0,7.8542937584926698E-2,0,0,6003.6255299828717,0,2]
[39,35,0.33048044830456103,0,3.6929722853904901,3.6929722853904901,3.6929722853904901,834.88252003924981,0.5,1]
[40,35,0.972459335268132,0,0.83907132394371786,0.83907132394371786,0.83907132394371797,953.19030974430723,1,3]
[41,35,0,0,0,0,0,635.83800685678534,1,0]
[42,35,0,0,0,0,0,97.472493029738928,0,0]
[43,35,0,0,0,0,0,593.9021668323627,0,0]
[44,35,0,0,0,0,0,314.11932262433675,0,0]
[45,35,0,0,0,0,0,277.68326502658175,0,0]
[46,35,0,0,0.89283353038556301,0.89283353038556301,0,317.35230288752206,0,0]
[47,35,0,0,0.27527788304027001,0.27527788304027001,0,477.16185541302417,0,1]
[48,35,0.82790084541542996,0,0,0,0,741.24430745871223,0,0]
[49,35,1.1213228961322399,0,0.59121110002836397,0.59121110002836397,0,674.39495387918817,0,1]
[50,35,0,0,0.96576087583686199,0.96576087583686199,0,556.49993113490473,0,2]
[1,36,0,0,0,0,0,112.20670709237386,0,1]
[2,36,0,0,0,0,0,2896.9731649303799,0,0]
[3,36,0,0,0,0,0,126.94092115500882,0,0]
[4,36,0,0,0,0,0,73.671070313174752,0,0]
[5,36,0,0,0,0,0,148.47554170809067,0,0]
[6,36,0,0,0,0,0,94.072289784515434,0,0]
[7,36,0,0,0,0,0,58.93685625053979,0,0]
[8,36,1.1240549888775599,0,0,0,0,616.69956809104485,0,0]
[9,36,0,0,0,0,0,266.34925420917023,0,0]
[10,36,0,0,0,0,0,112.82653220792506,0,0]
[11,36,0,0,0,0,0,35.899351157067059,0,0]
[12,36,0,0,0,0,0,126.92984873391565,0,0]
[13,36,0,0.73857566986564305,0,0,0,313.95209964229855,0,0]
[14,36,0,0,0,0,0,358.42556956289445,0.5,0]
[15,36,0,0,0,0,0,412.11998939447318,0.5,1]
[16,36,0,0,0,0,0,299.21788557966357,0,0]
[17,36,0,0,1.24971018527429,0,0,375.15575805632074,0,1]
[18,36,0,0,0.115049669622863,0.115049669622863,0,6622.7516116213374,0.5,5]
[19,36,0,0,0,0,0,337.75352235886271,0,0]
[20,36,0,0,0,0,0,233.48062283867691,0,1]
[21,36,0,0,0.78287032787265098,0.78287032787265098,0,30.601829207011054,0,0]
[22,36,0,0,0,0,0,126.94092115500882,0,0]
[23,36,0,0,2.8090232079055499,2.8090232079055499,0,245.57538387777674,0.5,0]
[24,36,0,0,2.0442722954924157,0,0,232.34722175693577,0,0]
[25,36,0.172338488613067,0,5.1827305283218932,0,0,73.634255982709476,0.5,4]
[26,36,2.79275581561599,0,1.2597868699798984,1.2597868699798984,0.61799891788025096,1783.7718732881992,1,27]
[27,36,0,0,0.56761511097128203,0.56761511097128203,0.56761511097128203,317.35230288752206,0,0]
[28,36,0,0,1.3163094053293001,0,0,1176.4703228473143,0,0]
[29,36,2.2360601208925299,0,1.8345140396030297,1.8345140396030297,1.8345140396030299,778.44886885622702,0.5,2]
[30,36,0,0.58002707149425803,0,0,0,635.83800685678534,0,1]
[31,36,0,0,0,0,0,906.35106261070302,0.5,3]
[32,36,0,0,0,0,0,2299.6707948527942,0,0]
[33,36,0,0,0,0,0,873.85223402242673,0,0]
[34,36,2.2452426993856398,0,2.6799244627676893,0,0,656.68614471695082,0.5,11]
[35,36,0,0,2.3293796335637103,0,0,607.48261185735294,0.5,14]
[36,36,0,0,4.2495079067858494,0,0,380.08270367545617,0.5,9]
[37,36,0.98612599111446997,0,4.3491676752486104,4.3491676752486104,2.0117256262293699,303.1998775758625,1,20]
[38,36,0.14408421114643599,0,2.1601667844241401,0,0,278.81666610832292,0,0]
[39,36,0,0,6.1900443169818384,6.1900443169818384,0.24417201673692801,474.25337895662386,0.5,2]
[40,36,0.94186465902987804,0,0.70025033557422001,0.70025033557422001,0,675.50704471772542,0,0]
[41,36,0.40568038221042302,0,0,0,0,873.85223402242673,0,0]
[42,36,0,0,0,0,0,556.49993113490473,0,0]
[43,36,0,0,0,0,0,476.028454331283,0,0]
[44,36,0,0,0,0,0,198.34518930470128,0,0]
[45,36,0,0,0,0,0,198.34518930470128,0,0]
[46,36,0,0,0.57660274984001902,0.57660274984001902,0,70.270867067951329,0,0]
[47,36,0,0,1.3094882803516401,1.3094882803516401,0,198.34518930470128,0,0]
[48,36,0,0,1.07137339646285,1.07137339646285,0,634.70460577504412,0,0]
[49,36,0.13739896656379,0,0.85195038013833002,0.85195038013833002,0,675.50704471772542,0,0]
[50,36,1.2556532863771399,0,0,0,0,430.7922138848046,0,4]
[1,37,0,0,0,0,0,36.268834615716784,0,0]
[2,37,0,0,0,0,0,853.45101455108613,0,0]
[3,37,0,0,0,0,0,138.27493197242035,0,0]
[4,37,0,0,0,0,0,21.534620553081851,0,0]
[5,37,0,0,0,0,0,72.537669231433568,0,0]
[6,37,0,0,0,0,0,31.735230288752206,0,0]
[7,37,0,0,0.179258864997284,0,0,62.337059495763249,0,0]
[8,37,1.12013204268319,0,0.65636732154720479,0.65636732154720479,0,871.53781599468005,0.5,0]
[9,37,0,0,0,0,0,233.48062283867691,0,0]
[10,37,0,0,0,0,0,187.01117848728978,0,0]
[11,37,0,0,0,0,0,74.804471394915893,0,0]
[12,37,0,0,0,0,0,112.20670709237386,0,0]
[13,37,0,0,0,0,0,328.68631370493358,0,0]
[14,37,0,0,0,0,0,375.15575805632074,0,1]
[15,37,0,1.2365960179873099,0,0,0,413.16069643839859,0.5,1]
[16,37,0,0,0.70966832859589501,0,0,394.15984084862117,0.5,5]
[17,37,0,0,0.54648560153512704,0.54648560153512704,0,429.89411213434784,0.5,0]
[18,37,0,0,0,0,0,711.77587933344239,0,0]
[19,37,0,0,1.31452831387433,1.31452831387433,0,224.41341418474772,0,0]
[20,37,0,0,0,0,0,89.538685457550869,0,0]
[21,37,0,0,0.95629564296442304,0,0,89.382269875908776,0,0]
[22,37,0,0,1.705343987717969,0,0,141.85422843727852,0.5,0]
[23,37,0,0,4.3079349655119001,0,0,223.04553214587062,0.5,0]
[24,37,0,0,6.4401289194155407,0,0,85.54567974461834,1,20]
[25,37,0,0,2.9560629511647472,0,0,121.27995103034498,0.5,0]
[26,37,0.98114666465862999,0,1.8552677956214281,0,0,303.1998775758625,0.5,2]
[27,37,2.4183601385220101,0,1.0141985641490501,0,0,426.90151742762669,0.5,1]
[28,37,0.78911476521485602,0,2.3968191023155399,0,0,13623.420213506875,0.5,15]
[29,37,2.5827849288173699,0.59987645782436905,9.0252157502867796,0,0,699.35513351789371,1,45]
[30,37,0,0,1.04558476660615,1.04558476660615,1.04558476660615,435.30839566248818,0.5,2]
[31,37,0,0,1.04785470390966,0,0,81.604877885362811,0,0]
[32,37,0,0,0.18745326933824699,0.18745326933824699,0.18745326933824699,4379.0725175599564,0.5,5]
[33,37,0,0,1.4399152328884199,0,0,634.70460577504412,0,0]
[34,37,2.24575524795168,0.37440192743586398,1.8944588537321096,0,0,438.13766549260902,1,39]
[35,37,0,1.03664952830377,0.51820422574144209,0,0,365.28817241782843,0.5,4]
[36,37,0,0.99159735692647,6.2950126560484092,0,0,303.1998775758625,0.5,10]
[37,37,9.6517035574321702E-2,0,2.089058261309487,0,0,303.1998775758625,0.5,0]
[38,37,0,0,3.9820509788955198,0,0,336.76843545033296,0.5,10]
[39,37,0,0,5.9472492276040496,0,0,337.85129215596095,0.5,17]
[40,37,0,0,4.6294552800775799,4.6294552800775799,0,109.36852726843608,0.5,2]
[41,37,1.27589933382582,0,0.67350357069332301,0.67350357069332301,0,809.01752071818976,0,1]
[42,37,0,0,0,0,0,516.83089327396453,0,0]
[43,37,0,0,0,0,0,396.69037860940256,0,0]
[44,37,0,0,0,0,0,158.67615144376103,0,0]
[45,37,0,0,0.89368942082755787,0.89368942082755787,0,221.68476424283281,0.5,1]
[46,37,0,0,1.41955142254482,0,0,238.0142271656415,0,1]
[47,37,0,0,2.8583386337815999,0,0,2408.4411501407649,0.5,0]
[48,37,0,0,2.2561639543158201,2.2561639543158201,0,394.27240530835707,0.5,0]
[49,37,0,0,1.7674092253767999,1.7674092253767999,0,114.47350925585614,0,0]
[50,37,0,0,1.0877722920533901,1.0877722920533901,0,175.67716766987823,0,0]
[1,38,0,0,0,0,0,69.137465986210174,0,0]
[2,38,0,0,0,0,0,447.69342728775433,0,0]
[3,38,0,0,0,0,0,408.02438942681397,0,0]
[4,38,0,0,0,0,0,74.804471394915893,0,0]
[5,38,0,0,0,0,0,145.07533846286714,0,0]
[6,38,0,0,0,0,0,225.54681526648889,0,0]
[7,38,0,0,0,0,0,561.03353546186929,0,0]
[8,38,1.14152269697591,0,0,0,0,1485.9767139657397,0,0]
[9,38,0,0,0,0,0,119.00711358282075,0,0]
[10,38,0,0,0,0,0,97.472493029738928,0,0]
[11,38,0,0,0,0,0,65.737262740986708,0,0]
[12,38,0,0,0,0,0,2243.0007407657367,0,0]
[13,38,0,0,0,0,0,374.02235697457957,0,0]
[14,38,0,0,0,0,0,523.63129976441132,0,0]
[15,38,0,6.4209510773267198E-2,0.93174945860745095,0,0,6398.0491064287926,0,6]
[16,38,0,0,1.83898819370149,1.83898819370149,0,1005.8154446217675,0.5,4]
[17,38,0,0,1.07380856371296,1.07380856371296,0,711.77587933344239,0,0]
[18,38,0,0,1.09782589300716,1.09782589300716,0,2917.3743844017208,0,0]
[19,38,0,0,2.2361064908646897,2.2361064908646897,1.20736441226417,190.41138173251321,0,0]
[20,38,0,0,1.07922997734343,1.07922997734343,1.07922997734343,221.01321093952421,0,0]
[21,38,0,0,1.5324213904763999,0,0,221.01321093952421,0,0]
[22,38,0,0,4.2207744866974597,0,0,606.05301158827467,0.5,0]
[23,38,0,0,4.7278776499109911,0,0,2185.2048319574656,0.5,0]
[24,38,0,0,4.57679436308762,4.57679436308762,1.83094059480495,595.57118809544409,0.5,0]
[25,38,0,0,1.6648906363608424,0,0,854.58441563282702,0,0]
[26,38,0,0,2.7873470930969102,2.7873470930969102,1.5014363815342899,7839.8825487473005,0.5,2]
[27,38,0.50915378354277097,0,1.0951621240054901,0,0,1506.2900376339885,0,0]
[28,38,7.1124215559478703,0,1.2684977882522794,0,0,3351.076681439908,1,34]
[29,38,4.8206043412459803,0,0.16193387372910095,0.16193387372910095,0.16193387372910101,2840.0985224710357,0.5,3]
[30,38,0.32488229334727797,0,0,0,0,1270.5426126318296,0,0]
[31,38,0,0,0,0,0,634.70460577504412,0,0]
[32,38,0,0,0.89785921514631595,0,0,2919.641186565203,0,0]
[33,38,0,0,3.7234141781738099,0,0,5312.4949978113627,1,19]
[34,38,2.6598554940050301,0.27480264240580798,6.0123778317475702,0,0,582.79594459824477,2,71]
[35,38,0,0,3.8524055031149995,3.8524055031149995,3.852405503115,582.79594459824477,0.5,11]
[36,38,0,0,0,0,0,503.23008029307061,0,1]
[37,38,0,0,0,0,0,377.42256021980302,0,0]
[38,38,0,0,1.1526577522643899,1.1526577522643899,0,884.05284375809686,0,1]
[39,38,0,0,0,0,0,335.48672019538049,0,1]
[40,38,0,0,9.3747129003676696E-2,9.3747129003676696E-2,0,4804.4871855007359,0,0]
[41,38,1.13163658815406,0,0,0,0,989.79639618770591,0,0]
[42,38,0,0,0,0,0,914.65467296510815,0,0]
[43,38,0,0,0,0,0,1257.7594101815278,0,0]
[44,38,0,1.05559404548873,0,0,0,538.4902673560058,0,0]
[45,38,0,0,1.6921656644169747,1.6921656644169747,1.4475334562084201,6584.5534669162416,0.5,16]
[46,38,0,0,0.247830468438933,0.247830468438933,0.247830468438933,857.9846188780507,0,1]
[47,38,0,0,0,0,0,715.17608257866584,0,0]
[48,38,0,0,1.2249006321512299,0,0,1311.3450515745108,0,0]
[49,38,0,0,2.54670896316357,2.54670896316357,0,832.47802149393124,0.5,0]
[50,38,0,0,1.13152081922706,1.13152081922706,0,1098.2656482071748,0,0]
[1,39,0,0,0,0,0,89.538685457550869,0,0]
[2,39,0,0,0,0,0,3259.6615110875473,0,0]
[3,39,0,0,0,0,0,374.02235697457957,0,0]
[4,39,0,0,0,0,0,71.40426814969247,0,0]
[5,39,0,0,0,0,0,131.47452548197342,0,0]
[6,39,0,0,0,0,0,36.268834615716784,0,0]
[7,39,0,0,0,0,0,299.21788557966357,0,0]
[8,39,1.15282640215312,0,0,0,0,616.69956809104485,0,1]
[9,39,0,0,0,0,0,206.27899687688932,0,0]
[10,39,0,0,0,0,0,148.47554170809067,0,0]
[11,39,0,0,0,0,0,148.47554170809067,0,0]
[12,39,0,0,0,0,0,31.735230288752206,0,0]
[13,39,0,0,0,0,0,221.01321093952421,0,0]
[14,39,0,0,0,0,0,224.41341418474772,0,0]
[15,39,0,0,0,0,0,337.75352235886271,0,1]
[16,39,0,0,0,0,0,413.16069643839859,0.5,0]
[17,39,0,0,0,0,0,412.55799375377865,0,0]
[18,39,0,0,0.75617215406066995,0.75617215406066995,0.75617215406066995,455.62723485994235,0,0]
[19,39,0,0,0.52619553114979001,0.52619553114979001,0.52619553114979001,100.87269627496237,0,0]
[20,39,0,0,0,0,0,131.47452548197342,0,0]
[21,39,0,0,0.92139433127678105,0.92139433127678105,0,131.47452548197342,0,1]
[22,39,0,0,0.64693383136767402,0.64693383136767402,0,89.538685457550869,0,0]
[23,39,0,0,0.899242206991545,0.899242206991545,0,179.07737091510174,0,0]
[24,39,0,0,0,0,0,556.49993113490473,0,0]
[25,39,0,0,1.29076295197516,0,0,683.28258125131879,0.5,0]
[26,39,1.2467133659018299,0,1.2457306172481699,0,0,3385.4200138894471,0.5,2]
[27,39,2.2180455569603201,0,1.5378476413650497,0,0,1065.3536384469853,0.5,2]
[28,39,0,0,9.8122600383597991,9.8122600383597991,1.34712699998501,1442.3651318966024,1,22]
[29,39,0,1.1180167996025401,0,0,0,1438.5382856510439,0,0]
[30,39,2.0624136831943001,0,0,0,0,583.83665164217041,0.5,8]
[31,39,2.3824367497213998,0,0,0,0,354.6956227885326,0.5,2]
[32,39,2.7481376072233801E-2,1.27188936329493,1.7144867589184523,0,0,4231.5148406008275,0.5,4]
[33,39,0,2.08229442862695,5.0595780831491846,0,0,582.79594459824477,2,73]
[34,39,2.3409942678196298,2.0909731917446401,6.2692964803011701,0,0,160.26888476451734,2,53]
[35,39,0,2.07931560318444,2.5819575161174915,0,0,224.79272148789443,0.5,6]
[36,39,0,2.0955286010920302,1.5095777467349354,0,0,43.709695844868357,0.5,6]
[37,39,0,2.1245426912918099,0,0,0,30.402481953302789,0.5,3]
[38,39,0,0,1.3905908416542401,1.3905908416542401,0,502.90772231088374,0.5,2]
[39,39,0,0,0,0,0,162.82919989098272,0,3]
[40,39,0,0,0,0,0,269.2451336780029,0,0]
[41,39,0.27233765523685799,0,0,0,0,448.47732500473575,0,6]
[42,39,0.86150952228702504,0,0,0,0,674.39495387918817,0,0]
[43,39,0,0,0,0,0,954.32371082604834,0,0]
[44,39,0,0,0,0,0,397.82377969114361,0,0]
[45,39,0,0,0.41143649146192107,0.41143649146192107,0.41143649146192102,358.99351157067059,0,0]
[46,39,0,0,0,0,0,282.21686935354643,0,0]
[47,39,0,0,0,0,0,556.49993113490473,0,0]
[48,39,0,0,0,0,0,599.56917224106826,0,0]
[49,39,0.359138558014925,0,0.41077357390637592,0,0,873.85223402242673,0,0]
[50,39,1.2992207776006199,0,1.1046776311231099,1.1046776311231099,0,976.67973274985218,0.5,0]
[1,40,0,0,0,0,0,89.538685457550869,0,0]
[2,40,0,0,0,0,0,281.08346827180532,0,0]
[3,40,0,0,0,0,0,380.82276346502641,0,0]
[4,40,0,0,0,0,0,89.538685457550869,0,0]
[5,40,0,0,0,0,0,131.47452548197342,0,0]
[6,40,0,0,0,0,0,36.268834615716784,0,0]
[7,40,0.94891149417020104,0,0,0,0,318.48570396926317,0,1]
[8,40,0.335188691315147,0,0,0,0,6872.9441596783336,0,0]
[9,40,0,0,0,0,0,261.81564988220566,0,0]
[10,40,0,0,0,0,0,89.538685457550869,0,1]
[11,40,0,0,0,0,0,131.47452548197342,0,0]
[12,40,0,0,0,0,0,75.937872476657034,0,0]
[13,40,0,0,0,0,0,241.41443041086504,0,0]
[14,40,0,0,0,0,0,131.47452548197342,0,0]
[15,40,0,0,0,0,0,261.81564988220566,0,0]
[16,40,0,0,0,0,0,337.75352235886271,0,0]
[17,40,0,0,0,0,0,509.00151461984365,0,1]
[18,40,0,0,1.26460606881223,1.26460606881223,1.26460606881223,6692.7333876814919,0,1]
[19,40,0,0,0,0,0,168.87676117943136,0,0]
[20,40,0,0,0,0,0,2075.8363046890299,0.5,0]
[21,40,0,0,1.25347047114247,1.25347047114247,0,107.67310276540927,0,0]
[22,40,0,0,0,0,0,30.601829207011054,0,0]
[23,40,0,0,0.58018353977385595,0.58018353977385595,0,2509.3499949749062,0,0]
[24,40,0.30197343652577002,0,0.30041359600933593,0,0,337.75352235886271,0,0]
[25,40,2.2448340454998399,0,3.0167109473971414,0,0,2128.24590482752,0.5,1]
[26,40,1.6850943204508999,0,2.751045597179842,2.751045597179842,0.31365733370391202,875.23462394129285,0.5,2]
[27,40,0,0,0,0,0,635.83800685678534,0,0]
[28,40,0,0,0,0,0,1422.4183575851434,0,0]
[29,40,0,0,8.3784325127918224E-2,8.3784325127918224E-2,8.3784325127918197E-2,719.26914282552195,0,0]
[30,40,0,0,0,0,0,634.70460577504412,0,0]
[31,40,0,0,2.6644434506486498,0,0,303.1998775758625,0.5,11]
[32,40,2.3482662570595201,2.3000309246479498,5.8747284027064026,0,0,327.82271883651282,2,74]
[33,40,2.1621467593304802,0,3.9301640826825803,0,0,1057.3583566282441,0.5,7]
[34,40,3.93430311049742,0.75009497260292202,15.278889691267922,0,0,3138.7724444791183,3,86]
[35,40,2.6788497407951799,0,4.9201759076744196,0,0,2293.7183248116644,0.5,1]
[36,40,0.61589085468148996,0,0.17241210591004896,0,0,1029.7967270523043,0.5,0]
[37,40,0,0,0,0,0,1448.1115181917851,0.5,0]
[38,40,0,0,0.42209098024023001,0.42209098024023001,0,170.01016226117252,0,0]
[39,40,0,0,0.89521071910189598,0.89521071910189598,0,56.670054087057508,0,0]
[40,40,0,0,0,0,0,223.28001310300652,0,0]
[41,40,0,0,0,0,0,437.49281755208398,0,0]
[42,40,1.18281249221401,0,0,0,0,7750.2509333348771,0,2]
[43,40,0,0,0,0,0,1347.6138861902275,0,1]
[44,40,0,0,0,0,0,634.70460577504412,0,0]
[45,40,0,0,0,0,0,719.26914282552195,0,0]
[46,40,0,0,0,0,0,635.83800685678534,0,0]
[47,40,0,0,0,0,0,145.07533846286714,0,0]
[48,40,0.58773132499805603,0,0,0,0,1328.3460678006279,0,0]
[49,40,0.97336405697453099,0,0,0,0,596.16896899584503,0,0]
[50,40,0,0,0.56722614752281697,0.56722614752281697,0,556.49993113490473,0,0]
[1,41,0,0,0,0,0,30.601829207011054,0,0]
[2,41,0,0,0,0,0,87.271883294068559,0,0]
[3,41,0,0,0,0,0,599.56917224106826,0,0]
[4,41,0,0,0,0,0,131.47452548197342,0,0]
[5,41,0,0,0,0,0,112.20670709237386,0,0]
[6,41,0,0,0.16416682600002599,0,0,224.41341418474772,0,0]
[7,41,1.50190140217547,0,1.3868090776992399,1.3868090776992399,0,439.56921824150294,0.5,3]
[8,41,1.07301900639396,0,0.78240722517278805,0.78240722517278805,0,7801.6982782411797,0,0]
[9,41,1.07820042634864,0,0,0,0,444.89553041079529,0,0]
[10,41,1.1817836061081299,0,0,0,0,282.0663305198126,0,0]
[11,41,0,0,0,0,0,100.87269627496237,0,0]
[12,41,0,0,0,0,0,40.802438942681405,0,0]
[13,41,0,0,0,0,0,206.27899687688932,0,0]
[14,41,0,0,0,0,0,94.072289784515434,0,0]
[15,41,0,0,0,0,0,100.87269627496237,0,0]
[16,41,0,0,0,0,0,261.81564988220566,0,0]
[17,41,0,0,1.0910720269183101,1.0910720269183101,1.0910720269183101,261.81564988220566,0,1]
[18,41,0,0,1.413851306605356,1.413851306605356,0.163214643056766,638.10480902026768,0,1]
[19,41,0,0,0,0,0,213.07940336733623,0,0]
[20,41,0,0,0,0,0,94.072289784515434,0,0]
[21,41,0,0,1.1519709768636801,1.1519709768636801,0,210.81260120385394,0,4]
[22,41,0,0,0,0,0,303.75148990662814,0,0]
[23,41,0,0,5.8387661606260099E-4,0,0,1900.4135183772805,0.5,3]
[24,41,3.0289449883047501,0,3.5321396093067499,0,0,1065.3536384469853,0.5,9]
[25,41,0,0,1.90907563175024,1.90907563175024,0,3562.5985615163836,0.5,6]
[26,41,0,0,0.35865966331489701,0.35865966331489701,0,715.17608257866584,0,0]
[27,41,0,0,1.2494032236680701,1.2494032236680701,0,556.49993113490473,0,0]
[28,41,0,0,1.16456822576953,0,0,1667.2329912412317,0,0]
[29,41,0,0,2.636325260834198,2.636325260834198,2.4407089015360199,2292.677617767738,1,18]
[30,41,0,0,0.53890743743991509,0.53890743743991509,0.53890743743991498,635.83800685678534,0,0]
[31,41,0,0,0,0,0,357.02134074846225,0,0]
[32,41,0,2.4860851723517698,4.6934386959607988,0,0,400.67221191129335,0.5,4]
[33,41,0,0,36.129430422285822,0,0,5889.6576219111294,1,8]
[34,41,0,2.5977028838991401,38.251816855991997,0,0,6297.3183227928212,1,28]
[35,41,2.60853714625271,0,25.356168856945999,0,0,4589.5180637111789,1,28]
[36,41,1.8304819356655,1.96064009675828,8.4719153126305784,0,0,3117.9583036006097,1,9]
[37,41,1.7319074708409401,0,1.0604845702286401,1.0604845702286401,0,1317.5351176096035,0.5,3]
[38,41,0,0,0.61982840541486295,0,0,377.42256021980302,0,0]
[39,41,0,0,1.9757690998872848,1.9757690998872848,0.80429741836424495,105.03710044592378,0.5,4]
[40,41,0,0,0.142648530560958,0.142648530560958,0,37.402235697457947,0,0]
[41,41,0,0,0,0,0,477.16185541302417,0,1]
[42,41,0.90894938797980696,0,0,0,0,871.5854318589445,0,5]
[43,41,0.45041508425989601,0,0,0,0,1586.7615144376102,0,1]
[44,41,0,0,0,0,0,794.51415830054634,0,0]
[45,41,1.0544253457244399,0,0,0,0,1078.2626543961926,0,2]
[46,41,1.04199617970514,0,0,0,0,1078.2626543961926,0,2]
[47,41,1.04192087343226,0,0.57108053172492701,0.57108053172492701,0,875.23462394129285,0.5,0]
[48,41,0.90565230205092395,0,0.10374740692316209,0.10374740692316209,0,6489.8545940498261,0,1]
[49,41,0,0,0,0,0,317.35230288752206,0,0]
[50,41,0,0,0,0,0,64.603861659245567,0,0]
[1,42,0,0,0,0,0,112.20670709237386,0,0]
[2,42,0,0,0,0,0,392.15677428243794,0,0]
[3,42,0,0,0,0,0,599.56917224106826,0,0]
[4,42,0,0,0,0,0,131.47452548197342,0,0]
[5,42,0,0,0,0,0,40.802438942681405,0,0]
[6,42,0,0,0,0,0,299.21788557966357,0,0]
[7,42,1.1471663570722499,0,0,0,0,509.00151461984365,0,1]
[8,42,0,0,0,0,0,454.49383377820118,0,0]
[9,42,0,0,0,0,0,95.205690866256603,0,0]
[10,42,2.7054876993775099E-2,0,0,0,0,299.21788557966357,0,0]
[11,42,1.4590279421560099,0,0,0,0,253.8596974678313,0,1]
[12,42,0.59040535469648203,0,0,0,0,112.18665665851528,0,0]
[13,42,0,0,0,0,0,201.74539254992473,0,0]
[14,42,0,0,0,0,0,40.802438942681405,0,0]
[15,42,0,0,0,0,0,100.87269627496237,0,0]
[16,42,0,0,0.61575640873780102,0.61575640873780102,0.61575640873780102,925.98868378251962,0,0]
[17,42,0,0,0.90738731597357203,0.90738731597357203,0.90738731597357203,224.41341418474772,0,0]
[18,42,0,0,1.1300244687490599,1.1300244687490599,0,1030.2615833027055,0,0]
[19,42,0,0,0,0,0,255.01524339175876,0,0]
[20,42,0,0,0,0,0,1082.3980330627983,0,0]
[21,42,0,0,1.1372442978303099,0,0,906.72086539292013,0,0]
[22,42,1.66926687123206,0,2.0026991904102802,0,0,438.13766549260902,0.5,1]
[23,42,2.4084264738672698,0,2.5683954545688601,2.5683954545688601,0.17010851296573001,5064.0804757411779,0.5,2]
[24,42,5.9127054456306297E-2,0,6.3935427472095893E-2,6.3935427472095893E-2,0,449.96022945123661,0,0]
[25,42,0,0,0.71902744540127705,0.71902744540127705,0,715.17608257866584,0,0]
[26,42,0,0,0.47597816506629498,0.47597816506629498,0,477.16185541302417,0,0]
[27,42,0,0,0,0,0,317.35230288752206,0,0]
[28,42,0,0,0,0,0,1660.4325847507851,0,1]
[29,42,0,0,2.06573767712446,2.06573767712446,2.06573767712446,8431.8084698838938,0.5,2]
[30,42,0,0,0.87016853579446407,0.87016853579446407,0.87016853579446396,548.5661235627166,0,0]
[31,42,0,0,0,0,0,450.02400914751911,0,3]
[32,42,0,0.43865707861776598,0.50828035745162503,0,0,596.16896899584503,0,1]
[33,42,0,2.1390681121134199,30.469205358742798,0,0,4659.2454356541821,1,11]
[34,42,0,2.6534452753956601,24.234661508959402,0,0,4815.3514922429977,1,42]
[35,42,1.60739769147849,3.6676401846383402,12.585162221404502,0,0,2695.4312437668832,2,67]
[36,42,1.5926256255015301,0.69156169449648097,13.2621811008857,0,0,1711.9630872573443,1,12]
[37,42,1.51792498387831,0,5.2379290936608198,5.2379290936608198,0,1929.4708594377603,0.5,3]
[38,42,1.10056447215984,0,0.33710217607772597,0,0,694.90886882608368,0,1]
[39,42,0,0,0,0,0,489.4512309438922,0.5,13]
[40,42,0,0,1.2235376059510401,1.2235376059510401,0,454.49383377820118,0,6]
[41,42,0,0,0,0,0,624.50399603937365,0,0]
[42,42,0,0,0,0,0,873.85223402242673,0,0]
[43,42,1.24158311897582,0,0,0,0,2177.0392237392807,0,1]
[44,42,1.35277448291272,0,0,0,0,719.26914282552195,0,2]
[45,42,8.5018301055001494E-2,0,0,0,0,873.85223402242673,0,0]
[46,42,0,0,0,0,0,794.51415830054634,0,0]
[47,42,0,0,0,0,0,794.51415830054634,0,0]
[48,42,0,0,0.96451502503586595,0.96451502503586595,0,638.10480902026768,0,0]
[49,42,0,0,0,0,0,41.935840024422561,0,1]
[50,42,0,0,0,0,0,35.135433533975664,0,0]
[1,43,0,0,0,0,0,200.61199146818359,0,0]
[2,43,0,0,0,0,0,466.96124567735382,0,0]
[3,43,0,0,0,0,0,990.5925454417652,0,0]
[4,43,0,0,0,0,0,261.81564988220566,0,0]
[5,43,0,0,0,0,0,369.48875264761494,0,0]
[6,43,0.47522356076940903,0,0,0,0,787.71375181009932,0,0]
[7,43,0.78603381856300503,0,0,0,0,6923.9472083566843,0,0]
[8,43,0,0,0,0,0,768.44593342049984,0,0]
[9,43,0,0,0,0,0,2127.3938304281392,0,0]
[10,43,0,0,0,0,0,232.34722175693577,0,0]
[11,43,0,0,0,0,0,407.71405956954732,0,0]
[12,43,0.46215310692776101,0,0,0,0,3349.2001965450986,0,0]
[13,43,1.1084749649152199,0,0,0,0,855.17382934870454,0,0]
[14,43,1.1049161755474799,0,0,0,0,366.68622967575641,0,0]
[15,43,0.77965022836877695,0,0.98569552696083096,0.98569552696083096,0.98569552696083096,3391.1360365695209,0,0]
[16,43,0,0,0.74236580739910096,0.74236580739910096,0.74236580739910096,692.50806094384257,0,0]
[17,43,0,0,0,0,0,394.42357644592022,0,0]
[18,43,0,0,1.31672524522362,0,0,8492.5743054864379,0,0]
[19,43,0,0,0.83242407629640203,0,0,4444.9449566979711,0.5,0]
[20,43,0,0,6.7545787153166899,0,0,5823.6033628678142,0.5,8]
[21,43,1.73570581613119,0,6.4456643205623028,0,0,6214.0617592787858,0.5,17]
[22,43,1.11382069523975,0,2.8257162471166302,2.8257162471166302,0,10739.05598626659,0.5,5]
[23,43,0,0,0,0,0,10973.589273417816,0,0]
[24,43,0,0,0,0,0,444.29322404253088,0,0]
[25,43,0,0,0,0,0,583.70155709669223,0,0]
[26,43,0,0,1.1826948231908201,1.1826948231908201,0,2260.0017569918541,0,0]
[27,43,0,0,0,0,0,950.923507580825,0,0]
[28,43,0,0,0,0,0,2579.6208620428579,0,0]
[29,43,0,0,0,0,0,1190.0711358282078,0,0]
[30,43,0,0,1.6750763019909101,1.6750763019909101,1.6750763019909101,1508.5568397974712,0,0]
[31,43,0,9.7286924255843302E-2,0,0,0,1587.8949155193516,0,2]
[32,43,0.43076656572568101,1.5450749126779499,4.4662071698356911,0,0,1531.9207686582438,0.5,14]
[33,43,0.27101786076787499,4.2289369604450497,9.8997738008837999,0,0,9708.7560127804045,1,28]
[34,43,0,1.60346596692161,22.601694287369231,0,0,4899.648762800959,1,12]
[35,43,0,2.7332198753672801,10.435568958167568,0,0,4403.2315028485255,1,49]
[36,43,3.8938042554001502,0.57079783205382495,11.520347214465158,0,0,4342.8704943008488,1,25]
[37,43,0,2.42108609089501,10.52475112552758,0,0,3903.6921217643148,1,35]
[38,43,2.4165621496531098,0,9.2204594651194913,9.2204594651194913,3.1516885052074701,9313.2873360887388,0.5,7]
[39,43,0,0,1.0483261060265872,0,0,1755.6382756170419,0,0]
[40,43,0,0,1.1484801651329899,1.1484801651329899,0,2472.1618589489076,0.5,1]
[41,43,0,0,0.98538313636731301,0.98538313636731301,0.98538313636731301,704.9754728429956,0,1]
[42,43,0,0,4.6701183522315999,0,0,1787.3735059057933,0,2]
[43,43,1.9926867677314799,0,1.2233847598006691,0,0,4274.1838294017716,1,43]
[44,43,2.27732802408861,0,2.0756795034213864,2.0756795034213864,1.3136171209916701,5750.9471247319661,2,81]
[45,43,0,0,0,0,0,1271.6760137135707,0,0]
[46,43,0,0,0,0,0,793.38075721880512,0,0]
[47,43,0,0,0,0,0,794.51415830054634,0,0]
[48,43,0,0,0,0,0,5310.3292844001044,0.5,2]
[49,43,0,0,0,0,0,381.95616454676758,0,0]
[50,43,0,0,0,0,0,139.40833305416146,0,0]
[1,44,0,0,0,0,0,89.538685457550869,0,0]
[2,44,0,0,0,0,0,224.41341418474772,0,0]
[3,44,0,0,0,0,0,230.08041959345348,0,0]
[4,44,0,0,0,0,0,112.20670709237386,0,0]
[5,44,0,0,0,0,0,281.08346827180532,0,0]
[6,44,1.23027096092278,0,0,0,0,3801.4848635965654,0,1]
[7,44,0,0,0,0,0,261.81564988220566,0,0]
[8,44,0,0,0,0,0,213.07940336733623,0,0]
[9,44,0,0,0,0,0,94.072289784515434,0,0]
[10,44,0,0,0,0,0,75.937872476657034,0,0]
[11,44,0,0,0,0,0,37.402235697457947,0,0]
[12,44,0,0,0,0,0,29.468428125269895,0,0]
[13,44,0,0,1.38125766157862E-2,1.38125766157862E-2,1.38125766157862E-2,261.81564988220566,0,0]
[14,44,0,0,1.3514249043978399,1.3514249043978399,1.3514249043978399,89.538685457550869,0,0]
[15,44,0.384976761565064,0,0.36841052343715808,0.36841052343715808,0.36841052343715802,202.8787936316659,0,2]
[16,44,1.09783614513984,0,0,0,0,360.27563125485148,0,0]
[17,44,1.1060411031984501,0,1.0453705077066111E-2,0,0,524.38695083001528,0,0]
[18,44,0.52849571124624595,0,3.0791681493730301,0,0,6288.1488895822622,0.5,1]
[19,44,2.5967179951530001E-2,0,8.0444967865372803,0,0,8027.2167588209577,2,58]
[20,44,3.1005945577092802,0,19.3197790303206,0,0,8409.9536219614583,2,55]
[21,44,1.63286241804308,0,6.2255360374195696,0,0,8602.4844250876631,2,57]
[22,44,0,0,0,0,0,3779.1699026419997,0.5,0]
[23,44,0,0,0,0,0,2692.9609702169728,0,0]
[24,44,0,0,0,0,0,4985.8313585793185,0,0]
[25,44,0,0,0,0,0,794.51415830054634,0,2]
[26,44,0,0,1.21547976415991,1.21547976415991,0,13662.102090227872,0.5,0]
[27,44,0.41779480690197901,0,0.74579613187211113,0,0,949.79010649908378,0,0]
[28,44,1.06721867563268,0,0,0,0,1736.7417815824224,0.5,0]
[29,44,1.04371293239087,0,0,0,0,539.7723870401868,0,0]
[30,44,1.06788485435293,0,0.61528851750208391,0.61528851750208391,0.61528851750208402,943.64008755719124,0,0]
[31,44,1.2642152298903999,0,0.15313196252870798,0,0,674.39495387918817,0,1]
[32,44,0.625480111197244,1.2062723104700499,0.59296163828086002,0,0,666.32106280988614,0.5,6]
[33,44,1.9434620235622,0,0.71139727945783804,0,0,1805.6267212106336,0.5,16]
[34,44,0,2.9111583939174799,9.7314667222073599,0,0,1683.8639970713575,1,9]
[35,44,0,2.6250106208644,11.833320118044588,0,0,2365.5271108425186,1,30]
[36,44,0.457023616435144,4.15380392394112,16.222982268065625,0,0,2689.1870015033292,1,34]
[37,44,2.6192456233353498,0,18.88972266090283,0,0,2919.1832582108514,3,95]
[38,44,2.2417389113761201,0,9.4362153066018308,9.4362153066018308,2.4365060100222902,5139.0113829038091,1,21]
[39,44,0,0,2.0848195179691591,2.0848195179691591,1.4528092643193899,420.88866321314009,0,0]
[40,44,0,0,1.216360869717257,1.216360869717257,5.1141007456646903E-2,567.83394195231631,0,0]
[41,44,0.39475988124293399,0,4.2477774953746303,0,0,398.95718077288484,0,0]
[42,44,2.4673119878924199,0,3.1178833475393093,0,0,976.67973274985218,0.5,5]
[43,44,1.21252767140773,0,1.3572896759619848,0,0,2309.3218583696248,0.5,3]
[44,44,2.4794148810913699,0,2.4791764625331796,2.4791764625331796,0,976.67973274985218,0.5,7]
[45,44,0,0,0,0,0,715.17608257866584,0,0]
[46,44,0,0,0,0,0,477.16185541302417,0,0]
[47,44,0,0,0,0,0,317.35230288752206,0,0]
[48,44,0,0,0,0,0,634.70460577504412,0,0]
[49,44,0,0,0,0,0,317.35230288752206,0,0]
[50,44,0,0,0,0,0,126.94092115500882,0,0]
[1,45,0,0,0,0,0,148.47554170809067,0,0]
[2,45,0,0,0,0,0,112.20670709237386,0,0]
[3,45,0,0,0,0,0,376.28915913806173,0,0]
[4,45,0,0,0,0,0,89.538685457550869,0,0]
[5,45,1.11855258367484E-2,0,0,0,0,224.41341418474772,0,0]
[6,45,1.1482602990581099,0,0,0,0,232.06366283675493,0,1]
[7,45,0,0,0,0,0,89.538685457550869,0,0]
[8,45,0,0,0,0,0,77.071273558398204,0,0]
[9,45,0,0,0,0,0,12.467411899152651,0,0]
[10,45,0,0,0,0,0,51.284787367238657,0,0]
[11,45,0,0,0,0,0,23.801422716564151,0,0]
[12,45,0,0,1.1025187410049899,1.1025187410049899,1.1025187410049899,69.137465986210174,0,0]
[13,45,0,0,1.22135568331574,1.22135568331574,1.22135568331574,128.07432223674996,0,0]
[14,45,0,0,0,0,0,21.534620553081851,0,9]
[15,45,0,0,0,0,0,100.87269627496237,0,0]
[16,45,0,0,0,0,0,261.81564988220566,0,0]
[17,45,0,0,0,0,0,309.41849531533404,0,0]
[18,45,0.646611129353453,0,1.86652501702698,0,0,3077.5777465783758,0.5,0]
[19,45,3.74107711662923,0,10.178197811288699,0,0,6030.8973195479075,1,27]
[20,45,0,1.0696951053960599,13.193138870479601,0,0,8601.4437180437399,3,92]
[21,45,0,0,10.821895681335254,0,0,8950.89352872171,5,165]
[22,45,0,0,1.8608319403898326,1.8608319403898326,1.8028524244052602E-2,5439.1892323698476,0.5,3]
[23,45,0,0,0.18960748797122001,0.18960748797122001,0,1815.7085329493223,0,0]
[24,45,0,0,0,0,0,953.19030974430723,0,0]
[25,45,0.12970050328077901,0,0,0,0,953.19030974430723,0,1]
[26,45,1.13292625569995,0,0.33870064123798493,0.33870064123798493,0,1070.5699362911068,0,2]
[27,45,0.90601644531939396,0,0,0,0,794.51415830054634,0,0]
[28,45,0,0,0,0,0,1528.2866635437115,0,0]
[29,45,0,0,0,0,0,397.82377969114361,0,0]
[30,45,0,0,0,0,0,114.47350925585614,0,0]
[31,45,0,0,0,0,0,793.38075721880512,0,0]
[32,45,0,1.11447666575477,0,0,0,807.73540103400865,0,0]
[33,45,0.575943731625713,0,4.8625439480454524,0,0,2164.630554550532,0.5,8]
[34,45,2.0458687781305702,2.6886527856614899,6.2403509832081605,0,0,2723.53033395287,1,15]
[35,45,0,1.6614188286203599,25.523805008447983,0,0,2858.8222496631761,2,64]
[36,45,0,1.80498199247132,18.102299799170122,0,0,2937.9159850015089,1,40]
[37,45,3.70981735897122,0.80208202935634598,13.834961332359708,0,0,2397.7890292042071,1,17]
[38,45,2.8061385990969199,3.3744905062644701E-2,5.3304807941483201,0,0,2046.0300483574094,0.5,7]
[39,45,2.1645871773865299,0,0.43407791871968504,0,0,169.74719090594058,0.5,2]
[40,45,2.1902756405342898,0,8.6806419932489796,0,0,821.11785765716991,1,18]
[41,45,2.0736178792175499,0,3.4053420251717501,3.4053420251717501,3.4053420251717501,1011.567246695525,0.5,1]
[42,45,0,0,0.85697420965918403,0.85697420965918403,0,1311.3450515745108,0,0]
[43,45,0,0,1.8515033149992,0,0,7522.3829795160127,0,1]
[44,45,1.11204073693922,0,2.6418824654601298,2.6418824654601298,0,1065.3536384469853,0.5,3]
[45,45,1.3495645417223601,0,0,0,0,892.35530018995246,0,1]
[46,45,0,0,0,0,0,556.49993113490473,0,0]
[47,45,0,0,0,0,0,81.604877885362811,0,0]
[48,45,0,0,0,0,0,311.68529747881632,0,0]
[49,45,0,0,0,0,0,64.603861659245567,0,0]
[50,45,0,0,0,0,0,46.46944435138716,0,0]
[1,46,1.0291064757000099,0,0,0,0,253.8596974678313,0,1]
[2,46,0,0,0,0,0,206.27899687688932,0,0]
[3,46,0,0,0,0,0,618.83699063066808,0,0]
[4,46,0,0,0,0,0,222.14661202126544,0,1]
[5,46,1.1585288508054401,0,0,0,0,257.054639849583,0.5,0]
[6,46,0,0,0,0,0,177.9439698333606,0,0]
[7,46,0,0,0,0,0,112.20670709237386,0,0]
[8,46,0,0,0.113410920677904,0.113410920677904,0.113410920677904,133.74132764545573,0,0]
[9,46,0,0,0.31599079592264712,0.31599079592264712,0.31599079592264701,62.337059495763249,0,1]
[10,46,0,0,1.1420639386770199,1.1420639386770199,1.1420639386770199,66.870663822727863,0,0]
[11,46,0,0,1.1395105326395401,1.1395105326395401,1.1395105326395401,157.54275036201983,0,0]
[12,46,0,0,3.8084154851666899E-2,3.8084154851666899E-2,3.8084154851666899E-2,32.868631370493354,0,0]
[13,46,0,0,0,0,0,164.34315685246679,0,0]
[14,46,0,0,0,0,0,66.870663822727863,0,0]
[15,46,0,0,0,0,0,112.20670709237386,0,0]
[16,46,0,0,0,0,0,261.81564988220566,0,0]
[17,46,0,0,1.4258630401314301,0,0,277.68326502658175,0,0]
[18,46,1.4183583880697801,0,3.0009438891480702,0,0,6140.1715591600796,0.5,6]
[19,46,2.54272811576707,0,4.2570913206908303,0,0,6298.3590298367471,1,43]
[20,46,1.04549472706431,0,2.811040042997778,0,0,5248.2856225159785,1,25]
[21,46,1.52871529390801,0,2.4835557830826751,2.4835557830826751,0.499160374826845,4253.3696885232621,0.5,11]
[22,46,0,0,2.7346261178737601,2.7346261178737601,2.7346261178737601,2147.4112562412774,0,2]
[23,46,0.44420269161119802,0,1.453435592501868,1.453435592501868,0.19831384895090801,1723.9030453282894,0,0]
[24,46,1.13974599784241,0,0,0,0,1075.6984150278308,0,0]
[25,46,1.0040054288345399,0,1.2170172878227901,1.2170172878227901,0,1065.3536384469853,0.5,0]
[26,46,0,0,0,0,0,715.17608257866584,0,0]
[27,46,0,0.131647309157573,5.4020360676377832E-3,0,0,556.49993113490473,0,0]
[28,46,0,0,1.0980743258578898,1.0980743258578898,0,977.94650283123985,0.5,0]
[29,46,0,0,1.04161509654601,1.04161509654601,0,277.68326502658175,0,0]
[30,46,0,0,1.0417246898574199,0,0,277.68326502658175,0,0]
[31,46,0,0.81674955357794299,2.8308272059631001,0,0,1034.1281538748165,0.5,1]
[32,46,0,1.36881887749208,0.33877648414413031,0,0,1582.9154138105901,0.5,5]
[33,46,0,1.0822323446441799,0.40024582157743294,0,0,948.08411701607326,0.5,0]
[34,46,2.1478529804592399,0.73583422393974696,9.5116839349157605,0,0,2151.1414597938783,1,28]
[35,46,2.3286062390056101,1.73344231300421,24.560692455032548,0,0,2803.6647763351275,1,35]
[36,46,2.3833249080873098,0,11.080741554558632,0,0,2438.3766039172992,1,14]
[37,46,0.238920196590654,2.2728669386828999,1.8623010751050995,0,0,2453.9872095761812,0.5,0]
[38,46,0,0,7.4166662413528002,7.4166662413528002,3.1312989877457298,2713.6389043039685,0.5,11]
[39,46,0,0,0.115133814924749,0.115133814924749,0.115133814924749,1430.3521651573317,0,1]
[40,46,0,0,4.4785307896273201,4.4785307896273201,3.2843750053800602,1668.3663923229731,0,3]
[41,46,0,0,1.4675641848837302,1.4675641848837302,1.3097600954314601,1430.3521651573317,0,1]
[42,46,0,0,1.51284669043659,1.51284669043659,0,1311.3450515745108,0,0]
[43,46,0,0,0,0,0,1986.852096292236,0,0]
[44,46,0,0,1.1273272459004999,0,0,873.85223402242673,0,0]
[45,46,2.4380470535777601,0,0,0,0,1065.3536384469853,0.5,3]
[46,46,0,0,0,0,0,635.83800685678534,0,0]
[47,46,0,0,0,0,0,357.02134074846225,0,0]
[48,46,0,0,0,0,0,355.88793966672119,0,0]
[49,46,0,0,0,0,0,158.67615144376103,0,0]
[50,46,0,0,0,0,0,104.27289952018582,0,0]
[1,47,0.65281937412954805,0,0,0,0,299.21788557966357,0,0]
[2,47,0.73633818423159902,0,0,0,0,337.75352235886271,0,1]
[3,47,0,0,0,0,0,768.44593342049984,0,0]
[4,47,0,0,0,0,0,299.21788557966357,0,0]
[5,47,1.1289401890041899,0,0,0,0,444.73905636963821,0,0]
[6,47,0,0,0,0,0,281.08346827180532,0,0]
[7,47,0,0,0,0,0,100.87269627496237,0,0]
[8,47,0,0,0.18204812819898597,0.18204812819898597,0.182048128198986,223.28001310300652,0,0]
[9,47,0,0,0.7781801501679908,0.7781801501679908,0.77818015016799102,106.41593378702019,0,0]
[10,47,0,0,0,0,0,65.737262740986708,0,0]
[11,47,0,0,0,0,0,149.60894278983179,0,0]
[12,47,0,0,0,0,0,94.072289784515434,0,0]
[13,47,0,0,0,0,0,201.74539254992473,0,0]
[14,47,0,0,0,0,0,224.41341418474772,0,0]
[15,47,0,0,0,0,0,79.338075721880514,0,1]
[16,47,1.3412163416963601,0,1.3279832990220497,0,0,274.7466595963154,0.5,2]
[17,47,2.6847885894099202,0,2.9141655262604695,0,0,502.90772231088374,0.5,3]
[18,47,2.1952140570528802,0,1.9968983884136802,0,0,907.00737827353328,0.5,2]
[19,47,1.0373627062726101,0,1.0787913895824097,0,0,827.20086314611353,0.5,3]
[20,47,1.0343141287358899,0,1.2300770884550303,1.2300770884550303,0,426.90151742762669,0.5,3]
[21,47,1.0685892184708701,0,0,0,0,710.29430503625531,0,0]
[22,47,2.4813454496526401,0,0.10534703027460779,0.10534703027460779,0.105347030274608,775.26328980922096,0.5,1]
[23,47,0.76642303420721802,0,0.58827393009905293,0.58827393009905293,0.51692353131643998,981.52533678783584,0,0]
[24,47,0,0,0,0,0,337.75352235886271,0,0]
[25,47,0,0,0.83984638482752905,0.83984638482752905,0,794.51415830054634,0,0]
[26,47,0,0,1.8003017528734799,0,0,555.3665300531635,0,0]
[27,47,0,0,0.84173774211919095,0.84173774211919095,0,4203.4157504148416,0.5,2]
[28,47,0,0,0,0,0,632.43780361156166,0,0]
[29,47,0,0,0,0,0,317.35230288752206,0,0]
[30,47,0,0,0,0,0,317.35230288752206,0,0]
[31,47,0,0,2.2830456432327599,0,0,1042.7910075198413,0.5,2]
[32,47,0,0,1.3070924267522137,1.3070924267522137,1.0717436105092399,4250.5068761913444,0.5,1]
[33,47,0,0,0,0,0,993.99274868698876,0,0]
[34,47,0,0,0,0,0,1281.8766234492412,0,0]
[35,47,2.4971806900059601,0,0,0,0,888.00582705271893,0.5,12]
[36,47,0,0,0,0,0,635.83800685678534,0,1]
[37,47,0,3.4287232842448798,1.5235953379671159,0,0,1459.0712755834631,2,54]
[38,47,0,0,10.964839378542031,0,0,6812.2515351062511,2,58]
[39,47,0,0,0.90137014142790095,0,0,1062.2824282211468,0.5,0]
[40,47,0,0,2.9793776536874397,2.9793776536874397,1.76139273524981,1593.9650706845339,0.5,3]
[41,47,0,0,1.0627079517803899,1.0627079517803899,0,1072.197423327128,0,0]
[42,47,0,0,0.39487173452589203,0.39487173452589203,0,953.19030974430723,0,0]
[43,47,0,0,1.71164868718478,1.71164868718478,0,1389.5497262146503,0,0]
[44,47,0,0,1.6592368395798101,0,0,710.64247825170116,0,0]
[45,47,1.16223998306869,0,1.1285480157438701,1.1285480157438701,0,1065.3536384469853,0.5,0]
[46,47,1.6381302468103001,0,1.3877724638433842E-2,1.3877724638433842E-2,0,978.25731903007727,0,2]
[47,47,0,0,0,0,0,477.16185541302417,0,0]
[48,47,0,0,0,0,0,357.02134074846225,0,0]
[49,47,0,0,0,0,0,158.67615144376103,0,0]
[50,47,0.26151764060475102,0,0,0,0,104.27289952018582,0,0]
[1,48,0,0,0,0,0,599.56917224106826,0,0]
[2,48,1.0230107824418,0,0,0,0,671.25604333190699,0.5,2]
[3,48,0.34935269701212401,0,0,0,0,11752.779402012433,0,1]
[4,48,0,0,0,0,0,2436.812325743474,0,0]
[5,48,1.2404050318630599,0,0,0,0,1823.3187409573659,0.5,1]
[6,48,0,0,0,0,0,675.50704471772542,0,0]
[7,48,0,0,0,0,0,783.37512703457037,0,0]
[8,48,0,0,0,0,0,3321.9985705833114,0,1]
[9,48,0,0,0,0,0,1748.8378691265948,0,1]
[10,48,0,0,0,0,0,674.37364363598419,0,0]
[11,48,0,0,0,0,0,644.29973984870776,0.5,2]
[12,48,0,0,0,0,0,681.17405012643144,0,1]
[13,48,0.47048084570774501,0,0,0,0,1577.6943057836809,0,1]
[14,48,1.0403049855166799,0,0,0,0,3058.6380020968604,0.5,1]
[15,48,3.28333874233856,0.69809606958653103,4.0919248905723187,0,0,6280.6670100900137,0.5,12]
[16,48,1.42626428699971,0,3.0273628575273905,3.0273628575273905,0,4146.1768629989419,0.5,1]
[17,48,0,0,1.09251273109808,1.09251273109808,0,1173.0701196020902,0,0]
[18,48,0,0,1.4603021299987899,1.4603021299987899,0,1048.396000610564,0,0]
[19,48,0,0,0.74530942346968898,0.74530942346968898,0,559.90013438012807,0,0]
[20,48,0,0,0.421080350375936,0.421080350375936,0,618.83699063066808,0,0]
[21,48,0,0,0,0,0,768.44593342049984,0,0]
[22,48,0.30340378830991099,0,0,0,0,937.32269459993097,0,0]
[23,48,1.1510573848371299,0,0,0,0,9109.4603561057666,0,0]
[24,48,0,0,0.646613974520864,0.646613974520864,0,503.23008029307061,0,0]
[25,48,0,0,1.2988758542416901,1.2988758542416901,0,374.02235697457957,0,0]
[26,48,0,0,0,0,0,754.84512043960603,0,0]
[27,48,0,0,0,0,0,487.20547998876714,0,0]
[28,48,0,0,0,0,0,1150.4020979672673,0,0]
[29,48,0,0,0,0,0,311.68529747881632,0,0]
[30,48,0,0,0,0,0,634.70460577504412,0,0]
[31,48,0,0,1.2515364196941501,1.2515364196941501,0,634.70460577504412,0,7]
[32,48,0,0,0,0,0,188.14457956903087,0,0]
[33,48,0,0,0,0,0,1823.6423405215105,0,0]
[34,48,0,0,0,0,0,1985.7186952104948,0,0]
[35,48,2.2627624942317599,0,0,0,0,1532.7917984790158,0.5,4]
[36,48,0,0,0,0,0,1929.590124692354,0,0]
[37,48,0,0.52167937998665803,0.69028563989331004,0,0,1589.0283166010927,0,0]
[38,48,0,1.42845782702094,1.7294715751680894,0,0,3903.6921217643148,0.5,8]
[39,48,0,0,1.50396711741077,1.50396711741077,0,236.06276182692145,0.5,0]
[40,48,0,0,0,0,0,172.27696442465481,0,0]
[41,48,0,0,1.4259774147897599,1.4259774147897599,0,1311.3450515745108,0,0]
[42,48,0,0,1.35760013946687,0,0,591.63536466888058,0,0]
[43,48,0,0,2.34104346314485,2.34104346314485,0,8002.6033351730557,0.5,0]
[44,48,0,0,1.1071442240390801,1.1071442240390801,0,794.51415830054634,0,0]
[45,48,0,0,0.54363900054066105,0,0,446.56002620601305,0,0]
[46,48,2.4153672973865699,0,0,0,0,1687.3377484083048,0.5,0]
[47,48,0,0,0,0,0,1232.0069758526299,0,0]
[48,48,0,0,0,0,0,1031.3949843844468,0,0]
[49,48,0,0,0,0,0,4624.2764135038924,0,0]
[50,48,1.3685386235867401,0,0,0,0,550.02934451363456,0,0]
[1,49,0,0,0,0,0,294.88752736162223,0,0]
[2,49,0,0.825066310538073,0,0,0,325.84928764888264,0,1]
[3,49,1.1937483006837399,0,0.8349117138420179,0,0,7146.5352706359781,1,46]
[4,49,1.7775186783201999,0,0.4099889493440052,0,0,6754.1887150760876,1,21]
[5,49,0.21736308722766101,1.547521234984,0.2237613129835021,0,0,3564.4216254446224,0.5,6]
[6,49,0.27244303280785898,2.01206046483615,0,0,0,1146.8591624058322,0.5,9]
[7,49,1.12262013840701,3.8430729752734601E-2,2.3105129023301298,0,0,4061.8795924409815,0.5,4]
[8,49,1.0910521707737399,0,0,0,0,4498.9765508896653,0.5,7]
[9,49,1.05976296135685,0,6.3607784171092918E-2,0,0,2571.5871055397552,0.5,3]
[10,49,1.04626476911365,0,0.37874652661878705,0,0,401.71291895521881,0.5,0]
[11,49,1.0369698323265999,0,0,0,0,100.76944805955067,0.5,2]
[12,49,1.03970422523937,0,0,0,0,240.40332714677601,0.5,0]
[13,49,0.62658786319367898,0,1.4928578278954898,0,0,479.88584188960044,0.5,0]
[14,49,0.71424375171441201,0,5.9783699719001318,0,0,4236.1354324170488,0.5,2]
[15,49,1.8351606552778399,0.29632039935051002,9.9478399046175525,0,0,7893.762928174443,2,52]
[16,49,0,0,2.2668249389725599,2.2668249389725599,2.2668249389725599,2526.5645926296947,0.5,3]
[17,49,0,0,0,0,0,292.41747908921667,0,0]
[18,49,0,0,0.66771239111668701,0.66771239111668701,0,190.41138173251321,0,0]
[19,49,0,0,1.8738689441280501,1.8738689441280501,0,1120.9336698419972,0,3]
[20,49,0,0,0,0,0,149.60894278983179,0,0]
[21,49,0,0,0,0,0,149.60894278983179,0,0]
[22,49,0,0,0,0,0,112.20670709237386,0,0]
[23,49,0.44942919611625698,0,8.0504899079249403E-2,0,0,680.03401113443442,0.5,4]
[24,49,0.92245955115294798,0,0.52818518665540015,0.52818518665540015,0,502.90772231088374,0.5,0]
[25,49,0,0,0,0,0,449.96022945123661,0,0]
[26,49,0,0,0,0,0,175.67716766987823,0,0]
[27,49,0,0,0,0,0,719.26914282552195,0,0]
[28,49,0,0,0,0,0,834.18319616148653,0,0]
[29,49,0,0,0.97650101793003796,0.97650101793003796,0,277.68326502658175,0,0]
[30,49,0,0,1.7437855239173199,1.7437855239173199,0,277.68326502658175,0,0]
[31,49,0,0,0.33434378847894097,0.33434378847894097,0,277.68326502658175,0,1]
[32,49,0,0,0,0,0,114.47350925585614,0,0]
[33,49,0,0,0,0,0,1137.9346860681146,0,0]
[34,49,0.90235189399870097,0,1.80487408668215,0,0,4016.773433690636,0,4]
[35,49,2.8599817629609299,0,0,0,0,1454.2520534329835,0.5,17]
[36,49,0,0,0,0,0,1069.9306211636458,0,0]
[37,49,0,0,1.2882095358680301,1.2882095358680301,0,183.61097524206636,0,0]
[38,49,0,0.49270611104225298,0.30676440956951395,0,0,591.63536466888058,0,0]
[39,49,0,0,1.5507320248761201,1.5507320248761201,0,474.25337895662386,0.5,1]
[40,49,0,0,0.60019031800657796,0.60019031800657796,0,388.75657103721448,0,0]
[41,49,0,0,0.55476761900899396,0.55476761900899396,0,81.604877885362811,0,0]
[42,49,0,0,0.75459791542849597,0.75459791542849597,0,81.604877885362811,0,0]
[43,49,0,0,0.55354685234510703,0.55354685234510703,0,515.69749219222342,0,0]
[44,49,0,0,0.56563376640967,0.56563376640967,0,111.07330601063272,0,0]
[45,49,0,0,1.32262208618083,1.32262208618083,0,277.68326502658175,0,0]
[46,49,0.18783563482513399,0,1.5334886806585,0,0,516.83089327396453,0,2]
[47,49,2.19783586891386,0,0.19427689221449684,0.19427689221449684,0,799.33192135558602,0.5,0]
[48,49,0,0,0,0,0,607.50297981325627,0,0]
[49,49,1.2123436777801599,0,0,0,0,358.99351157067059,0,0]
[50,49,0.293405695409164,0,0,0,0,317.35230288752206,0,0]
[1,50,1.0510467232234899,0,0,0,0,1155.1898354470507,0,0]
[2,50,0.56105423875022697,0.37465915615857998,0,0,0,2342.2190542735375,0.5,2]
[3,50,1.1619206329873399,1.2447344250736301,1.6684196605512902,0,0,12232.47059429959,4,127]
[4,50,2.3111906462596399,1.5658809651371799,4.4212557515001691,0,0,8601.4437180437399,3,101]
[5,50,1.15840635888913,1.43089789035427,0.46903174125668201,0,0,8105.0264580913063,1,41]
[6,50,0.94143484212125805,0.148253926459742,1.0786498811008101,0,0,2550.7729646612474,0.5,8]
[7,50,0,0,2.5025562611590799,0,0,2554.4589685766409,0.5,0]
[8,50,0,0,0,0,0,1373.5015570671496,0.5,1]
[9,50,0,0,0,0,0,299.21788557966357,0,1]
[10,50,0,0,0,0,0,224.41341418474772,0,0]
[11,50,0,0,0,0,0,2247.5343450927007,0,2]
[12,50,0,0,0,0,0,224.41341418474772,0,1]
[13,50,0,0,3.83430857436294E-2,0,0,561.03353546186929,0,0]
[14,50,2.2665409757802499,0,2.509580344878612,0,0,506.82433039168785,0.5,1]
[15,50,0,0,5.6340039095510903,5.6340039095510903,5.6340039095510903,2074.7534479834012,0.5,1]
[16,50,0,0,0.31692618350525298,0.31692618350525298,0.31692618350525298,408.02438942681397,0,1]
[17,50,0,0,0,0,0,112.20670709237386,0,0]
[18,50,0,0,0,0,0,268.61605637265251,0,0]
[19,50,0,0,1.3812817145659499,1.3812817145659499,0,167.74336009769024,0,0]
[20,50,0,0,0,0,0,30.601829207011054,0,0]
[21,50,0,0,0,0,0,149.60894278983179,0,0]
[22,50,0,0,0,0,0,89.538685457550869,0,0]
[23,50,0,0,0,0,0,411.42459267203748,0,0]
[24,50,0.97791090512147605,0,0,0,0,448.82682836949544,0,0]
[25,50,0.35142220114106798,0,0,0,0,509.00151461984365,0,0]
[26,50,0,0,0,0,0,1078.2626543961926,0,0]
[27,50,0,1.6433002678728299,1.4523545382110721,0,0,988.51427650352502,0,1]
[28,50,0,0,1.7558297059040249,1.7558297059040249,0.60454332408026501,2826.3698997676229,0.5,4]
[29,50,0,0,0.17231916601969399,0.17231916601969399,0,556.49993113490473,0,0]
[30,50,0,0,0.12802587039406901,0.12802587039406901,0,477.16185541302417,0,0]
[31,50,0,0,1.1230207776783201,1.1230207776783201,0,317.35230288752206,0,0]
[32,50,0.21791196148144801,0,0,0,0,114.47350925585614,0,0]
[33,50,1.13471039661591,0,0,0,0,1887.2801751143825,0,0]
[34,50,0.69631145436925401,0,5.4945502506503399,0,0,17305.133012642345,0.5,6]
[35,50,1.2322378842407899,0,1.3177714410587229,1.3177714410587229,0.35753807895402501,729.53563779173157,0.5,12]
[36,50,0,0,0,0,0,635.83800685678534,0,0]
[37,50,0,0,0.26267069779963198,0.26267069779963198,0,106.53970168366811,0,0]
[38,50,0,0,0,0,0,591.63536466888058,0,0]
[39,50,0,0,0,0,0,494.89819809385295,0,0]
[40,50,0,0,0,0,0,74.804471394915893,0,0]
[41,50,0,0,0,0,0,56.670054087057508,0,0]
[42,50,0,0,1.19273367052861,1.19273367052861,0,158.67615144376103,0,0]
[43,50,0,0,0,0,0,317.35230288752206,0,0]
[44,50,0,0,2.33666135837468,2.33666135837468,0,157.70896212334287,0.5,0]
[45,50,0,0,1.10354318261137,1.10354318261137,0,198.34518930470128,0,0]
[46,50,0,0,1.1964721680738699,0,0,395.55697752766133,0,0]
[47,50,2.4458969792596199,0,0.31026268394208412,0.31026268394208412,0,932.34277990128555,0.5,1]
[48,50,1.1454635079600299,0,0.25170121194352291,0.25170121194352291,0.25170121194352302,1616.7529217521983,0,0]
[49,50,0.26630000651969699,0,0,0,0,81.604877885362811,0,0]
[50,50,0,0,0,0,0,317.35230288752206,0,0]

{"sheet":"distribution_map","index":3,"n_rows":53,"n_cols":52,"rows_kept":53,"cut":false,"hidden":false,"merged":[]}
[null,null,null,null,{"$f":"INDEX(baseInfo!B23:B30,distributions!L5)","v":"IndustrialHubs"}]
[]
[null,50,6.0296586930467821,6.0625638155607051,35.829037188060951,39.613220369567962,20.764432270499501,8.1098475838860153,1.1514471025281086,0.84262675508112062,0.13380587299291186,0,0.26761174598582371,0.13380587299291186,6.7817277022356008E-3,14.289217462217589,26.939062729540634,1.6017927592735131,0,0,1.6790574618518121,0,0,0,0,5.6100921679360543,2.0160435147366038,0,8.5816225682306015,5.4437399609686885,0.20946761147588772,0.15562559811543142,1.3651208125693164,1.2501202123876458,6.5096215571292433,6.4780839626398272,12.206948929825327,0,0.31929706337196051,0,0,0,0,1.4498623621701068,0,3.5492180640871549,1.3414442511617346,0.21161959946138653,15.251429675688787,7.7371780933583727,1.5277133868467205,0]
[null,49,0,4.2463032530486355,14.568693437809827,14.497372273039648,10.511738108712024,13.505032594577587,8.2845218059772918,7.9046244648049235,7.2011509096763184,6.778035158904042,6.9253348279107065,6.6734097832221604,4.5674796170453282,6.131307729441823,23.557626237876455,11.610062930531882,0,0.81165736203761218,2.6792539212997819,0,0,0,3.8365745815309262,6.6428499720996106,0,0,0,0,1.1870144253495343,2.1197095892365501,0.54022726187358416,0,0,6.0310751558158575,19.390701791097822,0,1.5659208478753832,2.5101236628298378,2.7276645067891563,0.72957892756643816,0.67436403484391483,0.91727360699636962,0.67288009615525735,0.68757269871189319,1.6077520317495684,1.6164172793529401,13.553553628082483,0,6.9549891876053902,1.6832136600811425]
[null,48,0,6.8452543665717283,2.1379770291695528,0,7.9585986885968882,0,0,0.13380587299291186,0.13380587299291186,0,0.97643262807403242,0.13380587299291186,2.8328665888983959,6.8106621056910859,25.353750837871488,12.704838140744428,1.328035862615301,1.7751130432527666,0.90598270842852302,0.5118565582112713,0,1.7405708511943865,6.6034011745861285,0.78601056352800713,1.5788866037142699,0,0,0,0,0,2.4579828778810353,0,0,0,14.225090070868157,0,2.7223725802486514,9.2052278905479028,2.5370121802419243,0,1.7333886299126751,0.2401182454625756,3.5545448599430478,1.3458216025853247,9.6153233326945531E-2,14.565331824743087,0,0,0,7.8510504111294717]
[null,47,3.7451027887107506,4.3580404721528483,0,0,6.4765189540594319,0,0,0.84323820112392722,3.6044931440369474,0,0,0,0,0,0.13380587299291186,8.9056201379960864,17.027796464610393,13.923156255728774,7.2521999880832855,8.5391616735971709,6.1302967109663768,15.565604424290825,6.8779228429265249,0,1.0208998818876369,0.31841871964814172,1.9996316047372711,0,0,0,1.38023408494432,6.0929769215515908,0,0,16.640350449617781,0.13380587299291186,27.420559950530553,12.53537133554204,0.86824589287011367,10.749482453402209,1.2918057897891075,0.47999790726137997,2.080644715686812,0.29346861947379438,8.7482141423360407,9.68212840887068,0,0,0,1.5002778470412719]
[null,46,6.0375974649066269,0,0,0.13380587299291186,7.3550844611043313,0,0,0.5253139468465946,1.5974600888400761,5.2899854052104534,5.2781581508734572,0.17640397924521786,0,0,0,0,0.25219188000433179,10.179289072489491,22.511400668436963,11.257784152631375,15.674916436589768,12.934268806375323,4.9925881073286131,6.5385098606072862,7.9479934822689708,0,0.65714418558797383,2.0436173041772077,1.266165751555361,0.184249468979753,5.4143571038466396,8.2605714894547688,6.1739394656957769,22.836090568859763,32.443914377104008,18.923460477065063,13.737825446781741,21.893915992376908,0.66710018338297761,17.06607622156131,6.3923752205726139,1.8389851233306063,0,0.19938996209449888,15.096858967925451,0,0,0,0,0]
[null,45,0,0,0,0,6.4169272029125757E-2,6.7211606890204596,0,0,0,0,0,5.1068139456741921,5.6572609645617113,1.2042528569362065,0,0,0,4.7484397347700389,28.292475003809024,24.228367380898412,31.080242638307585,3.4338194504622761,0.23048293779889484,0,0.87787342947698277,7.1787155089105363,5.1976470834796622,0,0,0,0,5.5550472846972854,5.943385844449887,29.666666514374,24.194495793990104,18.968456784783424,31.419788827132283,18.854754710962183,13.471040077824062,17.926691645823336,28.511966115886214,1.0417201112337686,0.46128059440855407,10.701226097981721,7.8760055212321651,0,0,0,0,0]
[null,44,0,0,0,0,0,7.1916405347862504,0,0,0,0,0,0,6.3979192610269617E-2,6.2597353601620682,4.1826113854792686,6.2980808653126328,6.3470001198672481,4.419119272638353,12.167820258083694,31.399220589768227,20.930753233940255,0.70882088208820881,0,0,0.26761174598582371,2.1863329248679046,2.5287194461609843,6.8312550448387075,5.9875861051495729,8.9762428173344553,7.4134568591419692,11.217393172699099,14.124817978153827,18.853603580846833,20.608993218988573,32.162659415192039,35.331624449013411,36.882483179358566,7.4976014369361881,1.6532998408046591,3.0159665577543828,16.083817074327847,8.3063465596345427,18.883037550718534,0,0,0,0,0,0]
[null,43,0,0,0,0,0,2.7262687861732848,4.5093291691081081,0,0,0,0,2.6512860343250577,6.3591137868041141,6.3386976770596242,9.0384021243204185,3.4386028255280712,0,0.23288871770706743,0.85605142727627148,2.9739477594776114,14.080983039229524,11.202513672112699,0,0,0,1.437659347134753,0,0,0,7.7588731156424116,0.75253303777255542,13.544607285956642,29.548856777000768,15.013253135185085,23.44344810659004,31.983526015416462,20.030125921715914,37.484369986264667,0.18541705906907868,2.2386954720707695,4.6980533143069216,1.093613889209522,18.819345632512761,33.749123440003551,0,0,0,0.97643262807403242,0,0]
[null,42,0,0,0,0,0,0,6.7148849482194226,0,0,0.15520877488158991,8.5039765994074159,3.3870452195016654,0,0,0,2.8521541614921428,4.2029745409295858,1.3736343544694392,0,0,0.20114398748115087,10.773115621654766,18.49636780414593,0.41691944748458948,0.87403487988446682,0.57858920544983306,0,0.13380587299291186,10.544830502225052,4.0305789356753881,0.40141761897873551,2.4101671766261075,18.940650360574729,24.549815422110889,41.52869996396052,17.952636096974981,16.18540874191191,6.5071617806222823,2.4482972309960629,2.2901422264337223,0,0,7.2565362721826263,8.028226227148263,0.48773410990916954,0,0,1.1724445004787147,0.13380587299291186,0]
[null,41,0,0,0,0,0,2.9036127116019751E-2,11.412142667999426,7.1067876050139294,6.185434414981227,6.7796717657002503,0,0,0,0,0,0,5.1875991878552261,2.4100563159341735,0,0,1.9355355674467716,0,1.1103417711127701,19.914293519699502,3.8322889431168039,0.43597926303062168,1.5187486979951763,0.20597676072945642,15.369181282272324,2.4961934111315429,0,14.465925182909453,8.8782880346108577,24.877897528172948,24.613632896699624,24.394154203326597,12.33497119698948,0.10962882580030472,6.3935281805574853,0.17340060114807015,0.13380587299291186,5.8835021925503721,2.717753064186994,0,6.3166529651213574,6.2453491617036114,7.3803199536768958,5.4554771350176186,0,0]
[null,40,0,0,0,0,0,0,5.5775338380138777,1.9229149016333484,0,0.13380587299291186,0,0,0,0,0,0,0.13380587299291186,5.9914005494404883,0,0.70882088208820881,1.5236927598393855,0,0.70525910205580922,1.7854992342601381,14.254384864697533,15.059188386398111,0,0,0.38808497677067311,0,2.651944634081369,38.711920927237372,14.744420715194787,44.771770887817574,17.080916983975079,4.2725661205558847,0.70882088208820881,0.513085058955847,1.0881996206762921,0,0,7.0531860390574987,0.13380587299291186,0,0,0,0,3.3717048106879353,5.5840077495658536,0.68950836423323225]
[null,39,0,0,0,0,0,0,0,6.7473555694304732,0,0,0,0,0,0,0.13380587299291186,0.70882088208820881,0,3.5025531612891152,2.4373124706957014,0,1.2538337506691088,0.78639937489045209,1.0931002139094455,0,0.93711765838206074,8.3489262189822533,13.972944165746133,20.891239149427896,5.572692886012053,13.610949863375858,14.644027170906918,8.0446027142971754,23.877079383282243,34.888029959765532,12.332559602628944,12.223700971950191,11.699904010565316,2.6668060721299756,0.40141761897873551,0,2.3651854875321785,4.9423191808914311,0,0,1.9057541012334496,0,0,0,2.1329641859321598,9.5050310241479945]
[null,38,0,0,0,0,0,0,0,6.5487024516106445,0,0,0,0,0,0,1.2876821817887825,3.4794803581394422,1.3052994638890065,1.334494432257824,6.8429716452849778,4.9989415090243128,0.2710388168750576,1.4553477383958349,1.5450388913940749,12.527452934631645,0.29446860446480694,9.4941404023371323,3.1146210639530754,46.994033904250841,29.515214953281298,1.8637890219480289,0,0.15880403452079916,4.6185122695349818,30.027740221845786,20.024843063471426,0.13380587299291186,0,1.5349527784299601,0.13380587299291186,0.11395706959768945,6.4919876922370028,0,0,5.2615501215214167,9.8519902627833673,1.2817447200307803,0,0.21664773161680317,3.8045475848111101,1.3754532871383778]
[null,37,0,0,0,0,0,0,3.1705450592884932E-2,7.9326756765490192,0,0,0,0,0,0.13380587299291186,7.0063711950202672,1.5033690275603502,1.3731174679157196,0,1.5979134096622347,0,0.16913966436560349,1.0104444561707773,1.4707637807474658,5.2328224958534992,1.2316586667022726,6.933228287706644,14.895688001288239,7.6668374888576123,26.842198327381205,5.8195311341561302,0.18533368234721981,2.2461248027724947,0.25467728625291641,21.720807059539755,6.5028211916439478,8.1028383906868253,1.6320120625420682,2.7511835278746206,4.0354085420288781,6.603902644041149,8.2720989858342158,0,0,0,1.9289771170636256,0.3848814194783603,1.2143742020451873,3.4513670858837688,2.1484260717569628,1.3222734830322618]
[null,36,0.13380587299291186,0,0,0,0,0,0,6.4484934735931896,0,0,0,0,3.6813895665119354,0.70882088208820881,0.84262675508112062,0,0.35484166129403383,1.5177022440978145,0,0.13380587299291186,0.95164096636869577,0,4.1234113512242105,0.36156970124808219,3.1493857600406576,24.694604209328947,2.6291659784769394,0.23281516825541765,22.301672869283987,3.0249187222448715,1.1102385010669442,0,0,15.535220661943359,2.9940996369645991,2.6646826649467901,21.910542623075841,1.208652118896659,9.3351050001464966,6.2545114021565311,2.3273125629387339,0,0,0,0,0.70090636792899708,1.5917868492328764,1.3023393249839323,1.8238454501541774,7.7386718129334771]
[null,35,0,0,0,0,0,0,0,6.8422121206456499,0,0,0,0,1.6592762902571012,5.9221877454297109,14.598420501062105,0.84262675508112062,5.5016891633233724,2.4508123368538017,5.9199703325097612,7.7090934190072842,2.1085237314025651,9.2604812359141545E-2,3.5110522295569124,0.548090198988749,17.406890658800634,2.2234979407880977,0,4.4602265328378209E-2,13.737579483822049,5.2867085432344396,1.3380587299291185,0.13380587299291186,2.1356750063450574,15.119403758144001,7.1816700326696985,3.4419538828377787,0,0.281503606938177,19.844201904497513,11.284415054719073,1.4176417641764176,0,0,0,0,1.0853099592768118,0.46842796979434426,4.7495124805012674,7.2852898169676763,1.4415706769110632]
[null,34,2.1062212957371877,1.2582126571614696,1.2872311350519547,1.0038400059822392,0.5928064492102243,1.2659760841906897,0.18421479042072017,11.290556090447449,0,0,0.26761174598582371,0,0.40141761897873551,0,7.3872397852192897,1.1266425084911669,0,2.0884785204770919,0.13380587299291186,0,0,0.40141761897873551,15.287173271477343,15.362688212056476,40.395851417993939,15.144591338128327,13.193504845618316,13.206357252546921,31.954288262378007,1.0663775363767902,5.3180361760092065,5.314597555968005,7.256985593329107,25.133842038376212,2.0434291832509923,1.1945898077466865,0,0,7.5532064548410691,0,0,0,0,0,0,2.4226490764583204,9.4599384080117588,3.2916746130440768,0,0.90291178275736195]
[null,33,1.36673811778576,0,0,0.29471243193142199,0.68417641469062729,0,2.1644791796213863,5.4420815921252395,0,0,0,0,0,0,5.5920094195895791,2.2404223146797269,4.3510477697183886E-2,2.4858350631316366,0,2.3943875503398675,14.266467688320647,16.11408917372232,0.49802851820713145,13.057127320227998,10.48015076146776,1.195762336456295,3.1772370563188743,3.0616257476028723,21.180428390020293,20.073002130533538,20.176249194405905,11.956828802600757,14.747428000904488,21.085316970600772,3.8125252792479349,9.4841801745273369,9.7073880375878971,7.4915137594761232,9.1576449697052862,0,0,0.13380587299291186,0,0,3.1647618131399353,7.1724661664617608,0,1.4846712455909485,0,0]
[null,32,1.3664524276953172,0,0,0,0,0,6.5161706715389647,0,0,0.53435452951346696,0,0.13380587299291186,0,0,0,0,1.6423795697729924,2.2621780709762818,0.80283523795747103,0,16.543043897583953,10.94658777280312,3.2878544112849304,18.112711061786904,3.4138782481430465,3.7317916550249297,7.875826801398186,14.475315410657107,34.61467880718498,2.011167263160516,15.726241288205701,22.772411856840648,18.136291497709898,27.719187900848635,13.327084695153509,17.454147132980498,19.829759503494092,22.02114890420776,3.0097591925779286,5.1323647398031582,4.8004940016190414,0.18301221078578372,5.551960981880935,3.5231020973675053,5.8163425523914078,0,0,0,0,0]
[null,31,1.5169164057199103,0,0,0,0,0,6.5263933437129742,0,1.1366456754396879,0.51505935580228956,0,0.13380587299291186,0,0,0,0,1.4413605706632691,4.8551181594364525,3.032466981259486,6.2483520723441988,9.1950334090901062,6.5302564921027692E-2,13.016621617646079,19.575146845785785,3.4791884851742054,2.0105511583268849,11.981609934584826,11.67365921969196,27.910110004400444,51.652852483274039,14.05113288002738,1.7838780728193404,7.076933737092717,28.044638576087117,0.365496015733632,2.036481388712676,8.8604873630409795,15.370979395742316,18.111292010604803,0,4.4962914792907682,6.3875350435159595,6.3556343034727991,9.1743155270951249,6.2740519101552774,0,0,0,0,0]
[null,30,1.5180465052484831,0,0,0,0,0,6.4786620028875808,0,0,1.654246571919364,0,0,0.83507651675798489,0.19834306840912524,1.9943901258318413,1.5272983106938529,0.21714521898973393,0.77496142214722408,1.3426764497105903,14.669974562457359,0,0.31199772648259055,5.8221784456804073,24.070666882745311,8.5969923625774491,5.2864576271620107,7.2920479237926088,2.7922992171505316,27.132668262156852,9.0900025258167503,1.3449654527327217,1.0403269998714488,14.925376906510181,1.4155764494297065,7.9204400697789126,12.976284439926715,25.434756832017911,11.903135617722739,19.071014503722651,10.386800889172005,3.4478420657987074,0,0.53522349197164742,0,6.9553189945500176,3.6306728601454124,0,0,0,0]
[null,29,1.3590054487237593,0,0,0,0.61825408731695819,0,6.5412021987963289,0,0,0.27901584897854204,1.8712458355668971,0.60177949667713837,1.6420289538345494,0,0.26406114259186042,0.97113161548767057,0,0.98876934123038307,1.7993856505806256,29.819043186109717,1.9454257204654966,5.7914367358390182,17.757260728423041,6.1433236083329072,14.625115220934571,6.9759863728681371,8.6037788205257097,4.3176879270446165,18.831499690194104,45.698324728456896,0.67562408279847974,17.642591948077257,28.532217719389621,19.787545485394812,14.261369866138123,13.632654583607776,12.629956466590338,8.7009126031735757,22.357722467510079,6.9359447930214078,0,0,0,0,0,7.4774538560678776,0,0,0.70882088208820881,0]
[null,28,1.3896708557050736,0,0,0,0.88983295167354237,1.1385246098249169,6.4455677337320543,0,0,0,1.4517227925614704,0.88663399653269193,0.13380587299291186,0.40141761897873551,1.82574600384029,0,0.87928078548352029,1.0955561197190915,9.5144108548711337,4.9546316618831199,19.021005616380741,37.558107026171513,31.332052638888207,12.156974530754692,20.374782375017322,26.891786595606831,7.025748960498654,7.8926979155362051,6.3103607489437454,24.614732968616678,16.469463038044747,14.223532981590505,14.827846898654226,4.2470571928310941,32.721118274210539,45.91904400713419,14.860456538630775,12.304161607889624,19.72906415327725,2.2434593466360608,3.2174002851982291,0,0,0,0,2.6567983547815168,8.0041216255355341,6.3852716140420904,0,0]
[null,27,0.94360664908279435,0.13380587299291186,0,0,0,0.55143078850340554,7.0161564927875082,0,0,0,0,1.0441600498582142,0.59023311741067408,2.9325568921948379,8.7161296220984461,1.0452578088929834,9.822288842531318,0.57324550803277152,15.344464388483933,1.8109285382475637,1.0383551020836639,4.0480543253513765,29.583075550717517,32.828625433702136,17.065780878307415,28.623808063943674,35.175679117085465,26.806053976233578,52.365135409786483,26.472526556107923,9.1208406715941432,2.5863333361581291,3.4630821373942902,8.0899359052908579,27.829451244616905,6.8184463710033736,14.108842482835739,6.985301697808751,27.461883618631138,3.7167426781958395,12.9201939939816,0.47116871063373511,0.26761174598582371,0,0,0.13380587299291186,0,4.3217686239448323,4.3043376496563539,0]
[null,26,0,0,0,0,0,8.1689751890820686E-2,12.292295254328803,0,0,0,0,1.8107104624726553,2.7746843931478971,0.36285062964350373,4.8192166317605691,10.668071814784893,12.091960676677912,18.550873027646681,21.210065928854934,17.603102856506936,22.369136482448194,47.01063737693601,20.75510572801366,14.388179065954164,39.450154563220735,37.016930753427644,17.463868426996225,59.224336964229352,40.975430553687403,51.308620860471933,18.953190630719977,21.618258137933964,61.612608150500868,33.562237280138376,23.687239560576685,5.730486978356705,14.902023116294659,7.5331570134788821,29.55479623979727,0.44260421988642362,17.229285132754679,5.0144587484719096,0,0,0.13380587299291186,0,7.5197179145440494,4.8262465253870737,0,0]
[null,25,0,0,0,0,0,0.2868183479210723,8.1200682466552543,4.6110821553263488,0,0,0,0.67735897575407988,2.2493237377225759,5.2178287722552987,0.40819872306779664,2.0784098600416758,2.9050013376090811,7.5712378280498722,9.7974502205210179,8.9894410783004695,8.2860447851579888,48.380181659757746,28.578694463015342,22.961458113135045,42.773592438531757,32.465781342298797,41.28340316865954,51.544316342725629,48.389459990352222,41.302227538893959,21.4025614895857,27.107218734106421,44.311091462070934,27.458514936909015,19.871488284411591,17.272319481126843,19.064778560272661,9.4796345210034865,35.072249924313283,6.7410140406489649,1.5514476371693293,5.5978853062841205,0,0,0.57836965310532706,0.13380587299291186,6.8341101176512424,0,0,0]
[null,24,0,0.13380587299291186,0.13380587299291186,0,0,0,0,6.883084184794023,0,0,0,0,2.1933236391257855,2.2713226681657384,2.8305250696836448,16.117885732926602,16.978702332561092,28.411336631813839,12.548436986550479,9.9351327947227492,16.355578304050724,34.763876929018913,20.913853903858737,31.035816368365442,19.06001717040396,24.565252048024753,71.815068219050772,39.528692906165347,34.956245635711241,38.473942414212736,13.987615826734231,32.21395258842437,30.168996360964794,38.914437093048548,33.384685999074492,17.912052179564775,13.474930494713984,20.69839851413747,39.674290973526233,24.039381574682249,3.4297415041518082,0.57839237614876549,10.213358842697096,1.3393319522478841,1.1106572552057927,3.2227278355911366,5.4628822177273637,0,0,0]
[null,23,13.606156292225942,13.981986834811776,9.1283490803967169,0,0,0.57778600718649309,0.83645368444839241,4.977941574280452,2.6205884922060245,1.1296151876334466,0.46999529399220918,3.3280395580343707,0.99612833376635468,0.43226523103551695,0.49770474142545928,4.0673395062676612,5.3743681184566077,39.814425449955472,3.1344599337753607,2.1777531948649402,35.404769262187997,18.377190376819211,33.846280733169458,40.295466652304526,51.17785831831241,68.860507578634838,40.049130915790421,64.723678761623177,35.496935352564982,29.158325376663335,32.344959121045036,33.123891946588898,43.296687015107501,58.090427651916052,27.831504754531469,41.537066159907866,37.672888666096185,42.143479911398103,31.601131527224883,28.126093495558674,9.5075970823875817,1.4176417641764176,1.4422447703435193,0.25030131050291538,0,7.1909463341852424,0.32185895619544902,0,0,0]
[null,22,0,0,5.0002131574409932,15.176787379660482,7.0897025328848553,0.25468369206513564,7.1541578525000258,0.20010048870052097,9.5781832522034733,1.097065114566615,0,0,0,0,1.3565323287922959,1.1431449692129332,3.8710430457876588,24.741101452186861,5.3360292567772714,2.7985751095613649,26.446905889765286,25.715474414871597,14.769902658458195,30.45897258102805,23.863182199110739,23.721901884434992,47.291307708992377,31.988167374812274,30.177741082263946,51.898709128954316,17.558574063270797,25.615482886908794,37.163716637289269,45.340017396418069,3.9179893522312321,23.698651801938567,9.1521070649964642,14.862263154844829,1.9048215309796406,2.579013296295805,12.559016180451298,16.350137768273896,10.664771597609553,2.2816262322618091,0,7.1284037994180327,0.13380587299291186,0,0,0]
[null,21,0,1.0093991483089428,7.4865248351366709E-2,0.70882088208820881,10.175952024789293,17.067851297168794,1.4241185610835361,0.67447428918968666,8.0939884025959685,0,0,0,0.13380587299291186,0,1.3004489940155062,4.1517337576466691,1.8338262952274194,15.795820060321772,2.6995375194962627,6.5221602759162263,13.105389541771082,17.097884512249383,17.188630861159055,30.992116730264502,25.528191529501097,45.356775528052054,14.23112657830435,29.206405663830321,34.888869346517389,56.572761062699136,31.253961872493658,29.043293969277133,32.267120657232525,35.017708620582681,15.574084414747482,14.39160024057534,25.500400808698409,9.8296273630469457,7.8733855689286507,8.4457189854558052,1.4176417641764176,1.4176417641764176,19.315070907173745,24.998951496910525,22.494394401633304,26.805130863634123,17.11191846043614,14.969155841690927,7.3606387365164512,5.9841335765608026]
[null,20,4.9329273473195272,4.6140578602246425,2.9585993067685732,4.8391342741918493,2.4789871362965803,7.4151385009856448,16.543265220353945,34.55585878874912,13.590870232629655,0,0,0,0,0,0.13380587299291186,2.4971431817209941,1.279097476185616,15.536040145196862,1.7370569968733025,18.438428903232769,3.4902965968940651,12.941360233698543,23.564486746345146,39.925109007720394,14.426906663237776,10.427290745389715,28.600051134819594,31.701484908581413,28.672732221704866,31.791261414733867,45.789310965056892,23.812983841039252,33.60610742293477,60.044919871504433,12.253541748943444,9.4356047793992808,33.865761433537472,21.810218047460886,2.5698404307336782,6.8404314279721525,1.4176417641764176,1.4176417641764176,1.4176417641764176,8.1906965599510801,0,0,0,0,5.4653794762401322,17.008623019863844]
[null,19,0,0,0,0,0,2.5244563608668318,18.200170682550837,16.281844710147606,28.066218566550504,20.904143666345494,12.730796212610585,13.010365001120721,12.716840671242309,14.204049066360987,13.958910460099466,16.96810510469194,13.590690693955853,27.283363910186864,13.711358196258688,52.761949667531177,28.343791687182332,24.840662192231008,4.1009940471607029,7.1802019374323232,10.635217900469716,0.70882088208820881,8.9921683145913143,4.4892855716878923,21.190679813244707,20.995957884242745,21.236683915559013,22.644013850038007,39.830626889962453,28.430823988172069,18.120798943450726,9.3544926205614161,27.940057398646037,0.28424119687995703,0.60927514401540273,2.0934014538040722,2.3913958026521174,1.4176417641764176,1.5514476371693293,8.5372472739892729,1.4176417641764176,0,0,0,0,0]
[null,18,0,0,0,4.1324631806809338,6.5958049391042852,4.071020064424121,0,6.8157784566256785,0,6.3459602368258654,1.0843542327627786,0,0,4.8428791386661389,5.7776085835243338E-2,8.4830605793937579,7.4972761252016074E-2,14.601032624984091,14.003139820007402,25.980593315601865,2.8637791129208914,4.6726080372022905,0.83695401372673706,0.9922307130703435,9.1293514760028014,14.746439716732258,18.708976596000571,30.612289630474915,49.562455479346724,27.848653387734696,44.205164891470503,17.520225127882227,5.9342857632839063,32.18718699212112,18.833173073485472,26.792565228022102,28.469034071589409,0.70882088208820881,0.13380587299291186,5.2141808928500755,1.6342000270755341,0,1.4176417641764176,8.310606582980153,0,0,0,0.70882088208820881,0,0]
[null,17,0,0,8.0998984610344138,2.5312086596295496,0,1.2042528569362065,0,1.5122936554623494,5.4727197506472098,5.8747247461023804,0.91005015342389362,0.16955982470218145,2.1080069675530857,3.012822994681061,1.8768532472833213,1.3122632655669304,0.48756179523854182,31.360800339666131,6.1805548422341374,7.4429433628306381,0.73183408484310375,0.70882088208820881,0,0.77366969346797276,0.70882088208820881,8.6871852099587255,1.4503424407770036,2.5409184971998813,26.509344052012697,21.331906370570607,15.680048905514504,13.641603566411325,21.098938725850779,20.901338221655905,28.03275564071717,16.839124975086438,25.344533740212409,16.163361570362532,3.0064190823384451,1.4176417641764176,0,0,5.9697505518697733,1.35828270257633,0,0,0,0,0,0]
[null,16,0,7.9279748741783003,0.30237513972874475,0,0,0,0,6.8299833633861731,0,2.8714395324110762,7.295489311100444,0.28749265562066306,5.4447156658391327,1.2783962686661294,1.2745856109974694,0,9.4844351061498351,18.081530209000348,6.6985060602466513,6.2754487793869593,4.439810065717773,0.84262675508112062,0,0,0.70882088208820881,9.8067250435594762,1.07642031859627,3.2016463863229911,4.3096037018435691,20.399567898478928,4.1222482719640725,18.636947789351186,17.117003822933196,8.5733694923885455,1.972111491859776,33.989580937534939,5.6296198456679836,4.0255157038541078,15.627499860654826,12.627089511314171,1.0585675518156932,0.39057696212310111,16.664780921342789,5.1748285245784711,0,0,0,0,0,0.93664111095038294]
[null,15,6.7210517375140491,1.551002235217626,0,0,0,0,0,6.6938474219779245,0,0,6.3042378239026249,0,1.4126407081807226,0.13380587299291186,5.4097520505709214E-2,7.0607141195582255,11.647096955466001,0,15.39043152477214,3.7275597041556066,5.631185822612415,0.13380587299291186,0,0.13380587299291186,0.70882088208820881,7.9927295324933523,5.1264494757127634,0.43347724953082767,9.3636121260555036,25.658983272238736,1.5636270091488467,8.6410447412169979,5.2430336394946417,7.3546119224305135,27.500496629534172,2.505944703631878,8.3460499915197204,5.2976249985196286,1.9909237032991829,6.311539844135746,16.803826515106483,12.092341497392098,1.5727003368554762,2.3929957619952376,7.4556826685734006,2.157169012803867,0,0,0,0]
[null,14,3.2358986146306048,0,0,0,0,0,0,6.5620939559147562,0,0,0.31432935879265045,6.0703848144580883,0.94308581785816414,0,5.4939716799168927,19.187271346786304,0.84262675508112062,0,0.13380587299291186,21.036314267245523,13.024323363139288,15.899651204348404,15.656193275531553,11.326458994274441,7.6506441705584933,2.5791073426733058,2.7160343537536162,11.645711246654802,0.23620131420237228,18.754317518492261,8.6692049084119418,20.973838191030364,15.516393108771034,11.705220566013972,1.5938255646137121,0.95483497956741514,7.2157467347629041,7.9300731568632941,3.5107959860950242,0,0,7.0186006101553682,15.168440065328564,7.3663964930064338,3.1284075890693632,4.4133589240962605,0,0,0,0]
[null,13,0,0,0,0,0,0.13380587299291186,0,6.9048287886736102,0,0,0,0.25648561146282356,2.0470328355739849,2.5351586259852983,25.953966481283764,0.70882088208820881,0,0,4.0393276152345265,4.7642465617545673,0.13380587299291186,0.26761174598582371,0,8.6809371584324353,23.639209953575634,13.048645787271493,12.983936454299061,14.211466250806156,13.75659661609949,39.727535487472082,16.187441044952244,0,7.526358526015164,1.7189735321360877,0,1.4156286382761747,3.4263039083221956,0,4.6784230680058787,4.8432319245739759,1.5572204313886684,6.2577000934557265,6.9518890153573381,16.268287980353627,20.228734246754776,5.4967711305436877,0,0,0,0]
[null,12,0,0,0.13380587299291186,0,0,0.13380587299291186,4.2647103974673879,2.9616940015123734,0,0,0,0.93664111095038294,2.9786791203335721,21.494774924136138,9.5930318683796845,0.16211734562782446,0,0,7.4832417987238413,0,0,0,5.9225340398450594,2.8058836177690702,6.4730520403407663,0,4.5278691652251233,9.3032813929951779,0.43867763805047882,19.407204724391253,8.7197026154444242,3.2287543341830762,2.5168383774891785,7.9544309389926662,0.23547403509942386,3.3351566901481831,1.9594912613276163,0,2.8455406850985194,10.359563493851946,12.584990208503783,0,0,0,3.1241949824778543,9.5853631842067539,10.317258635414925,0,0.76773972102580701,5.8900554053044134]
[null,11,0,0,0.13380587299291186,0,0,0,7.4730587698989597,0,0,0,0,0.84262675508112062,21.213751819836705,9.6775338812660774,1.4614010493229941,0.88083663916782495,0,0.13380587299291186,6.4518365761162677,0,0,4.3246043302379302,8.1656334448826851,0,6.4816010358034237,1.1927588239579219,12.993255738068566,0,0.25278931610006716,33.168591465057858,0.13380587299291186,12.009482844793753,4.8984764860367545,18.872580195957759,6.447785921290345,6.7075790304563743,5.0681506595413675,1.9421654148739536,6.8180123491314584,0.26761174598582371,3.1553346273246241,5.7705677447421131,0,0,0,0,6.8380026348916401,10.792409731524405,0,0]
[null,10,0,0,0,0,0,5.2049901510587828,1.7223635127000216,0,0,0.13380587299291186,0,16.6054696982557,2.1639349877662739,0,0,1.5858418851790459,0,0,7.1601396489341891,0.84262675508112062,0,10.840605330525298,3.0080457922058184,0,6.4442225558163191,1.4497275839111081,0,0.13380587299291186,0.13629507284556583,34.428190953975687,6.69622095807898,15.743746732042766,1.4338105665254055,0.88226281257692629,1.4176417641764176,1.4176417641764176,1.6061473850360246,14.212826823359897,9.3401575447142715,2.7273244680695972,2.8159232663555942,7.0897462348769524,2.6297913217719722,0,0,0,0,6.5827079285208132,10.920670484274066,0]
[null,9,2.0894163863890518,0,0,0,0,6.417181718091383,0,0,0,0,15.412667964588554,3.6712867267350267,0,0,0,1.4477554940517043,0,6.7987905694417652,1.7928329389073896,0,0,7.9360770834240775,0,0,11.325263759602807,5.9356508450521641,6.092949976175702,6.1914914819391784,7.4252442762082502,32.947811183977365,0,0,0,0,1.4176417641764176,1.4176417641764176,8.5375341738705117,3.4682914919599397,1.4176417641764176,1.4176417641764176,1.4176417641764176,0,7.2205253209588971,0,0,0,0,0,6.4888076727264563,11.867646509940769]
[null,8,5.2203338670994759,6.3458102660759703,0,0,0.13380587299291186,6.6873369631176889,0.88312644795420381,0,0,14.40973646963927,4.5187634838120339,0.84262675508112062,0.70882088208820881,0,0,7.805534552126274E-2,9.2794018402714915,2.0289498265508525,0,0,7.3592634085091859,4.6354861607879414,2.5876846807136875,1.5688124404397312,0.60915617662725885,1.5958270510461943,5.0905032814053728,0.54963667884767209,0,16.396981275982618,0,0.13380587299291186,3.5767900965735757,0,7.3138280354834464,12.11393912460648,4.2663529347335949,1.4176417641764176,1.4176417641764176,1.4176417641764176,1.4176417641764176,0.60863764688577948,6.7713236599153532,6.2733238135353719,0,0.13380587299291186,0.26761174598582371,0,5.1376296074367431,8.5758512323973299]
[null,7,0,2.191864485530405,5.1318661635671461,0,0,0.13380587299291186,6.7344418631590557,0,12.231356791195207,5.9546995127176254,0,0,0,0,0,6.6907857600254346,1.1275613108476563,0,0,0,6.7098319929954036,0.52547206876339603,1.3808784817756217,0,1.178151326168098,0.40442937431076575,0,1.4513584342176475,7.0018067363538536E-2,19.131578548539469,5.5127783526968912,6.8798471473329066,4.0368256522709594,7.2478358921123975,0.2703956158529448,1.465307766729862,1.3934276517576172,1.4176417641764176,1.4176417641764176,0,2.566361808089491,1.0029508143378676,0,6.232936455435277E-2,8.9003805417629351,0,0.13380587299291186,0,0,0.66902936496455923]
[null,6,0,0,7.0952542024916063,0,0,0,6.6444189537706775,7.7932820473413145,10.745730402294809,4.3658830402025367E-2,0,0,0,0,0,6.4467688401238261,0,0,0,0,6.6611044276264169,0,1.3721131399845339,0,1.5560440412992467,0,0,0,5.1192446035346393,50.949041207846612,1.470459865339433,0,0,1.4089653909829098,0.57328096850852839,1.8142622627527016,0,0,0,1.9739943359768248,0.24199816501259533,0,0,0,4.4158529303169422E-2,9.7651469717570354,0.13380587299291186,0,0,0]
[null,5,1.4684302428734979,1.5521652250277969,1.789125658557027,7.6251676649704416,0,0,14.572881242678232,14.21584575332364,2.2499186302766634,1.9273209898746808,0,6.3036022743311371,6.5013393211315407,6.8045643031921053,6.2948912646727573,8.2930251620245201,0,0,0,0,8.2545241810381018,1.4790812418665276,2.4028348959266124,1.4357143681872633,1.8907625760178206,1.5270178610552487,0.99144429070933948,6.922639650978029,11.41135122944835,18.548330775562221,7.8320224230644504,0,0,0,3.4275860156507503,1.0701253671339281,0,0,0,1.5076585661668092,0,0,0.97643262807403242,0,0,2.3094162279338777,6.8183969991055218,0.9038615431349436,0,0]
[null,4,0,0,1.2515473460131172,3.3503805309053463,7.6229524089182759,10.919717370568124,50.952970010431265,10.251079026512416,6.3297482247930965,7.044010202645075,6.3108374497395374,0.13865912054849586,0,0,0.13380587299291186,7.5419030537539467,0,0,0,0,6.4415032107643242,4.1392554248724238,0,0,0,3.5023267882901479,7.5816595473157538,1.8021200131188755,6.6505930026654489,0,15.060283296625006,0,1.0386405626555784,1.9419823154005487,0.27282857140540206,0.50927466529981436,0.42665805757751973,0,1.3590020836084105,0.13596551391749415,0.13380587299291186,0,0,0.13380587299291186,0.70882088208820881,2.0216194952607975,8.8987281877461193,0,0.13380587299291186,0]
[null,3,0,0,0,0,5.3256444641029761,33.598774812467056,19.344678609793572,11.835667820884744,0,0,0,0,0,0,0,6.5632946219560928,0,0,9.1493424436964705,6.1515164205116699,7.9696326406271023,4.3733395272338793,6.7816207900277599,7.8700256142398199,14.289843277564776,3.7224625152702977,0,0,6.4565756716206337,0.91975898849914972,7.1040168063690148,12.13767369708307,0.36338494508881714,1.0596780383834257,1.5617527909982831,0.77007489945827712,0.96887777903109495,1.2008785619031312,1.2707139832828778,0,0,0,0,0,0.93504243480521099,20.26159907799601,15.129592643110996,20.684090522466416,6.4780484382351924,5.9893928937336787]
[null,2,0.13380587299291186,0,0,0,8.8161218465860056,7.9018266339493888,0.26761174598582371,6.224983337381488,1.6777867876137775,0,0,0,0,0,0,8.948880435051688,6.5744281649887277,6.6687666364163762,7.6884999090407913,0,0,0,0,0,0,0,0,0,6.4931870317406863,0,0,16.025379487261418,1.8765451293985183,0,0,0,0,0,0,0,0,0,0,0.13380587299291186,5.0418728614086206,14.979341346978149,3.3032447980117534,2.6269791665993663,4.564569171296827,0]
[null,1,0,0,0,0,15.173225269946993,0,0.26761174598582371,0,7.5959045543831998,0,0,0,0,0,8.2357807513707666,4.5047717043577675,0,1.2389659612522546,5.7132505528029371,0,0,0,0,0,0,0,0,6.0961052299084351,0.42746762445770259,0,0,0.13380587299291186,18.209209280123893,0,0,0,0,0,0,0,0,0,0,4.4154044958415852,5.8368379164132334,0,0,0,7.34535559964878,0.25827177907636822]
[null,null,1,2,3,4,5,6,7,8,9,10,11,12,13,14,15,16,17,18,19,20,21,22,23,24,25,26,27,28,29,30,31,32,33,34,35,36,37,38,39,40,41,42,43,44,45,46,47,48,49,50]

{"sheet":"gridded_emissions","index":4,"n_rows":2503,"n_cols":10,"rows_kept":2503,"cut":false,"hidden":false,"merged":[]}
[null,null,{"$f":"SUM(C4:C10501)","v":2000.0000000000005},500.00000000000034,2000.0000000000027,999.99999999999864,2000.0000000000002,8000.0000000000082,{"$f":"SUM(I4:I10501)","v":15499.999999999987},"<== cross check for totals"]
[null,"vehicle category ==>",1,2,3,4,5,6]
["gridx","gridy","2Ws","3Ws","4Ws","Buses","LDVs","HDVs","total"]
[1,1,0,0,0,0,0,0,0]
[2,1,0,0,0,0,0,0,0]
[3,1,0,0,0,0,0,0,0]
[4,1,0,0,0,0,0,0,0]
[5,1,0.96388206492531936,0.32267983686607749,0.8754810651262217,0.43774053256311091,1.39680184924841,11.176639921217854,15.173225269946993]
[6,1,0,0,0,0,0,0,0]
[7,1,0.10125849848112252,2.1698249674526243E-2,5.7861999132069936E-2,2.8930999566034999E-2,5.7861999132069998E-2,0,0.26761174598582371]
[8,1,0,0,0,0,0,0,0]
[9,1,0.4133825607827592,0.15501846029353469,0.4133825607827592,0.2066912803913796,0.62007384117413877,5.7873558509586287,7.5959045543831998]
[10,1,0,0,0,0,0,0,0]
[11,1,0,0,0,0,0,0,0]
[12,1,0,0,0,0,0,0,0]
[13,1,0,0,0,0,0,0,0]
[14,1,0,0,0,0,0,0,0]
[15,1,0.97645973663391161,0.25416487110527347,0.69277448976407741,0.34638724488203887,0.99255248815803654,4.9734419208274288,8.2357807513707666]
[16,1,0.2885049407434106,0.10005250915083162,0.26680669106888427,0.13340334553444216,0.38574453682030901,3.3302596810398901,4.5047717043577675]
[17,1,0,0,0,0,0,0,0]
[18,1,6.7426718979714542E-2,2.5285019617392952E-2,6.7426718979714542E-2,3.3713359489857271E-2,0.10114007846957181,0.94397406571600351,1.2389659612522546]
[19,1,0.31092520015254077,0.11659695005720279,0.31092520015254077,0.15546260007627039,0.46638780022881116,4.3529528021355715,5.7132505528029371]
[20,1,0,0,0,0,0,0,0]
[21,1,0,0,0,0,0,0,0]
[22,1,0,0,0,0,0,0,0]
[23,1,0,0,0,0,0,0,0]
[24,1,0,0,0,0,0,0,0]
[25,1,0,0,0,0,0,0,0]
[26,1,0,0,0,0,0,0,0]
[27,1,0,0,0,0,0,0,0]
[28,1,0.33176082883855429,0.12441031081445786,0.33176082883855429,0.16588041441927714,0.49764124325783143,4.64465160373976,6.0961052299084351]
[29,1,2.3263544188174293E-2,8.7238290705653598E-3,2.3263544188174293E-2,1.1631772094087146E-2,3.4895316282261439E-2,0.32568961863444007,0.42746762445770259]
[30,1,0,0,0,0,0,0,0]
[31,1,0,0,0,0,0,0,0]
[32,1,5.062924924056126E-2,1.0849124837263122E-2,2.8930999566034968E-2,1.44654997830175E-2,2.8930999566034999E-2,0,0.13380587299291186]
[33,1,1.3224660839004847,0.41784773909742567,1.2123668344268608,0.49865486731734238,1.7630079583907854,12.994865796990993,18.209209280123893]
[34,1,0,0,0,0,0,0,0]
[35,1,0,0,0,0,0,0,0]
[36,1,0,0,0,0,0,0,0]
[37,1,0,0,0,0,0,0,0]
[38,1,0,0,0,0,0,0,0]
[39,1,0,0,0,0,0,0,0]
[40,1,0,0,0,0,0,0,0]
[41,1,0,0,0,0,0,0,0]
[42,1,0,0,0,0,0,0,0]
[43,1,0,0,0,0,0,0,0]
[44,1,0.32698871616034764,0.10634708130423566,0.28359221681129509,0.14179610840564758,0.39645732565090769,3.1602230475091515,4.4154044958415852]
[45,1,0.42939403974353518,0.13780887300987421,0.42939403974353518,0.13460026698341795,0.55123549203949684,4.1544052048933739,5.8368379164132334]
[46,1,0,0,0,0,0,0,0]
[47,1,0,0,0,0,0,0,0]
[48,1,0,0,0,0,0,0,0]
[49,1,0.39974724351830088,0.14990521631936285,0.39974724351830088,0.19987362175915044,0.5996208652774514,5.5964614092562135,7.34535559964878]
[50,1,1.4055607024564256E-2,5.2708526342115968E-3,1.4055607024564256E-2,7.0278035122821282E-3,2.1083410536846387E-2,0.1967784983438996,0.25827177907636822]
[1,2,5.062924924056126E-2,1.0849124837263122E-2,2.8930999566034968E-2,1.44654997830175E-2,2.8930999566034999E-2,0,0.13380587299291186]
[2,2,0,0,0,0,0,0,0]
[3,2,0,0,0,0,0,0,0]
[4,2,0,0,0,0,0,0,0]
[5,2,0.47978894403189148,0.17992085401195931,0.47978894403189148,0.23989447201594574,0.71968341604783725,6.7170452164464809,8.8161218465860056]
[6,2,0.78489617502134124,0.21487591001234896,0.58800392684961211,0.29400196342480617,0.89325864291840851,5.1267900157228725,7.9018266339493888]
[7,2,0.10125849848112252,2.1698249674526243E-2,5.7861999132069936E-2,2.8930999566034999E-2,5.7861999132069998E-2,0,0.26761174598582371]
[8,2,0.4254691973325872,0.14327726174382549,0.3820726979835346,0.19103634899176736,0.54417804740926701,4.538949783920506,6.224983337381488]
[9,2,9.1308124495987894E-2,3.4240546685995465E-2,9.1308124495987894E-2,4.5654062247993947E-2,0.13696218674398186,1.2783137429438305,1.6777867876137775]
[10,2,0,0,0,0,0,0,0]
[11,2,0,0,0,0,0,0,0]
[12,2,0,0,0,0,0,0,0]
[13,2,0,0,0,0,0,0,0]
[14,2,0,0,0,0,0,0,0]
[15,2,0,0,0,0,0,0,0]
[16,2,0.48701390122730281,0.18263021296023854,0.48701390122730281,0.24350695061365141,0.73052085184095417,6.8181946171822387,8.948880435051688]
[17,2,0.40113930594781655,0.14229039610248384,0.37944105627329022,0.18972052813664514,0.55469608462691777,4.9071407939015739,6.5744281649887277]
[18,2,0.40627337242006956,0.14421567102957872,0.38457512274554323,0.19228756137277164,0.5623971843352974,4.979017724513116,6.6687666364163762]
[19,2,0.41842176375732199,0.15690816140899574,0.41842176375732199,0.20921088187866099,0.62763264563598298,5.8579046926025073,7.6884999090407913]
[20,2,0,0,0,0,0,0,0]
[21,2,0,0,0,0,0,0,0]
[22,2,0,0,0,0,0,0,0]
[23,2,0,0,0,0,0,0,0]
[24,2,0,0,0,0,0,0,0]
[25,2,0,0,0,0,0,0,0]
[26,2,0,0,0,0,0,0,0]
[27,2,0,0,0,0,0,0,0]
[28,2,0,0,0,0,0,0,0]
[29,2,0.35337072281581966,0.13251402105593238,0.35337072281581966,0.17668536140790983,0.53005608422372952,4.9471901194214754,6.4931870317406863]
[30,2,0,0,0,0,0,0,0]
[31,2,0,0,0,0,0,0,0]
[32,2,1.1595534812187993,0.36504139734095398,1.0711524814197018,0.42856193762175832,1.5662480911479157,11.43482209851229,16.025379487261418]
[33,2,0.10212490500127991,3.8296839375479966E-2,0.10212490500127991,5.1062452500639954E-2,0.15318735750191986,1.4297486700179187,1.8765451293985183]
[34,2,0,0,0,0,0,0,0]
[35,2,0,0,0,0,0,0,0]
[36,2,0,0,0,0,0,0,0]
[37,2,0,0,0,0,0,0,0]
[38,2,0,0,0,0,0,0,0]
[39,2,0,0,0,0,0,0,0]
[40,2,0,0,0,0,0,0,0]
[41,2,0,0,0,0,0,0,0]
[42,2,0,0,0,0,0,0,0]
[43,2,0,0,0,0,0,0,0]
[44,2,5.062924924056126E-2,1.0849124837263122E-2,2.8930999566034968E-2,1.44654997830175E-2,2.8930999566034999E-2,0,0.13380587299291186]
[45,2,0.52232287027397406,0.1358251099310448,0.39052537112582386,0.19526268556291199,0.62045194194224429,3.1774848825726214,5.0418728614086206]
[46,2,2.3309947048209474,0.55903594088630881,1.6551329627086475,0.65370943125274783,2.1156022721040326,7.6648660352054652,14.979341346978149]
[47,2,0.17976842438159202,6.7413159143097007E-2,0.17976842438159202,8.9884212190796009E-2,0.26965263657238803,2.5167579413422883,3.3032447980117534]
[48,2,0.14296485260404715,5.3611819726517684E-2,0.14296485260404715,7.1482426302023575E-2,0.21444727890607074,2.0015079364566599,2.6269791665993663]
[49,2,0.29175922465846144,0.10127286561897567,0.27006097498393511,0.13503048749196758,0.39062596269288519,3.3758196558506022,4.564569171296827]
[50,2,0,0,0,0,0,0,0]
[1,3,0,0,0,0,0,0,0]
[2,3,0,0,0,0,0,0,0]
[3,3,0,0,0,0,0,0,0]
[4,3,0,0,0,0,0,0,0]
[5,3,0.85210311425647622,0.21302577856411906,1.7042062285129524,1.0651288928205955,0.63907733569235714,0.85210311425647622,5.3256444641029761]
[6,3,3.3507305630466369,0.94438974641734241,3.3117552959474827,1.7988255794711332,3.5574660620798282,20.635607565504632,33.598774812467056]
[7,3,4.4810332397995234,0.98504683461143672,2.6953447620843978,1.3476723810422002,3.4097943599029934,6.4257870323530186,19.344678609793572]
[8,3,0.7968004481224088,0.25613241677235027,0.73009769799783752,0.32354540763732176,1.1450776686565185,8.5840141816983095,11.835667820884744]
[9,3,0,0,0,0,0,0,0]
[10,3,0,0,0,0,0,0,0]
[11,3,0,0,0,0,0,0,0]
[12,3,0,0,0,0,0,0,0]
[13,3,0,0,0,0,0,0,0]
[14,3,0,0,0,0,0,0,0]
[15,3,0,0,0,0,0,0,0]
[16,3,0.40053339884399969,0.14206318093855252,0.37883514916947336,0.18941757458473671,0.55378722397119262,4.8986580944481375,6.5632946219560928]
[17,3,0,0,0,0,0,0,0]
[18,3,0,0,0,0,0,0,0]
[19,3,0.54127069526524463,0.1948396670965194,0.51957244559071836,0.25978622279535918,0.76489316860306,6.8689802443455683,9.1493424436964705]
[20,3,0.378123700806208,0.13365954417438064,0.35642545113168167,0.17821272556584086,0.52017267691450497,4.5849223219190538,6.1515164205116699]
[21,3,0.48515521905186654,0.15943095691942744,0.44015071860182153,0.22007535930091077,0.77273732902784475,5.8920830577252312,7.9696326406271023]
[22,3,0.23800487223041517,8.9251827086405694E-2,0.23800487223041517,0.11900243611520758,0.35700730834562278,3.3320682112258124,4.3733395272338793]
[23,3,0.42050151289680027,0.13518581711127758,0.37549701244675526,0.18774850622337763,0.67575676979524535,4.9869311715543034,6.7816207900277599]
[24,3,0.57063983242649119,0.18455513407770013,0.57063983242649119,0.17179687160618573,0.73822053631080053,5.6341734073921517,7.8700256142398199]
[25,3,1.4653634678468141,0.40812963076278835,1.4436652181722878,0.20793896117278454,1.6180530232681358,9.1466929763419653,14.289843277564776]
[26,3,0.20258299402831548,7.5968622760618318E-2,0.20258299402831548,0.10129149701415774,0.30387449104247327,2.8361619163964171,3.7224625152702977]
[27,3,0,0,0,0,0,0,0]
[28,3,0,0,0,0,0,0,0]
[29,3,0.35137826784329979,0.13176685044123743,0.35137826784329979,0.17568913392164989,0.52706740176494971,4.9192957498061967,6.4565756716206337]
[30,3,0.11722682108214691,1.8055580158025476E-2,7.2222320632101905E-2,3.6111160316050953E-2,0.20723582198223692,0.46890728432858764,0.91975898849914972]
[31,3,0.48502218305209005,0.14922611197525015,0.44001768260204505,0.22000884130102252,0.73191794925113562,5.0778240381874715,7.1040168063690148]
[32,3,0.91875692406664311,0.28000340702083143,0.85205417394207184,0.30390777593402807,1.2405616296504431,8.5423897864690534,12.13767369708307]
[33,3,4.965155316971339E-2,1.2412888292428348E-2,4.965155316971339E-2,3.4111846083950772E-3,4.965155316971339E-2,0.19860621267885356,0.36338494508881714]
[34,3,0.14479042452546395,3.6197606131365988E-2,0.14479042452546395,9.9474605738119528E-3,0.14479042452546395,0.5791616981018558,1.0596780383834257]
[35,3,0.27808506703871466,6.5904891813924282E-2,0.23468856768966209,4.1079422535951475E-2,0.23468856768966215,0.70730627423036863,1.5617527909982831]
[36,3,0.10522014005222199,2.6305035013055499E-2,0.10522014005222199,7.2288840796676732E-3,0.10522014005222199,0.42088056020888798,0.77007489945827712]
[37,3,0.13238381834656984,3.3095954586642461E-2,0.13238381834656984,9.0950960184634985E-3,0.13238381834656984,0.52953527338627937,0.96887777903109495]
[38,3,0.16408353337843656,4.1020883344609141E-2,0.16408353337843656,1.1272944909466037E-2,0.16408353337843656,0.65633413351374625,1.2008785619031312]
[39,3,0.23831861817771549,5.5963279598674483E-2,0.19492211882866289,3.8347369062790133E-2,0.19492211882866295,0.54824047878637183,1.2707139832828778]
[40,3,0,0,0,0,0,0,0]
[41,3,0,0,0,0,0,0,0]
[42,3,0,0,0,0,0,0,0]
[43,3,0,0,0,0,0,0,0]
[44,3,0,0,0,0,0,0,0]
[45,3,0.15256285397601776,2.5081400908615999E-2,8.5860103851446476E-2,4.2930051925723252E-2,0.22087360520158153,0.40773441894182605,0.93504243480521099]
[46,3,5.6981334777852695,1.1942897462123025,3.938643570767959,2.085166676981562,4.1695001208808646,3.1758654853680479,20.26159907799601]
[47,3,2.2015322158652468,0.53985611199664429,2.4442465608844106,1.4029462404573871,1.9882494945773503,6.5527620193299576,15.129592643110996]
[48,3,2.5039265324697686,0.65419306034913471,1.7846682910084164,0.8792005366635347,2.4672997503893019,12.394802351586261,20.684090522466416]
[49,3,0.5259360416568597,0.16467864110953301,0.43914304295875456,0.21957152147937734,0.60085256530606201,4.5278666257246059,6.4780484382351924]
[50,3,0.3259533547610165,0.12223250803538119,0.3259533547610165,0.16297667738050825,0.48893003214152475,4.5633469666542315,5.9893928937336787]
[1,4,0,0,0,0,0,0,0]
[2,4,0,0,0,0,0,0,0]
[3,4,0.17100672560828198,4.2751681402070495E-2,0.17100672560828198,1.1748585353072835E-2,0.17100672560828198,0.68402690243312791,1.2515473460131172]
[4,4,0.29094063228459155,8.6540328862945742E-2,0.29094063228459155,6.7621429539241162E-2,0.34616131545178297,2.2681761924821933,3.3503805309053463]
[5,4,0.4610344744637801,0.16413873750124924,0.43933622478925377,0.21966811239462691,0.64208945022197939,5.6966854095473867,7.6229524089182759]
[6,4,0.9057878297052232,0.2683471241467521,0.73059383120802046,0.36529691560401029,1.1216089992390386,7.5280826706650794,10.919717370568124]
[7,4,7.3564066533436074,1.8204307866864475,4.9599511825397604,2.4799755912698815,6.6741851761108872,27.662020620480686,50.952970010431265]
[8,4,1.5100014073612233,0.36184624079336114,1.3348074088640205,0.20822374377053277,1.4956054658254747,5.3405947598978027,10.251079026512416]
[9,4,0.34447609386629097,0.12917853519985911,0.34447609386629097,0.17223804693314548,0.51671414079943645,4.8226653141280735,6.3297482247930965]
[10,4,0.42939285421997164,0.1514566916516224,0.42939285421997164,0.18169137133677676,0.6058267666064896,5.246249664610243,7.044010202645075]
[11,4,0.3434469360402469,0.12879260101509257,0.3434469360402469,0.17172346802012345,0.51517040406037029,4.8082571045634568,6.3108374497395374]
[12,4,7.5460745876732441E-3,2.8297779703774666E-3,7.5460745876732441E-3,3.7730372938366221E-3,1.1319111881509867E-2,0.10564504422742542,0.13865912054849586]
[13,4,0,0,0,0,0,0,0]
[14,4,0,0,0,0,0,0,0]
[15,4,5.062924924056126E-2,1.0849124837263122E-2,2.8930999566034968E-2,1.44654997830175E-2,2.8930999566034999E-2,0,0.13380587299291186]
[16,4,0.59191930931222292,0.17505695988321907,0.48182005983859905,0.24091002991929955,0.79184484153395873,5.2603518532666476,7.5419030537539467]
[17,4,0,0,0,0,0,0,0]
[18,4,0,0,0,0,0,0,0]
[19,4,0,0,0,0,0,0,0]
[20,4,0,0,0,0,0,0,0]
[21,4,0.35055799786472508,0.13145924919927193,0.35055799786472508,0.17527899893236254,0.52583699679708773,4.9078119701061516,6.4415032107643242]
[22,4,0.22526560135360127,8.4474600507600472E-2,0.22526560135360127,0.11263280067680063,0.33789840203040189,3.1537184189504179,4.1392554248724238]
[23,4,0,0,0,0,0,0,0]
[24,4,0,0,0,0,0,0,0]
[25,4,0,0,0,0,0,0,0]
[26,4,0.19060281841034818,7.1476056903880564E-2,0.19060281841034818,9.530140920517409E-2,0.28590422761552226,2.6684394577448747,3.5023267882901479]
[27,4,0.45477338984318255,0.16178029071489425,0.45477338984318255,0.19716229435429589,0.64712116285957699,5.6660490197006208,7.5816595473157538]
[28,4,0.14868686231522793,4.6111471104816087E-2,0.12698861264070163,5.8286790212312659E-2,0.16998038463624687,1.2520658922095704,1.8021200131188755]
[29,4,0.40528433112750212,0.14384478054486594,0.38358608145297579,0.19179304072648792,0.56091362239644615,4.9651711464171715,6.6505930026654489]
[30,4,0,0,0,0,0,0,0]
[31,4,0.95773556297582341,0.32037489863501656,0.86933456317672575,0.43466728158836293,1.3875820963241661,11.090588893924911,15.060283296625006]
[32,4,0,0,0,0,0,0,0]
[33,4,0.14191594290817389,3.5478985727043472E-2,0.14191594290817389,9.7499765713176326E-3,0.14191594290817389,0.56766377163269555,1.0386405626555784]
[34,4,0.26534516493022642,6.6336291232556605E-2,0.26534516493022642,1.8229869656407095E-2,0.26534516493022642,1.0613806597209057,1.9419823154005487]
[35,4,3.7278270612012609E-2,9.3195676530031524E-3,3.7278270612012609E-2,2.5611094683106769E-3,3.7278270612012609E-2,0.14911308244805044,0.27282857140540206]
[36,4,6.9585376234949287E-2,1.7396344058737322E-2,6.9585376234949287E-2,4.7806875964321377E-3,6.9585376234949287E-2,0.27834150493979715,0.50927466529981436]
[37,4,5.829695345776939E-2,1.4574238364442348E-2,5.829695345776939E-2,4.0051450086916801E-3,5.829695345776939E-2,0.23318781383107756,0.42665805757751973]
[38,4,0,0,0,0,0,0,0]
[39,4,0.18568893710096304,4.642223427524076E-2,0.18568893710096304,1.2757289626428482E-2,0.18568893710096304,0.74275574840385217,1.3590020836084105]
[40,4,1.8577816815916349E-2,4.6444542039790872E-3,1.8577816815916349E-2,1.2763420021006146E-3,1.8577816815916349E-2,7.4311267263665395E-2,0.13596551391749415]
[41,4,5.062924924056126E-2,1.0849124837263122E-2,2.8930999566034968E-2,1.44654997830175E-2,2.8930999566034999E-2,0,0.13380587299291186]
[42,4,0,0,0,0,0,0,0]
[43,4,0,0,0,0,0,0,0]
[44,4,5.062924924056126E-2,1.0849124837263122E-2,2.8930999566034968E-2,1.44654997830175E-2,2.8930999566034999E-2,0,0.13380587299291186]
[45,4,9.0009000900090008E-2,1.1251125112511251E-2,4.5004500450045004E-2,2.2502250225022502E-2,0.18001800180018002,0.36003600360036003,0.70882088208820881]
[46,4,0.30173138709333786,6.2373534187946007E-2,0.23502863696876652,4.8035247280739247E-2,0.37004213831890159,1.0044085514111063,2.0216194952607975]
[47,4,0.77650835221454328,0.23569268218559891,0.64631885416738544,0.30012162451149704,0.85597773004429067,6.0841089446228018,8.8987281877461193]
[48,4,0,0,0,0,0,0,0]
[49,4,5.062924924056126E-2,1.0849124837263122E-2,2.8930999566034968E-2,1.44654997830175E-2,2.8930999566034999E-2,0,0.13380587299291186]
[50,4,0,0,0,0,0,0,0]
[1,5,0.20064078951379863,5.0160197378449657E-2,0.20064078951379863,1.3784518898457998E-2,0.20064078951379863,0.80256315805519451,1.4684302428734979]
[2,5,0.21208202277012683,5.3020505692531708E-2,0.21208202277012683,1.4570559944377408E-2,0.21208202277012683,0.84832809108050733,1.5521652250277969]
[3,5,0.11422744012196349,3.9332721113938388E-2,0.11422744012196349,4.5028525579752766E-2,0.15733088445575355,1.3189786471636555,1.789125658557027]
[4,5,0.41497511101879953,0.15561566663204984,0.41497511101879953,0.20748755550939976,0.62246266652819937,5.8096515542631932,7.6251676649704416]
[5,5,0,0,0,0,0,0,0]
[6,5,0,0,0,0,0,0,0]
[7,5,1.7628953413675181,0.45334438000382726,1.2389213469769025,0.61946067348845157,1.7940945270552295,8.7041649737863018,14.572881242678232]
[8,5,0.88810423426227092,0.29814742387782595,0.82140148413769964,0.41070074206884982,1.3131376970784212,10.484354171898572,14.21584575332364]
[9,5,0.33292532287421972,7.0172018133166481E-2,0.26622257274964839,5.0178347885211701E-2,0.40123607409978346,1.1291842945346338,2.2499186302766634]
[10,5,0.26334189651274104,6.5835474128185259E-2,0.26334189651274104,1.8092240157308596E-2,0.26334189651274104,1.0533675860509641,1.9273209898746808]
[11,5,0,0,0,0,0,0,0]
[12,5,0.34305318499761289,0.12864494437410484,0.34305318499761289,0.17152659249880645,0.51457977749641937,4.8027445899665802,6.3036022743311371]
[13,5,0.35381438482348521,0.13268039430880693,0.35381438482348521,0.1769071924117426,0.53072157723522773,4.9534013875287926,6.5013393211315407]
[14,5,0.54370561253886862,0.17134223019028633,0.45691261384076343,0.22845630692038177,0.6275069216290754,4.7766406180727294,6.8045643031921053]
[15,5,0.42927371038245216,0.14470395413752488,0.38587721103339956,0.19293860551669983,0.54988481698406455,4.5922129666186162,6.2948912646727573]
[16,5,0.58136298815954957,0.19360058967598903,0.51626823913597064,0.25813411956798538,0.73100585935490359,6.0126533661301211,8.2930251620245201]
[17,5,0,0,0,0,0,0,0]
[18,5,0,0,0,0,0,0,0]
[19,5,0,0,0,0,0,0,0]
[20,5,0,0,0,0,0,0,0]
[21,5,0.54332077692073188,0.18506594342282784,0.52162252724620561,0.22443561557759387,0.72579827390829388,6.0542810439624484,8.2545241810381018]
[22,5,0.20209610198604128,5.0524025496510319E-2,0.20209610198604128,1.3884502467728247E-2,0.20209610198604128,0.80838440794416511,1.4790812418665276]
[23,5,0.32921497462800325,8.2303743657000814E-2,0.32921497462800325,1.6026329873588551E-2,0.32921497462800325,1.316859898512013,2.4028348959266124]
[24,5,0.22851713299822324,5.5321095776678618E-2,0.20681888332369697,2.6686837734319537E-2,0.20681888332369699,0.71155153503064794,1.4357143681872633]
[25,5,0.25834669224259538,6.4586673060648844E-2,0.25834669224259538,1.7749057259003938E-2,0.25834669224259538,1.0333867689703815,1.8907625760178206]
[26,5,0.24099249911336956,5.8439937305465199E-2,0.21929424943884329,2.7543926267494346E-2,0.21929424943884332,0.76145299949123324,1.5270178610552487]
[27,5,0.13546722168947239,3.3866805422368099E-2,0.13546722168947239,9.306933460664581E-3,0.13546722168947239,0.54186888675788958,0.99144429070933948]
[28,5,0.37674229393077713,0.14127836022404142,0.37674229393077713,0.18837114696538856,0.56511344089616566,5.2743921150308797,6.922639650978029]
[29,5,0.6816225056492643,0.23112539171808769,0.63661800519921929,0.31830900259960965,1.0595150682224856,8.484161256059684,11.41135122944835]
[30,5,2.2644734538028133,0.58428659818057915,2.0458829559565577,0.34870526226829862,2.3564358958083118,10.948546609545662,18.548330775562221]
[31,5,0.48117460103216936,0.16989488813783932,0.45947635135764303,0.22142709438809366,0.66511405276833968,5.8349354353803653,7.8320224230644504]
[32,5,0,0,0,0,0,0,0]
[33,5,0,0,0,0,0,0,0]
[34,5,0,0,0,0,0,0,0]
[35,5,0.49383736832741554,0.11040002949646543,0.42713461820284421,6.123340372362867E-2,0.56214811955297916,1.772832476347417,3.4275860156507503]
[36,5,0.14621790826123146,3.6554477065307865E-2,0.14621790826123146,1.0045532240000123E-2,0.14621790826123146,0.58487163304492584,1.0701253671339281]
[37,5,0,0,0,0,0,0,0]
[38,5,0,0,0,0,0,0,0]
[39,5,0,0,0,0,0,0,0]
[40,5,0.20600080017489106,5.1500200043722764E-2,0.20600080017489106,1.4152764898849078E-2,0.20600080017489106,0.82400320069956423,1.5076585661668092]
[41,5,0,0,0,0,0,0,0]
[42,5,0,0,0,0,0,0,0]
[43,5,0.19126749938121251,3.2949374787037494E-2,0.10286649958211494,5.1433249791057498E-2,0.23788000093225001,0.36003600360036003,0.97643262807403242]
[44,5,0,0,0,0,0,0,0]
[45,5,0,0,0,0,0,0,0]
[46,5,0.12568251580592529,4.7130943427221988E-2,0.12568251580592529,6.2841257902962647E-2,0.18852377370888795,1.7595552212829544,2.3094162279338777]
[47,5,0.52342780215176932,0.15455324108551144,0.43502680235267177,0.20731322424005594,0.72429546612614581,4.7737804631493672,6.8183969991055218]
[48,5,0.12350024422738511,3.0875061056846276E-2,0.12350024422738511,8.4847724864015751E-3,0.12350024422738511,0.49400097690954042,0.9038615431349436]
[49,5,0,0,0,0,0,0,0]
[50,5,0,0,0,0,0,0,0]
[1,6,0,0,0,0,0,0,0]
[2,6,0,0,0,0,0,0,0]
[3,6,0.38613628312879489,0.14480110617329808,0.38613628312879489,0.19306814156439744,0.57920442469319233,5.4059079638031289,7.0952542024916063]
[4,6,0,0,0,0,0,0,0]
[5,6,0,0,0,0,0,0,0]
[6,6,0,0,0,0,0,0,0]
[7,6,0.36160103149772399,0.13560038681164649,0.36160103149772399,0.180800515748862,0.54240154724658596,5.0624144409681353,6.6444189537706775]
[8,6,0.46747149002142674,0.16716496513008766,0.44577324034690041,0.22288662017345023,0.65419436073733306,5.8357913709321165,7.7932820473413145]
[9,6,0.93126442467447135,0.26890463110295226,0.79946692552632115,0.31254268844392974,1.1527700266298742,7.2807817059172599,10.745730402294809]
[10,6,5.9653785010378843E-3,1.4913446252594711E-3,5.9653785010378843E-3,4.0983626950070686E-4,5.9653785010378843E-3,2.3861514004151537E-2,4.3658830402025367E-2]
[11,6,0,0,0,0,0,0,0]
[12,6,0,0,0,0,0,0,0]
[13,6,0,0,0,0,0,0,0]
[14,6,0,0,0,0,0,0,0]
[15,6,0,0,0,0,0,0,0]
[16,6,0.35084456272782727,0.13156671102293524,0.35084456272782727,0.17542228136391363,0.52626684409174096,4.9118238781895815,6.4467688401238261]
[17,6,0,0,0,0,0,0,0]
[18,6,0,0,0,0,0,0,0]
[19,6,0,0,0,0,0,0,0]
[20,6,0,0,0,0,0,0,0]
[21,6,0.36250908449667574,0.13594090668625339,0.36250908449667574,0.18125454224833787,0.54376362674501355,5.0751271829534605,6.6611044276264169]
[22,6,0,0,0,0,0,0,0]
[23,6,0.18748038256827892,4.6870095642069731E-2,0.18748038256827892,1.2880366364511566E-2,0.18748038256827892,0.7499215302731157,1.3721131399845339]
[24,6,0,0,0,0,0,0,0]
[25,6,0.21261200964751484,5.3153002411878709E-2,0.21261200964751484,1.4606971354764065E-2,0.21261200964751484,0.85044803859005935,1.5560440412992467]
[26,6,0,0,0,0,0,0,0]
[27,6,0,0,0,0,0,0,0]
[28,6,0,0,0,0,0,0,0]
[29,6,0.64893884207355879,0.15931260532250557,0.47374484357635605,0.23687242178817808,0.68547092394205245,2.9149049668319886,5.1192446035346393]
[30,6,7.7225207593061036,1.8890991166988607,5.8500392828928724,1.8645192691147754,6.9681414891206188,26.654721290713383,50.949041207846612]
[31,6,0.12337232365397738,3.8127777742294165E-2,0.10167407397945108,5.0837036989725554E-2,0.13804561118615918,1.0184030417878256,1.470459865339433]
[32,6,0,0,0,0,0,0,0]
[33,6,0,0,0,0,0,0,0]
[34,6,0.19251573564109892,4.8128933910274729E-2,0.19251573564109892,1.3226307584942826E-2,0.19251573564109892,0.77006294256439567,1.4089653909829098]
[35,6,7.833095694740147E-2,1.9582739236850367E-2,7.833095694740147E-2,5.3815306398677107E-3,7.833095694740147E-2,0.31332382778960588,0.57328096850852839]
[36,6,0.2478939769528786,6.1973494238219649E-2,0.2478939769528786,1.7030929844331893E-2,0.2478939769528786,0.99157590781151439,1.8142622627527016]
[37,6,0,0,0,0,0,0,0]
[38,6,0,0,0,0,0,0,0]
[39,6,0,0,0,0,0,0,0]
[40,6,0.26971916710944283,6.7429791777360706E-2,0.26971916710944283,1.8530374433364021E-2,0.26971916710944283,1.0788766684377713,1.9739943359768248]
[41,6,3.3065719753907659E-2,8.2664299384769147E-3,3.3065719753907659E-2,2.2716967967647962E-3,3.3065719753907659E-2,0.13226287901563064,0.24199816501259533]
[42,6,0,0,0,0,0,0,0]
[43,6,0,0,0,0,0,0,0]
[44,6,0,0,0,0,0,0,0]
[45,6,2.4031852681996963E-3,9.0119447557488602E-4,2.4031852681996963E-3,1.2015926340998482E-3,3.6047779022995441E-3,3.3644593754795747E-2,4.4158529303169422E-2]
[46,6,0.9729959574111342,0.26913964115262667,0.73270720989035265,0.36635360494517644,1.0813825679134843,6.3425679904442607,9.7651469717570354]
[47,6,5.062924924056126E-2,1.0849124837263122E-2,2.8930999566034968E-2,1.44654997830175E-2,2.8930999566034999E-2,0,0.13380587299291186]
[48,6,0,0,0,0,0,0,0]
[49,6,0,0,0,0,0,0,0]
[50,6,0,0,0,0,0,0,0]
[1,7,0,0,0,0,0,0,0]
[2,7,0.1192851420696819,4.4731928276130713E-2,0.1192851420696819,5.9642571034840948E-2,0.17892771310452285,1.6699919889755466,2.191864485530405]
[3,7,0.27928523339140932,0.10473196252177848,0.27928523339140932,0.13964261669570466,0.41892785008711392,3.90999326747973,5.1318661635671461]
[4,7,0,0,0,0,0,0,0]
[5,7,0,0,0,0,0,0,0]
[6,7,5.062924924056126E-2,1.0849124837263122E-2,2.8930999566034968E-2,1.44654997830175E-2,2.8930999566034999E-2,0,0.13380587299291186]
[7,7,0.36650023745083299,0.13743758904406239,0.36650023745083299,0.18325011872541649,0.54975035617624957,5.1310033243116617,6.7344418631590557]
[8,7,0,0,0,0,0,0,0]
[9,7,0.71708578506917842,0.24640491917591939,0.67208128461913341,0.33604064230956671,1.1206331780538126,9.1391109819675975,12.231356791195207]
[10,7,0.4188462913725699,0.12642826541174385,0.35214354124799857,0.17607177062399931,0.62626106321409281,4.2549485808472207,5.9546995127176254]
[11,7,0,0,0,0,0,0,0]
[12,7,0,0,0,0,0,0,0]
[13,7,0,0,0,0,0,0,0]
[14,7,0,0,0,0,0,0,0]
[15,7,0,0,0,0,0,0,0]
[16,7,0.40747169207226319,0.14466504089915133,0.38577344239773687,0.19288672119886846,0.56419466381358785,4.9957941996438269,6.6907857600254346]
[17,7,6.1363880862457483E-2,2.3011455323421557E-2,6.1363880862457483E-2,3.0681940431228742E-2,9.2045821293686228E-2,0.85909433207440489,1.1275613108476563]
[18,7,0,0,0,0,0,0,0]
[19,7,0,0,0,0,0,0,0]
[20,7,0,0,0,0,0,0,0]
[21,7,0.36516092478886553,0.13693534679582459,0.36516092478886553,0.18258046239443276,0.54774138718329834,5.1122529470441167,6.7098319929954036]
[22,7,7.2300352209038049E-2,1.8075088052259512E-2,7.2300352209038049E-2,1.2945152478700756E-3,7.2300352209038049E-2,0.2892014088361522,0.52547206876339603]
[23,7,0.18867804592740497,4.7169511481851244E-2,0.18867804592740497,1.2962648801935527E-2,0.18867804592740497,0.7547121837096199,1.3808784817756217]
[24,7,0,0,0,0,0,0,0]
[25,7,0.16097816930447145,4.0244542326117863E-2,0.16097816930447145,1.1059598710680166E-2,0.16097816930447145,0.64391267721788581,1.178151326168098]
[26,7,5.5259709719336053E-2,1.3814927429834013E-2,5.5259709719336053E-2,3.7964788455794266E-3,5.5259709719336053E-2,0.22103883887734421,0.40442937431076575]
[27,7,0,0,0,0,0,0,0]
[28,7,0.19830816174086774,4.9577040435216935E-2,0.19830816174086774,1.3624261596356312E-2,0.19830816174086774,0.79323264696347096,1.4513584342176475]
[29,7,9.0345893372307789E-3,2.2586473343076947E-3,9.0345893372307789E-3,4.5172946686153894E-3,9.0345893372307789E-3,3.6138357348923116E-2,7.0018067363538536E-2]
[30,7,1.572304736700648,0.46852566567062975,1.5056019865760766,0.42309001903363896,1.9946506642496364,13.167405476308842,19.131578548539469]
[31,7,0.30001514844608929,0.11250568066728348,0.30001514844608929,0.15000757422304464,0.4500227226691339,4.2002120782452508,5.5127783526968912]
[32,7,0.37441345019498812,0.14040504382312052,0.37441345019498812,0.18720672509749406,0.56162017529248209,5.2417883027298338,6.8798471473329066]
[33,7,0.3497330828668388,0.10673937519122251,0.28463833384325993,0.14231916692163002,0.38356100141583754,2.7698346920321706,4.0368256522709594]
[34,7,0.48668095779991671,0.16334290104099256,0.48668095779991671,0.17722271282686181,0.65337160416397022,5.2805367584807392,7.2478358921123975]
[35,7,1.4715407665466385E-2,5.5182778745498937E-3,1.4715407665466385E-2,7.3577038327331925E-3,2.2073111498199575E-2,0.20601570731652938,0.2703956158529448]
[36,7,0.2003463473728426,5.008658684321065E-2,0.2003463473728426,1.2796748276753126E-2,0.2003463473728426,0.80138538949137039,1.465307766729862]
[37,7,0.2878242351618483,6.6531496371830492E-2,0.22272948613826943,4.9866998186741396E-2,0.22272948613826948,0.54374594976065804,1.3934276517576172]
[38,7,0.18001800180018002,2.2502250225022502E-2,9.0009000900090008E-2,4.5004500450045004E-2,0.36003600360036003,0.72007200720072007,1.4176417641764176]
[39,7,0.18001800180018002,2.2502250225022502E-2,9.0009000900090008E-2,4.5004500450045004E-2,0.36003600360036003,0.72007200720072007,1.4176417641764176]
[40,7,0,0,0,0,0,0,0]
[41,7,0.3761629293868573,8.0981419761325876E-2,0.30946017926228597,5.3148878481417083E-2,0.44447368061242104,1.3021347205851841,2.566361808089491]
[42,7,0.13703942983254994,3.4259857458137484E-2,0.13703942983254994,9.414948051880449E-3,0.13703942983254994,0.54815771933019974,1.0029508143378676]
[43,7,0,0,0,0,0,0,0]
[44,7,3.3920742614613757E-3,1.2720278480480157E-3,3.3920742614613757E-3,1.6960371307306878E-3,5.0881113921920629E-3,4.7489039660459254E-2,6.232936455435277E-2]
[45,7,0.52772174822124285,0.1897588119550187,0.50602349854671658,0.25301174927335829,0.74456974803705722,6.6792949857295421,8.9003805417629351]
[46,7,0,0,0,0,0,0,0]
[47,7,5.062924924056126E-2,1.0849124837263122E-2,2.8930999566034968E-2,1.44654997830175E-2,2.8930999566034999E-2,0,0.13380587299291186]
[48,7,0,0,0,0,0,0,0]
[49,7,0,0,0,0,0,0,0]
[50,7,0.25314624620280629,5.4245624186315601E-2,0.14465499783017485,7.2327498915087496E-2,0.14465499783017499,0,0.66902936496455923]
[1,8,0.37079439622880428,0.12277421132990692,0.32739789687975174,0.1636989484398759,0.46216584575359271,3.7735025684675447,5.2203338670994759]
[2,8,0.34535021856195758,0.12950633196073408,0.34535021856195758,0.17267510928097879,0.51802532784293631,4.8349030598674059,6.3458102660759703]
[3,8,0,0,0,0,0,0,0]
[4,8,0,0,0,0,0,0,0]
[5,8,5.062924924056126E-2,1.0849124837263122E-2,2.8930999566034968E-2,1.44654997830175E-2,2.8930999566034999E-2,0,0.13380587299291186]
[6,8,0.50206501421352046,0.14949844284915295,0.4136640144144228,0.20683200720721145,0.70407627318071186,4.7112012112526696,6.6873369631176889]
[7,8,9.1408600258862854E-2,2.6141381469126222E-2,6.971035058433657E-2,3.4855175292168299E-2,9.0100026093487398E-2,0.57091091425622242,0.88312644795420381]
[8,8,0,0,0,0,0,0,0]
[9,8,0,0,0,0,0,0,0]
[10,8,1.0126359251100796,0.32390851991361036,0.88083842596192929,0.44041921298096476,1.3727855818725065,10.379148803800179,14.40973646963927]
[11,8,0.29735281595989005,8.9005055759936266E-2,0.25234831550984504,0.12617415775492252,0.49103372438988008,3.2628494144375604,4.5187634838120339]
[12,8,0.14063825014065126,2.2100249949774373E-2,7.3935500016079972E-2,3.696775000804E-2,0.20894900136621503,0.36003600360036003,0.84262675508112062]
[13,8,9.0009000900090008E-2,1.1251125112511251E-2,4.5004500450045004E-2,2.2502250225022502E-2,0.18001800180018002,0.36003600360036003,0.70882088208820881]
[14,8,0,0,0,0,0,0,0]
[15,8,0,0,0,0,0,0,0]
[16,8,1.0071657486614547E-2,2.5179143716536367E-3,1.0071657486614547E-2,5.0358287433072734E-3,1.0071657486614547E-2,4.0286629946458187E-2,7.805534552126274E-2]
[17,8,0.80561597357896009,0.23131114374654896,0.67381847443081,0.28258223637773489,1.0023960772042608,6.2836779349331771,9.2794018402714915]
[18,8,0.11041903817963825,4.1407139317364339E-2,0.11041903817963825,5.5209519089819123E-2,0.16562855726945735,1.5458665345149354,2.0289498265508525]
[19,8,0,0,0,0,0,0,0]
[20,8,0,0,0,0,0,0,0]
[21,8,0.41051515728051641,0.15186345740230442,0.41051515728051641,0.19808173124054099,0.60745382960921768,5.5808340756960897,7.3592634085091859]
[22,8,0.6315993557508236,0.1582687877118959,0.6315993557508236,2.5030185788319132E-2,0.63307515084758359,2.5559133249384951,4.6354861607879414]
[23,8,0.38658082822411099,9.483701958315055E-2,0.36488257854958467,3.2695359873057696E-2,0.36488257854958472,1.3438063159341989,2.5876846807136875]
[24,8,0.21435663571797833,5.3589158929494583E-2,0.21435663571797833,1.4726831484388367E-2,0.21435663571797833,0.85742654287191333,1.5688124404397312]
[25,8,5.5654510594808318E-2,1.6195555343327547E-2,5.5654510594808318E-2,1.1697120771733956E-2,6.4782221373310189E-2,0.40517225794927059,0.60915617662725885]
[26,8,0.2045142274725365,5.2248374193681023E-2,0.2045142274725365,1.7914429198818457E-2,0.20899349677472409,0.90764229593389778,1.5958270510461943]
[27,8,0.39181352085572857,0.12311364273075937,0.39181352085572857,0.11123294127102591,0.49245457092303746,3.5800750847690939,5.0905032814053728]
[28,8,7.5100290071619988E-2,1.8775072517904997E-2,7.5100290071619988E-2,5.159575828427093E-3,7.5100290071619988E-2,0.30040116028647995,0.54963667884767209]
[29,8,0,0,0,0,0,0,0]
[30,8,1.2107524355664427,0.37693771647023194,1.1440496854418714,0.411736212631723,1.6282988674480452,11.625206358424302,16.396981275982618]
[31,8,0,0,0,0,0,0,0]
[32,8,5.062924924056126E-2,1.0849124837263122E-2,2.8930999566034968E-2,1.44654997830175E-2,2.8930999566034999E-2,0,0.13380587299291186]
[33,8,0.28943625511983251,7.7899501816967337E-2,0.22273350499526123,0.11136675249763063,0.43214600883498688,2.4432080733088974,3.5767900965735757]
[34,8,0,0,0,0,0,0,0]
[35,8,0.50089888731348764,0.14283258229251289,0.41088988641339769,0.20544494320669884,0.84135733187032158,5.2124044043870272,7.3138280354834464]
[36,8,1.1297603174026001,0.30343889326309287,1.0180530668279837,0.25210536966762276,1.4693170759696239,7.941264401475558,12.11393912460648]
[37,8,0.4349482942837728,0.12277474826841488,0.39155179493472025,0.10782694907037693,0.46216799350762455,2.7470831546686858,4.2663529347335949]
[38,8,0.18001800180018002,2.2502250225022502E-2,9.0009000900090008E-2,4.5004500450045004E-2,0.36003600360036003,0.72007200720072007,1.4176417641764176]
[39,8,0.18001800180018002,2.2502250225022502E-2,9.0009000900090008E-2,4.5004500450045004E-2,0.36003600360036003,0.72007200720072007,1.4176417641764176]
[40,8,0.18001800180018002,2.2502250225022502E-2,9.0009000900090008E-2,4.5004500450045004E-2,0.36003600360036003,0.72007200720072007,1.4176417641764176]
[41,8,0.18001800180018002,2.2502250225022502E-2,9.0009000900090008E-2,4.5004500450045004E-2,0.36003600360036003,0.72007200720072007,1.4176417641764176]
[42,8,8.3161960598153881E-2,2.079049014953847E-2,8.3161960598153881E-2,5.7134325491638585E-3,8.3161960598153881E-2,0.33264784239261552,0.60863764688577948]
[43,8,0.50451465953339314,0.16180664201137746,0.48281640985886687,0.17499007100539052,0.63276106826249223,4.8144348092438332,6.7713236599153532]
[44,8,0.38475267457620538,0.13614540933812969,0.36305442490167905,0.18152721245083955,0.53011613756950116,4.6777279546990176,6.2733238135353719]
[45,8,0,0,0,0,0,0,0]
[46,8,5.062924924056126E-2,1.0849124837263122E-2,2.8930999566034968E-2,1.44654997830175E-2,2.8930999566034999E-2,0,0.13380587299291186]
[47,8,0.10125849848112252,2.1698249674526243E-2,5.7861999132069936E-2,2.8930999566034999E-2,5.7861999132069998E-2,0,0.26761174598582371]
[48,8,0,0,0,0,0,0,0]
[49,8,0.8512410467515743,0.21100207421501638,1.6301545945880611,1.0152302466717842,0.62938984769929474,0.80061179751101308,5.1376296074367431]
[50,8,0.60484130097703825,0.18803955038547213,0.5164403011779406,0.25822015058897035,0.85824070332598856,6.1500692259419196,8.5758512323973299]
[1,9,0.11370973531368987,4.2641150742633707E-2,0.11370973531368987,5.6854867656844936E-2,0.17056460297053483,1.5919362943916584,2.0894163863890518]
[2,9,0,0,0,0,0,0,0]
[3,9,0,0,0,0,0,0,0]
[4,9,0,0,0,0,0,0,0]
[5,9,0,0,0,0,0,0,0]
[6,9,0.34923437921585754,0.13096289220594659,0.34923437921585754,0.17461718960792877,0.52385156882378636,4.8892813090220058,6.417181718091383]
[7,9,0,0,0,0,0,0,0]
[8,9,0,0,0,0,0,0,0]
[9,9,0,0,0,0,0,0,0]
[10,9,0,0,0,0,0,0,0]
[11,9,0.97803564845920765,0.32774473183488995,0.88963464866010999,0.44481732433005505,1.4170614291236596,11.355374182180633,15.412667964588554]
[12,9,0.35480919508887715,9.0786222549723891E-2,0.26640819528977955,0.11973902853101399,0.46922739198299562,2.3703166932926365,3.6712867267350267]
[13,9,0,0,0,0,0,0,0]
[14,9,0,0,0,0,0,0,0]
[15,9,0,0,0,0,0,0,0]
[16,9,0.19781586953769761,4.9453967384424403E-2,0.19781586953769761,1.3590439903396439E-2,0.19781586953769761,0.79126347815079046,1.4477554940517043]
[17,9,0,0,0,0,0,0,0]
[18,9,0.37000220786077631,0.13875082794779112,0.37000220786077631,0.18500110393038816,0.55500331179116447,5.1800309100508688,6.7987905694417652]
[19,9,0.1409164365012131,4.4706820060007563E-2,0.11921818682668682,5.9609093413343424E-2,0.16436178045701277,1.2640206216491259,1.7928329389073896]
[20,9,0,0,0,0,0,0,0]
[21,9,0,0,0,0,0,0,0]
[22,9,0.43189535147886138,0.161960756804573,0.43189535147886138,0.21594767573943069,0.64784302721829201,6.0465349207040591,7.9360770834240775]
[23,9,0,0,0,0,0,0,0]
[24,9,0,0,0,0,0,0,0]
[25,9,0.86262356972833432,0.26397608160463348,0.73082607058018412,0.35003078386310282,1.133055828636599,7.9847514251899527,11.325263759602807]
[26,9,0.32326653044282216,0.12117552400883969,0.32326653044282216,0.16146273050030072,0.48470209603535874,4.5217774336220202,5.9356508450521641]
[27,9,0.68330161394294697,0.18516044042923444,0.63990511459389432,0.10858663207125945,0.71171076215090279,3.7642854129874648,6.092949976175702]
[28,9,0.33697798490422964,0.12636110915466209,0.33697798490422964,0.16848899245211482,0.50544443661864835,4.7172409739052936,6.1914914819391784]
[29,9,0.51104974069997811,0.15837286928716315,0.44434699057540683,0.22217349528770344,0.75403947871577004,5.3352617016422288,7.4252442762082502]
[30,9,2.6183550733596537,0.80496307723575189,2.4214628251879247,0.85100187619991174,3.2536073118120199,22.998421020182111,32.947811183977365]
[31,9,0,0,0,0,0,0,0]
[32,9,0,0,0,0,0,0,0]
[33,9,0,0,0,0,0,0,0]
[34,9,0,0,0,0,0,0,0]
[35,9,0.18001800180018002,2.2502250225022502E-2,9.0009000900090008E-2,4.5004500450045004E-2,0.36003600360036003,0.72007200720072007,1.4176417641764176]
[36,9,0.18001800180018002,2.2502250225022502E-2,9.0009000900090008E-2,4.5004500450045004E-2,0.36003600360036003,0.72007200720072007,1.4176417641764176]
[37,9,0.5674951397427157,0.16780617695347338,0.4774861388426257,0.23874306942131285,0.94125171051416356,6.1447519383962197,8.5375341738705117]
[38,9,0.38708420339627003,8.0410283783563588E-2,0.29707520249618002,7.239819810283589E-2,0.59166813783452432,2.0396554663465665,3.4682914919599397]
[39,9,0.18001800180018002,2.2502250225022502E-2,9.0009000900090008E-2,4.5004500450045004E-2,0.36003600360036003,0.72007200720072007,1.4176417641764176]
[40,9,0.18001800180018002,2.2502250225022502E-2,9.0009000900090008E-2,4.5004500450045004E-2,0.36003600360036003,0.72007200720072007,1.4176417641764176]
[41,9,0.18001800180018002,2.2502250225022502E-2,9.0009000900090008E-2,4.5004500450045004E-2,0.36003600360036003,0.72007200720072007,1.4176417641764176]
[42,9,0,0,0,0,0,0,0]
[43,9,0.47964835290142588,0.16359444508213999,0.43625185355237328,0.2181259267761867,0.62544678076252502,5.2974579618842466,7.2205253209588971]
[44,9,0,0,0,0,0,0,0]
[45,9,0,0,0,0,0,0,0]
[46,9,0,0,0,0,0,0,0]
[47,9,0,0,0,0,0,0,0]
[48,9,0,0,0,0,0,0,0]
[49,9,0.35313239035246019,0.13242464638217258,0.35313239035246019,0.1765661951762301,0.52969858552869031,4.9438534649344428,6.4888076727264563]
[50,9,0.74063932523505382,0.24710065311017537,0.67393657511048255,0.33696828755524127,1.1089506140078191,8.7600510549219965,11.867646509940769]
[1,10,0,0,0,0,0,0,0]
[2,10,0,0,0,0,0,0,0]
[3,10,0,0,0,0,0,0,0]
[4,10,0,0,0,0,0,0,0]
[5,10,0,0,0,0,0,0,0]
[6,10,0.28326477012564805,0.10622428879711801,0.28326477012564805,0.14163238506282402,0.42489715518847204,3.9657067817590725,5.2049901510587828]
[7,10,0.18042866265604485,5.1387061240122121E-2,0.13703216330699228,6.8516081653496166E-2,0.1766172453944535,1.1083822984489127,1.7223635127000216]
[8,10,0,0,0,0,0,0,0]
[9,10,0,0,0,0,0,0,0]
[10,10,5.062924924056126E-2,1.0849124837263122E-2,2.8930999566034968E-2,1.44654997830175E-2,2.8930999566034999E-2,0,0.13380587299291186]
[11,10,0,0,0,0,0,0,0]
[12,10,1.0012319705581201,0.34422799311224977,0.9345292204335488,0.4672646102167744,1.4974599740161165,12.360755929918891,16.6054696982557]
[13,10,0.25589347813997398,5.7184116821573039E-2,0.16749247834087638,8.3746239170438219E-2,0.33481896907039221,1.2647997062230203,2.1639349877662739]
[14,10,0,0,0,0,0,0,0]
[15,10,0,0,0,0,0,0,0]
[16,10,0.24902999268846898,6.0449310699240054E-2,0.22733174301394271,2.8096121971820823E-2,0.22733174301394274,0.79360297379163092,1.5858418851790459]
[17,10,0,0,0,0,0,0,0]
[18,10,0,0,0,0,0,0,0]
[19,10,0.56305665176292763,0.17859886989930845,0.47626365306482243,0.23813182653241127,0.65653348046516391,5.0475551672095555,7.1601396489341891]
[20,10,0.14063825014065126,2.2100249949774373E-2,7.3935500016079972E-2,3.696775000804E-2,0.20894900136621503,0.36003600360036003,0.84262675508112062]
[21,10,0,0,0,0,0,0,0]
[22,10,1.1975850266460926,0.32592378743285799,1.1324902776225136,0.18535101754650335,1.2602986503823796,6.7389565708949508,10.840605330525298]
[23,10,0.36592411862189,9.8711950041504876E-2,0.27913111992378481,0.1165706937428177,0.33698580103394954,1.8107221088418717,3.0080457922058184]
[24,10,0,0,0,0,0,0,0]
[25,10,0.35070598943218062,0.13151474603706773,0.35070598943218062,0.17535299471609031,0.5260589841482709,4.9098838520505286,6.4442225558163191]
[26,10,0.19946981229772318,4.9867453074430794E-2,0.19946981229772318,3.5714447526149903E-3,0.19946981229772318,0.7978792491908927,1.4497275839111081]
[27,10,0,0,0,0,0,0,0]
[28,10,5.062924924056126E-2,1.0849124837263122E-2,2.8930999566034968E-2,1.44654997830175E-2,2.8930999566034999E-2,0,0.13380587299291186]
[29,10,5.0950436318323064E-2,1.0929421606703573E-2,2.9252186643796769E-2,1.46260933218984E-2,2.92521866437968E-2,1.2847483110472082E-3,0.13629507284556583]
[30,10,3.3260440005689627,0.94084301160720751,3.1291517523972336,0.689232205554829,3.7971270492978424,22.54579293454961,34.428190953975687]
[31,10,0.36669695967983562,0.13704053835929331,0.36669695967983562,0.18153263305674663,0.54816215343717323,5.0960917138660955,6.69622095807898]
[32,10,1.6373378859370726,0.45259207987605088,1.6373378859370726,0.19615034569745526,1.8103683195042035,10.009960215090912,15.743746732042766]
[33,10,7.8030507021790763E-2,2.9261440133171539E-2,7.8030507021790763E-2,3.9015253510895381E-2,0.11704576053268616,1.0924270983050708,1.4338105665254055]
[34,10,0.12139163217630515,3.0347908044076288E-2,0.12139163217630515,2.173479298713827E-3,0.12139163217630515,0.4855665287052206,0.88226281257692629]
[35,10,0.18001800180018002,2.2502250225022502E-2,9.0009000900090008E-2,4.5004500450045004E-2,0.36003600360036003,0.72007200720072007,1.4176417641764176]
[36,10,0.18001800180018002,2.2502250225022502E-2,9.0009000900090008E-2,4.5004500450045004E-2,0.36003600360036003,0.72007200720072007,1.4176417641764176]
[37,10,0.20434130771754866,2.8583076704364666E-2,0.11433230681745866,5.7166153408729332E-2,0.38435930951772868,0.81736523087019464,1.6061473850360246]
[38,10,1.8889632263103477,0.44636400951039112,1.2749802310196421,0.63749011550982138,2.036200047781755,7.9288291932279389,14.212826823359897]
[39,10,1.0109347171748402,0.25365340376463247,0.85583096725117114,0.23458349113513302,1.2412441184097476,5.7439108469787481,9.3401575447142715]
[40,10,0.35896812421626512,6.7239780829043777E-2,0.26895912331617511,5.7298816826607375E-2,0.53898612601644513,1.4358724968650605,2.7273244680695972]
[41,10,0.37107393102891306,7.0266232532205763E-2,0.28106493012882305,5.8130515720906981E-2,0.55109193282909308,1.4842957241156522,2.8159232663555942]
[42,10,0.63621593965157885,0.18752029368924023,0.61451768997705258,0.15157017500325223,0.73561567497394331,4.7643064615818851,7.0897462348769524]
[43,10,0.14311789506242026,5.3669210648407593E-2,0.14311789506242026,7.1558947531210129E-2,0.21467684259363037,2.0036505308738835,2.6297913217719722]
[44,10,0,0,0,0,0,0,0]
[45,10,0,0,0,0,0,0,0]
[46,10,0,0,0,0,0,0,0]
[47,10,0,0,0,0,0,0,0]
[48,10,0.35824260835487415,0.13434097813307783,0.35824260835487415,0.17912130417743707,0.53736391253231131,5.0153965169682388,6.5827079285208132]
[49,10,0.59432220322579954,0.22287082620967483,0.59432220322579954,0.29716110161289977,0.89148330483869931,8.3205108451611931,10.920670484274066]
[50,10,0,0,0,0,0,0,0]
[1,11,0,0,0,0,0,0,0]
[2,11,0,0,0,0,0,0,0]
[3,11,5.062924924056126E-2,1.0849124837263122E-2,2.8930999566034968E-2,1.44654997830175E-2,2.8930999566034999E-2,0,0.13380587299291186]
[4,11,0,0,0,0,0,0,0]
[5,11,0,0,0,0,0,0,0]
[6,11,0,0,0,0,0,0,0]
[7,11,0.49339166985054489,0.16874818893805965,0.44999517050149229,0.2249975852507462,0.64606175618620365,5.4898643991719132,7.4730587698989597]
[8,11,0,0,0,0,0,0,0]
[9,11,0,0,0,0,0,0,0]
[10,11,0,0,0,0,0,0,0]
[11,11,0,0,0,0,0,0,0]
[12,11,0.14063825014065126,2.2100249949774373E-2,7.3935500016079972E-2,3.696775000804E-2,0.20894900136621503,0.36003600360036003,0.84262675508112062]
[13,11,2.1408177451008745,0.59149523915157776,1.6168437507102591,0.80842187535512977,2.3466979636462315,13.709475245872634,21.213751819836705]
[14,11,1.4400844911220287,0.34193125763698284,1.3082869919738784,0.16056384228840143,1.4448765327659965,4.981790765478789,9.6775338812660774]
[15,11,0.199680346925216,4.9920086731303999E-2,0.199680346925216,1.3718534115177974E-2,0.199680346925216,0.79872138770086398,1.4614010493229941]
[16,11,0.15270072552882558,3.6366993909329196E-2,0.13100247585429928,2.1478062868014347E-2,0.13100247585429931,0.40828590515305724,0.88083663916782495]
[17,11,0,0,0,0,0,0,0]
[18,11,5.062924924056126E-2,1.0849124837263122E-2,2.8930999566034968E-2,1.44654997830175E-2,2.8930999566034999E-2,0,0.13380587299291186]
[19,11,0.35112035788387858,0.13167013420645446,0.35112035788387858,0.17556017894193929,0.52668053682581784,4.9156850103742995,6.4518365761162677]
[20,11,0,0,0,0,0,0,0]
[21,11,0,0,0,0,0,0,0]
[22,11,0.59502766146399966,0.14875691536599991,0.59502766146399966,1.0653784623933429E-2,0.59502766146399966,2.3801106458559986,4.3246043302379302]
[23,11,0.56697257503295218,0.18726506797888895,0.56697257503295218,0.18571871713845453,0.7490602719155558,5.9096442377838816,8.1656334448826851]
[24,11,0,0,0,0,0,0,0]
[25,11,0.35274019242467608,0.13227757215925354,0.35274019242467608,0.17637009621233804,0.52911028863701415,4.9383626939454652,6.4816010358034237]
[26,11,0.16411316261878348,4.1028290654695869E-2,0.16411316261878348,2.9383949717417717E-3,0.16411316261878348,0.6564526504751339,1.1927588239579219]
[27,11,1.787758136060801,0.44693953401520026,1.787758136060801,3.2009251627756127E-2,1.787758136060801,7.1510325442432041,12.993255738068566]
[28,11,0,0,0,0,0,0,0]
[29,11,6.5981951576968401E-2,1.4687300421364905E-2,4.4283701902442102E-2,2.2141850951221068E-2,4.4283701902442137E-2,6.1410809345628543E-2,0.25278931610006716]
[30,11,3.6927735482690447,0.98834533808779579,3.4958813000973157,0.52614863358814434,3.9871363552201955,20.478306289795359,33.168591465057858]
[31,11,5.062924924056126E-2,1.0849124837263122E-2,2.8930999566034968E-2,1.44654997830175E-2,2.8930999566034999E-2,0,0.13380587299291186]
[32,11,1.652399606263284,0.41309990156582099,1.652399606263284,2.9585699384946193E-2,1.652399606263284,6.6095984250531359,12.009482844793753]
[33,11,0.26658375434213627,9.9968907878301108E-2,0.26658375434213627,0.13329187717106813,0.39987563151320443,3.7321725607899077,4.8984764860367545]
[34,11,1.8580581999176242,0.51465923650583201,1.7696572001185267,0.33731237908701805,2.1647194478074279,12.228173732521332,18.872580195957759]
[35,11,0.88715884399875544,0.22178971099968886,0.88715884399875544,1.5884302299368543E-2,0.88715884399875544,3.5486353759950218,6.447785921290345]
[36,11,0.90786701652672452,0.20446450390665863,0.81785801562663452,5.8036409962554131E-2,1.0878850183269044,3.6314680661068981,6.7075790304563743]
[37,11,0.68103950560161874,0.14775762617538218,0.59103050470152874,6.3107493254564051E-2,0.86105750740179876,2.724158022406475,5.0681506595413675]
[38,11,0.25168694208887427,4.0419485297196064E-2,0.16167794118878426,4.9928334054547552E-2,0.43170494388905428,1.0067477683554971,1.9421654148739536]
[39,11,0.37104829110919502,0.13914310916594813,0.37104829110919502,0.18552414555459751,0.55657243666379252,5.1946760755287302,6.8180123491314584]
[40,11,0.10125849848112252,2.1698249674526243E-2,5.7861999132069936E-2,2.8930999566034999E-2,5.7861999132069998E-2,0,0.26761174598582371]
[41,11,0.17171889128297271,6.4394584231114771E-2,0.17171889128297271,8.5859445641486357E-2,0.25757833692445908,2.4040644779616183,3.1553346273246241]
[42,11,0.31404450311521698,0.11776668866820637,0.31404450311521698,0.15702225155760849,0.47106675467282549,4.3966230436130385,5.7705677447421131]
[43,11,0,0,0,0,0,0,0]
[44,11,0,0,0,0,0,0,0]
[45,11,0,0,0,0,0,0,0]
[46,11,0,0,0,0,0,0,0]
[47,11,0.37213619781723212,0.13955107418146204,0.37213619781723212,0.18606809890861606,0.55820429672584815,5.2099067694412495,6.8380026348916401]
[48,11,0.58734202620540976,0.22025325982702865,0.58734202620540976,0.29367101310270488,0.88101303930811459,8.2227883668757364,10.792409731524405]
[49,11,0,0,0,0,0,0,0]
[50,11,0,0,0,0,0,0,0]
[1,12,0,0,0,0,0,0,0]
[2,12,0,0,0,0,0,0,0]
[3,12,5.062924924056126E-2,1.0849124837263122E-2,2.8930999566034968E-2,1.44654997830175E-2,2.8930999566034999E-2,0,0.13380587299291186]
[4,12,0,0,0,0,0,0,0]
[5,12,0,0,0,0,0,0,0]
[6,12,5.062924924056126E-2,1.0849124837263122E-2,2.8930999566034968E-2,1.44654997830175E-2,2.8930999566034999E-2,0,0.13380587299291186]
[7,12,0.23209308285536809,8.703490607076303E-2,0.23209308285536809,0.11604654142768404,0.34813962428305212,3.249303159975153,4.2647103974673879]
[8,12,0.16118062593264618,6.044273472474232E-2,0.16118062593264618,8.0590312966323088E-2,0.24177093889896928,2.2565287630570463,2.9616940015123734]
[9,12,0,0,0,0,0,0,0]
[10,12,0,0,0,0,0,0,0]
[11,12,0,0,0,0,0,0,0]
[12,12,0.35440474468392885,7.5943873860841837E-2,0.20251699696224479,0.10125849848112249,0.20251699696224498,0,0.93664111095038294]
[13,12,0.91100026519653565,0.18808922253695129,0.51882376995406998,0.25941188497703521,0.65592239496966032,0.44543158269931932,2.9786791203335721]
[14,12,2.1473789926752027,0.59460965177658931,1.6451032479591132,0.82255162397955695,2.3736211139292953,13.911510293816379,21.494774924136138]
[15,12,2.2050244666435055,0.47812461719529237,1.5074644748566792,0.47530488049609859,1.7774914775569499,3.1496219516311603,9.5930318683796845]
[16,12,5.4524659795641389E-2,1.1822977476033154E-2,3.2826410121115097E-2,1.4535245893599169E-2,3.2826410121115125E-2,1.5581642220320517E-2,0.16211734562782446]
[17,12,0,0,0,0,0,0,0]
[18,12,0,0,0,0,0,0,0]
[19,12,0.50203226612120744,0.15762300594248296,0.43532951599663616,0.21766475799831811,0.75104002533704928,5.4195522273281469,7.4832417987238413]
[20,12,0,0,0,0,0,0,0]
[21,12,0,0,0,0,0,0,0]
[22,12,0,0,0,0,0,0,0]
[23,12,0.36566207464748085,0.12898643436485796,0.34396382497295452,0.17198191248647729,0.50148023767641436,4.4104595556968746,5.9225340398450594]
[24,12,0.15270114926634396,5.7262930974878987E-2,0.15270114926634396,7.6350574633171978E-2,0.22905172389951595,2.1378160897288154,2.8058836177690702]
[25,12,0.35227494097092604,0.13210310286409727,0.35227494097092604,0.17613747048546302,0.52841241145638906,4.9318491735929646,6.4730520403407663]
[26,12,0,0,0,0,0,0,0]
[27,12,0.62299512164864979,0.15574878041216245,0.62299512164864979,1.1154533272412392E-2,0.62299512164864979,2.4919804865945991,4.5278691652251233]
[28,12,1.2800499996056049,0.32001249990140124,1.2800499996056049,2.2918895854540496E-2,1.2800499996056049,5.1201999984224198,9.3032813929951779]
[29,12,0.12333151681204577,2.7216504257257055E-2,7.9935017462993183E-2,3.9967508731496619E-2,7.9935017462993238E-2,8.8292073323692974E-2,0.43867763805047882]
[30,12,2.3382526153283427,0.60776815703110421,1.7057873725650954,0.85289368628254802,2.3394621362492498,11.563040756934916,19.407204724391253]
[31,12,1.2566735991840783,0.29930089973775398,1.1682725993849807,7.0509013590672701E-2,1.3032861007351157,4.6216604028118233,8.7197026154444242]
[32,12,0.4442483044003725,0.11106207610009312,0.4442483044003725,7.954127280376087E-3,0.4442483044003725,1.77699321760149,3.2287543341830762]
[33,12,0.13697079605383286,5.1364048520187319E-2,0.13697079605383286,6.848539802691643E-2,0.20545619408074928,1.91759114475366,2.5168383774891785]
[34,12,0.62722960243164716,0.18302194046230097,0.58222510198160216,0.18868142383915384,0.86710126319933889,5.506171607078624,7.9544309389926662]
[35,12,6.374772177043378E-2,1.412874296973125E-2,4.2049472095907481E-2,2.1024736047953758E-2,4.2049472095907516E-2,5.2473890119490059E-2,0.23547403509942386]
[36,12,0.44202003459583111,8.8002758423935276E-2,0.3520110336957411,6.3004688653339969E-2,0.62203803639601118,1.7680801383833245,3.3351566901481831]
[37,12,0.25405428063173563,4.1011319932911412E-2,0.16404527973164565,5.0090976072465231E-2,0.43407228243191565,1.0162171225269425,1.9594912613276163]
[38,12,0,0,0,0,0,0,0]
[39,12,0.19820665398100248,6.619065161492857E-2,0.17650840430647619,8.825420215323812E-2,0.2502971066766968,2.0660836663661772,2.8455406850985194]
[40,12,0.60713306534173306,0.21953805587520259,0.58543481566720679,0.29271740783360339,0.86368672371779276,7.7910534254164068,10.359563493851946]
[41,12,0.73633114111318243,0.25362192769242087,0.69132664066313743,0.34566332033156871,1.1495012121198185,9.4085459665836542,12.584990208503783]
[42,12,0,0,0,0,0,0,0]
[43,12,0,0,0,0,0,0,0]
[44,12,0,0,0,0,0,0,0]
[45,12,0.49987119719645678,0.1249677992991142,0.99974239439291357,0.62483899649557095,0.37490339789734256,0.49987119719645678,3.1241949824778543]
[46,12,0.57308613298817401,0.19240504964554278,0.52808163253812901,0.2640408162690645,0.90463369993230613,7.1231158528335374,9.5853631842067539]
[47,12,0.56148346315183273,0.21055629868193726,0.56148346315183273,0.28074173157591636,0.84222519472774904,7.8607684841256571,10.317258635414925]
[48,12,0,0,0,0,0,0,0]
[49,12,0.10563425828828965,2.6408564572072413E-2,0.10563425828828965,1.8913484357071053E-3,0.10563425828828965,0.4225370331531586,0.76773972102580701]
[50,12,0.81042001211677361,0.2026050030291934,0.81042001211677361,1.4510317457804444E-2,0.81042001211677361,3.2416800484670945,5.8900554053044134]
[1,13,0,0,0,0,0,0,0]
[2,13,0,0,0,0,0,0,0]
[3,13,0,0,0,0,0,0,0]
[4,13,0,0,0,0,0,0,0]
[5,13,0,0,0,0,0,0,0]
[6,13,5.062924924056126E-2,1.0849124837263122E-2,2.8930999566034968E-2,1.44654997830175E-2,2.8930999566034999E-2,0,0.13380587299291186]
[7,13,0,0,0,0,0,0,0]
[8,13,0.37577299530196517,0.14091487323823695,0.37577299530196517,0.18788649765098259,0.56365949295294782,5.2608219342275122,6.9048287886736102]
[9,13,0,0,0,0,0,0,0]
[10,13,0,0,0,0,0,0,0]
[11,13,0,0,0,0,0,0,0]
[12,13,6.6458892914098247E-2,1.4806535755647368E-2,4.4760643239571955E-2,2.2380321619785995E-2,4.476064323957199E-2,6.331857469414795E-2,0.25648561146282356]
[13,13,0.59632126408720676,0.1197473161805185,0.33433426689189888,0.16716713344594958,0.46934776824203417,0.36011508672637677,2.0470328355739849]
[14,13,0.36279071905555638,8.0996894909021733E-2,0.23099321990740623,0.11549660995370317,0.40113908185415198,1.3437421003054588,2.5351586259852983]
[15,13,4.0551469513804648,0.97295360233083805,2.6600269678068118,1.3300134839034068,3.6218004268749135,13.314025048987332,25.953966481283764]
[16,13,9.0009000900090008E-2,1.1251125112511251E-2,4.5004500450045004E-2,2.2502250225022502E-2,0.18001800180018002,0.36003600360036003,0.70882088208820881]
[17,13,0,0,0,0,0,0,0]
[18,13,0,0,0,0,0,0,0]
[19,13,0.56660572896074757,0.14738239933670153,0.39301973156453723,0.19650986578226876,0.47380559908266617,2.2620042905076048,4.0393276152345265]
[20,13,0.25927872444922812,9.7229521668460536E-2,0.25927872444922812,0.12963936222461406,0.38891808667384214,3.6299021422891942,4.7642465617545673]
[21,13,5.062924924056126E-2,1.0849124837263122E-2,2.8930999566034968E-2,1.44654997830175E-2,2.8930999566034999E-2,0,0.13380587299291186]
[22,13,0.10125849848112252,2.1698249674526243E-2,5.7861999132069936E-2,2.8930999566034999E-2,5.7861999132069998E-2,0,0.26761174598582371]
[23,13,0,0,0,0,0,0,0]
[24,13,0.51577925116924273,0.18528037556051868,0.49408100149471645,0.24704050074735825,0.72665600245905715,6.5121000270015408,8.6809371584324353]
[25,13,1.6123007497851953,0.53019908890071832,1.4371067512879925,0.71855337564399635,2.1690168582549036,17.172033129702829,23.639209953575634]
[26,13,0.84910998542241645,0.27945627738414003,0.76070898562331879,0.38035449281165945,1.2239076113206599,9.5551084347092985,13.048645787271493]
[27,13,0.85005006557880647,0.27884429796224397,0.76164906577970881,0.38082453288985446,1.2214596936330757,9.4911087984553717,12.983936454299061]
[28,13,1.1103642574940726,0.33956513185719328,0.9351702589968699,0.467585129498435,1.4064810300808031,9.9523004428787818,14.211466250806156]
[29,13,0.942680590667623,0.30264632443870809,0.85427959086852534,0.42713979543426273,1.3166677995389322,9.913182515151437,13.75659661609949]
[30,13,4.0682771223283432,1.124749604978704,3.5226048782632011,1.0740414774589497,4.465249927171719,25.472612477271159,39.727535487472082]
[31,13,1.8231185971122592,0.48875794081526736,1.8231185971122592,0.16667643522614739,1.9550317632610694,9.9307377114252446,16.187441044952244]
[32,13,0,0,0,0,0,0,0]
[33,13,0.40959774291238987,0.15359915359214621,0.40959774291238987,0.20479887145619494,0.61439661436858484,5.7343684007734579,7.526358526015164]
[34,13,0.23487408292967157,5.8718520732417893E-2,0.23487408292967157,1.6136430895968879E-2,0.23487408292967157,0.93949633171868629,1.7189735321360877]
[35,13,0,0,0,0,0,0,0]
[36,13,0.28130192761651318,5.3649794372985463E-2,0.17120267814288931,8.5601339071444682E-2,0.30621617949302438,0.51765671957931758,1.4156286382761747]
[37,13,0.81767985342390592,0.17327877604181607,0.53399460655407172,0.18931011728726604,0.66900810790420695,1.043032447110928,3.4263039083221956]
[38,13,0,0,0,0,0,0,0]
[39,13,0.25460805812276893,9.5478021796038343E-2,0.25460805812276893,0.12730402906138447,0.38191208718415337,3.5645128137187649,4.6784230680058787]
[40,13,0.2635772475958626,9.8841467848448467E-2,0.2635772475958626,0.1317886237979313,0.39536587139379387,3.6900814663420767,4.8432319245739759]
[41,13,8.4746690143601006E-2,3.1780008803850374E-2,8.4746690143601006E-2,4.2373345071800503E-2,0.12712003521540149,1.186453662010414,1.5572204313886684]
[42,13,0.34055510712684228,0.12770816517256584,0.34055510712684228,0.17027755356342114,0.51083266069026334,4.7677714997757921,6.2577000934557265]
[43,13,0.37833409607386875,0.14187528602770078,0.37833409607386875,0.18916704803693438,0.5675011441108031,5.296677345034162,6.9518890153573381]
[44,13,0.97030348986614956,0.33482422500498188,0.96547951711796243,0.49278489048444568,1.4642652694445981,12.040630588435487,16.268287980353627]
[45,13,1.1523172112220799,0.4096167039832575,1.1073127107720349,0.55365635538601743,1.773480317283165,15.23235094810822,20.228734246754776]
[46,13,0.29914400710441835,0.11217900266415688,0.29914400710441835,0.14957200355220918,0.44871601065662753,4.1880160994618576,5.4967711305436877]
[47,13,0,0,0,0,0,0,0]
[48,13,0,0,0,0,0,0,0]
[49,13,0,0,0,0,0,0,0]
[50,13,0,0,0,0,0,0,0]
[1,14,0.17610332596629144,6.603874723735928E-2,0.17610332596629144,8.805166298314572E-2,0.26415498894943712,2.4654465635280798,3.2358986146306048]
[2,14,0,0,0,0,0,0,0]
[3,14,0,0,0,0,0,0,0]
[4,14,0,0,0,0,0,0,0]
[5,14,0,0,0,0,0,0,0]
[6,14,0,0,0,0,0,0,0]
[7,14,0,0,0,0,0,0,0]
[8,14,0.40046805647440314,0.14203867754995381,0.37876980679987682,0.18938490339993844,0.55368921041679775,4.8977433012737865,6.5620939559147562]
[9,14,0,0,0,0,0,0,0]
[10,14,0,0,0,0,0,0,0]
[11,14,4.3248965456587574E-2,1.0812241364146893E-2,4.3248965456587574E-2,7.7435923239057333E-4,4.3248965456587574E-2,0.17299586182635029,0.31432935879265045]
[12,14,0.83523175867856658,0.20880793966964165,0.83523175867856658,1.4954564038480351E-2,0.83523175867856658,3.3409270347142663,6.0703848144580883]
[13,14,0.12885970170707628,3.221492542676907E-2,0.12885970170707628,8.8529804818610648E-3,0.12885970170707628,0.51543880682830512,0.94308581785816414]
[14,14,0,0,0,0,0,0,0]
[15,14,0.91547759835243214,0.21469053944174296,0.58839585213354539,0.29419792606677286,0.80572416193787955,2.6754856019845197,5.4939716799168927]
[16,14,2.5775334729342823,0.65305471217804834,1.7714822327748245,0.88574111638741271,2.4048843585728861,10.894575453938849,19.187271346786304]
[17,14,0.14063825014065126,2.2100249949774373E-2,7.3935500016079972E-2,3.696775000804E-2,0.20894900136621503,0.36003600360036003,0.84262675508112062]
[18,14,0,0,0,0,0,0,0]
[19,14,5.062924924056126E-2,1.0849124837263122E-2,2.8930999566034968E-2,1.44654997830175E-2,2.8930999566034999E-2,0,0.13380587299291186]
[20,14,1.5863928170295554,0.49916346350953461,1.3461040695087738,0.67305203475438702,2.0014778573411158,14.930124025102156,21.036314267245523]
[21,14,0.89028231934679936,0.28694308864618523,0.78018306987317543,0.39009153493658777,1.2393893565858236,9.4374339937507177,13.024323363139288]
[22,14,0.9167208551727537,0.32126807046476014,0.8717163547227087,0.43585817736135435,1.4200857832091756,11.934001963417652,15.899651204348404]
[23,14,0.99016603801835656,0.33253632677596645,0.90176503821925891,0.45088251910962951,1.4362278088879659,11.544615544520376,15.656193275531553]
[24,14,0.61682861620198903,0.23121935662354462,0.61682861620198903,0.30841430810099452,0.92487742649417848,8.6282906706517455,11.326458994274441]
[25,14,0.53101242017222372,0.16419517596040495,0.46430967004765239,0.23215483502382622,0.77732870540873733,5.4816433639456488,7.6506441705584933]
[26,14,0.25960052682084855,6.0189619942103451E-2,0.21459602637080352,0.10729801318540176,0.37577198111854881,1.5616511752355999,2.5791073426733058]
[27,14,0.64928006532052207,0.13479520396172451,0.40899131779974046,0.20449565889987034,0.54400481914987564,0.77446728862188285,2.7160343537536162]
[28,14,2.1368197211210709,0.49221461812884415,1.7229449762040787,0.33128351752047686,1.8579584775542144,5.1044899361261171,11.645711246654802]
[29,14,3.0477588929338356E-2,7.619397232334589E-3,3.0477588929338356E-2,1.5238794464669178E-2,3.0477588929338356E-2,0.12191035571735342,0.23620131420237228]
[30,14,2.2985901139170681,0.59502161466022985,1.6444266214792949,0.82221331073964765,2.2740104669827348,11.120055390713286,18.754317518492261]
[31,14,0.57011477439762148,0.18115479533063369,0.52511027394757648,0.26255513697378824,0.85963268267266979,6.2706372450896524,8.6692049084119418]
[32,14,1.452565701776781,0.47223826791147439,1.2990699529541045,0.64953497647705238,1.9516390740809451,15.148790217830005,20.973838191030364]
[33,14,0.9419197987073652,0.32076133684287639,0.89691529825732019,0.4484576491286601,1.4180588487216406,11.490280177113171,15.516393108771034]
[34,14,0.75481122446854632,0.24744059070694419,0.68810847434397504,0.34405423717198752,1.1103103643948942,8.5604956749276244,11.705220566013972]
[35,14,0.33765905470799384,6.5930888672978444E-2,0.20586155555984367,0.10293077777992191,0.34087505690997882,0.54056823098299522,1.5938255646137121]
[36,14,0.12175275541353599,1.9187063740872746E-2,7.6748254963490983E-2,3.8374127481745492E-2,0.21176175631362598,0.48701102165414395,0.95483497956741514]
[37,14,1.2409721540423511,0.28452641361505898,1.0223816561960959,0.16671871289172299,1.1573951575462311,3.3437526404714442,7.2157467347629041]
[38,14,0.68228323209468755,0.20483536590956447,0.66058498242016128,0.16505805246555405,0.8048759638552403,5.4124355601180865,7.9300731568632941]
[39,14,0.1910637271344231,7.1648897675408649E-2,0.1910637271344231,9.553186356721155E-2,0.28659559070163459,2.6748921798819234,3.5107959860950242]
[40,14,0,0,0,0,0,0,0]
[41,14,0,0,0,0,0,0,0]
[42,14,0.38196465905607446,0.14323674714602791,0.38196465905607446,0.19098232952803723,0.57294698858411164,5.3475052267850423,7.0186006101553682]
[43,14,0.94289572843868497,0.31744175506346595,0.89789122798863996,0.3963320731745516,1.4047805216039988,11.209098759059222,15.168440065328564]
[44,14,0.592291323577121,0.18252917973840499,0.592291323577121,0.14349474532170295,0.73011671895361996,5.125673201838465,7.3663964930064338]
[45,14,0.1702534742350674,6.3845052838150271E-2,0.1702534742350674,8.5126737117533699E-2,0.25538021135260108,2.3835486392909435,3.1284075890693632]
[46,14,0.24018279859027269,9.0068549471352247E-2,0.24018279859027269,0.12009139929513635,0.36027419788540899,3.3625591802638177,4.4133589240962605]
[47,14,0,0,0,0,0,0,0]
[48,14,0,0,0,0,0,0,0]
[49,14,0,0,0,0,0,0,0]
[50,14,0,0,0,0,0,0,0]
[1,15,0.40911882009885447,0.14528271390912306,0.38742057042432815,0.1937102852121641,0.56666535585347477,5.0188539920161048,6.7210517375140491]
[2,15,8.4408284909802789E-2,3.1653106841176046E-2,8.4408284909802789E-2,4.2204142454901394E-2,0.12661242736470418,1.1817159887372388,1.551002235217626]
[3,15,0,0,0,0,0,0,0]
[4,15,0,0,0,0,0,0,0]
[5,15,0,0,0,0,0,0,0]
[6,15,0,0,0,0,0,0,0]
[7,15,0,0,0,0,0,0,0]
[8,15,0.45098561009974025,0.15284591653150789,0.40758911075068771,0.20379455537534388,0.58245266655999661,4.8961795626606488,6.6938474219779245]
[9,15,0,0,0,0,0,0,0]
[10,15,0,0,0,0,0,0,0]
[11,15,0.86740788363944721,0.2168519709098618,0.86740788363944721,1.5530667516632233E-2,0.86740788363944721,3.4696315345577888,6.3042378239026249]
[12,15,0,0,0,0,0,0,0]
[13,15,0.19301791716988559,4.8254479292471397E-2,0.19301791716988559,1.3260808699052232E-2,0.19301791716988559,0.77207166867954236,1.4126407081807226]
[14,15,5.062924924056126E-2,1.0849124837263122E-2,2.8930999566034968E-2,1.44654997830175E-2,2.8930999566034999E-2,0,0.13380587299291186]
[15,15,6.9803252265431244E-3,1.7450813066357811E-3,6.9803252265431244E-3,3.4901626132715622E-3,6.9803252265431244E-3,2.7921300906172498E-2,5.4097520505709214E-2]
[16,15,0.58039073737495972,0.16756490511440991,0.4702914879013359,0.23514574395066798,0.76187662245872223,4.8454446227581291,7.0607141195582255]
[17,15,0.74646246897887292,0.24558112779907115,0.67975971885430164,0.32710239693779786,1.102872512763402,8.5453187301325553,11.647096955466001]
[18,15,0,0,0,0,0,0,0]
[19,15,0.93235551651839377,0.31899422484142781,0.86565276639382249,0.43282638319691125,1.3965249009328287,11.444077732888756,15.39043152477214]
[20,15,0.20286039206289014,7.6072647023583809E-2,0.20286039206289014,0.10143019603144507,0.30429058809433523,2.8400454888804623,3.7275597041556066]
[21,15,0.3064590923870702,0.11492215964515133,0.3064590923870702,0.1532295461935351,0.45968863858060532,4.2904272934189827,5.631185822612415]
[22,15,5.062924924056126E-2,1.0849124837263122E-2,2.8930999566034968E-2,1.44654997830175E-2,2.8930999566034999E-2,0,0.13380587299291186]
[23,15,0,0,0,0,0,0,0]
[24,15,5.062924924056126E-2,1.0849124837263122E-2,2.8930999566034968E-2,1.44654997830175E-2,2.8930999566034999E-2,0,0.13380587299291186]
[25,15,9.0009000900090008E-2,1.1251125112511251E-2,4.5004500450045004E-2,2.2502250225022502E-2,0.18001800180018002,0.36003600360036003,0.70882088208820881]
[26,15,0.70314867760306421,0.20049428573638978,0.54965292878038774,0.27482646439019393,0.86466314538060673,5.3999440306027102,7.9927295324933523]
[27,15,0.70535452730744663,0.17633863182686166,0.70535452730744663,1.2629152733775151E-2,0.70535452730744663,2.8214181092297865,5.1264494757127634]
[28,15,0.12266049893854239,2.7048749788881211E-2,7.9263999589489806E-2,3.9631999794744931E-2,7.9263999589489861E-2,8.5608001829679467E-2,0.43347724953082767]
[29,15,1.3242428205407897,0.18881445389355361,0.69739581644214432,0.34869790822107227,2.3175578326437645,4.4869032943141782,9.3636121260555036]
[30,15,3.4269108677307676,0.86668752378809044,2.6642561269203622,0.90189608495782525,3.2883466045790897,14.510886064262605,25.658983272238736]
[31,15,0.33521422498510944,7.6570806354768595E-2,0.2484212262870043,0.12421061314350221,0.24842122628700442,0.53078891209145773,1.5636270091488467]
[32,15,0.78711622716885832,0.22145754606417647,0.63362047834618196,0.31681023917309103,0.94851618669175353,5.7335240637729381,8.6410447412169979]
[33,15,1.4076244101859683,0.28962372791817126,0.84025391644629965,0.42012695822315016,1.1102809191465703,1.1751237075744816,5.2430336394946417]
[34,15,0.76834663751746035,0.14148924522690942,0.47662138514266406,0.23831069257133206,1.3615724892254302,4.3682714727467173,7.3546119224305135]
[35,15,2.8676792548111245,0.78965683210147097,2.5622957582667638,0.66538544143925915,3.1200548323598087,17.495424510555743,27.500496629534172]
[36,15,0.18512001624255692,6.0116938780391448E-2,0.16342176656803065,8.1710883284015337E-2,0.22600225533854831,1.7895728434183353,2.505944703631878]
[37,15,0.9081806224271467,0.22829904692849884,0.66628387380537268,0.33314193690268645,1.0819646919331429,5.1281798195228738,8.3460499915197204]
[38,15,0.49678175992904433,0.12092629394192407,0.36337625967990173,0.18168812983995092,0.72480117890193141,3.4100513762268765,5.2976249985196286]
[39,15,0.2873538402187869,4.7528022356797026E-2,0.17564658964417057,8.7823294822085313E-2,0.44567359234444065,0.9468983639129025,1.9909237032991829]
[40,15,0.53465973631772457,0.13763679574705845,0.42295248574310829,0.21147624287155417,0.80610868590548634,4.1987058975508136,6.311539844135746]
[41,15,1.1527201978233983,0.37109254389013707,1.1077156973733533,0.40894404407142421,1.6193836769106833,12.143970355037485,16.803826515106483]
[42,15,1.0897680987678009,0.31938123102371008,1.0897680987678009,0.20169024312595588,1.2775249240948403,8.11420890161199,12.092341497392098]
[43,15,0.24860851914489765,6.0343942313347221E-2,0.22691026947037135,1.8010256839143028E-2,0.22691026947037141,0.79191707961734559,1.5727003368554762]
[44,15,0.13023106187729183,4.8836648203984437E-2,0.13023106187729183,6.5115530938645916E-2,0.19534659281593775,1.8232348662820859,2.3929957619952376]
[45,15,0.40575143774549122,0.15215678915455919,0.40575143774549122,0.20287571887274561,0.60862715661823674,5.6805201284368767,7.4556826685734006]
[46,15,0.11739695307776148,4.4023857404160552E-2,0.11739695307776148,5.8698476538880738E-2,0.17609542961664221,1.6435573430886605,2.157169012803867]
[47,15,0,0,0,0,0,0,0]
[48,15,0,0,0,0,0,0,0]
[49,15,0,0,0,0,0,0,0]
[50,15,0,0,0,0,0,0,0]
[1,16,0,0,0,0,0,0,0]
[2,16,0.43145441492126801,0.16179540559547553,0.43145441492126801,0.21572720746063401,0.64718162238190213,6.0403618088977522,7.9279748741783003]
[3,16,1.6455789917210601E-2,6.170921218953975E-3,1.6455789917210601E-2,8.2278949586053005E-3,2.46836848758159E-2,0.23038105884094837,0.30237513972874475]
[4,16,0,0,0,0,0,0,0]
[5,16,0,0,0,0,0,0,0]
[6,16,0,0,0,0,0,0,0]
[7,16,0,0,0,0,0,0,0]
[8,16,0.41504707184699724,0.14750580831467658,0.39334882217247091,0.19667441108623548,0.57555773347568884,5.1018495164901037,6.8299833633861731]
[9,16,0,0,0,0,0,0,0]
[10,16,0.39508491865008155,9.8771229662520388E-2,0.39508491865008155,7.0738721979850183E-3,0.39508491865008155,1.5803396746003262,2.8714395324110762]
[11,16,1.003795402429537,0.25094885060738426,1.003795402429537,1.7972643486299324E-2,1.003795402429537,4.0151816097181481,7.295489311100444]
[12,16,3.7095826531698455E-2,9.2739566329246136E-3,3.7095826531698455E-2,1.8547913265849227E-2,3.7095826531698455E-2,0.14838330612679382,0.28749265562066306]
[13,16,0.80357699788636505,0.18602674941332561,0.71517599808726739,8.0472423393802811E-2,0.85018949943740252,2.80927399762097,5.4447156658391327]
[14,16,0.1746752614919844,4.3668815372996099E-2,0.1746752614919844,1.2000622849242524E-2,0.1746752614919844,0.69870104596793758,1.2783962686661294]
[15,16,0.17415458754991781,4.3538646887479451E-2,0.17415458754991781,1.1964851260565347E-2,0.17415458754991781,0.69661835019967122,1.2745856109974694]
[16,16,0,0,0,0,0,0,0]
[17,16,0.61094074543690791,0.19846368568587058,0.54423799531233663,0.27211899765616832,0.91440274431059987,6.9442709377479517,9.4844351061498351]
[18,16,1.4689355394000168,0.44698014077051024,1.2069485422047088,0.60347427110235463,1.7782790666020012,12.576912648920757,18.081530209000348]
[19,16,0.45123914143409272,0.15294099078189008,0.40784264208504017,0.20392132104252012,0.58283296356152536,4.8997290013415826,6.6985060602466513]
[20,16,0.54771512141528012,0.15074044157592448,0.50271062096523511,0.14042393534631187,0.73797526765383292,4.1958833924303747,6.2754487793869593]
[21,16,0.28496961347048572,9.8726761423484785E-2,0.26327136379595939,0.13163568189797972,0.38044154591092166,3.2807650992189421,4.439810065717773]
[22,16,0.14063825014065126,2.2100249949774373E-2,7.3935500016079972E-2,3.696775000804E-2,0.20894900136621503,0.36003600360036003,0.84262675508112062]
[23,16,0,0,0,0,0,0,0]
[24,16,0,0,0,0,0,0,0]
[25,16,9.0009000900090008E-2,1.1251125112511251E-2,4.5004500450045004E-2,2.2502250225022502E-2,0.18001800180018002,0.36003600360036003,0.70882088208820881]
[26,16,1.2092622365907939,0.31208872744010141,0.88218049037190727,0.4410902451859538,1.1953169139313133,5.7667864300394074,9.8067250435594762]
[27,16,0.17080516156196088,2.9641977805101773E-2,0.10410241143738957,5.2051205718694801E-2,0.23911591278752464,0.48070364928559844,1.07642031859627]
[28,16,0.97885148487418394,0.20272255906712244,0.56497673995719189,0.28248836997859622,0.69999024130732734,0.47261699113856964,3.2016463863229911]
[29,16,1.1218137191349036,0.23846311763230232,0.70793897421791141,0.35396948710895604,0.84295247556804709,1.0444659281814481,4.3096037018435691]
[30,16,2.8673666000982125,0.71705081086847544,1.9962206109151763,0.99811030545758861,2.6174722539855422,11.203347317153934,20.399567898478928]
[31,16,0.91171147620395265,0.19678668173682776,0.701684828596288,0.36925706411368653,0.74462508086871138,1.1981831404446059,4.1222482719640725]
[32,16,3.6642227796644509,0.84685149484389843,2.7776008596910682,1.4662998834274219,2.842193039560085,7.0397797321642619,18.636947789351186]
[33,16,3.6896999302351925,0.68354079470416695,2.0832156885808799,1.0416078442904404,3.973404707482771,5.6455348576397437,17.117003822933196]
[34,16,1.66471825655199,0.31793362642401773,1.0258210093847731,0.51291050469238675,1.8359020174855836,3.2160840778497946,8.5733694923885455]
[35,16,0.35310616678859075,7.1600854166004854E-2,0.24300691731496687,0.12150345865748347,0.37802041866510194,0.80487367626762785,1.972111491859776]
[36,16,3.9460134245372847,0.9559460604937563,2.7365296814284141,1.3682648407142077,4.6676267630707633,20.315200167290516,33.989580937534939]
[37,16,0.59816867025503362,0.14340238668784128,0.42136667065683842,0.21068333532841926,0.78577455031956522,3.4702242324202857,5.6296198456679836]
[38,16,0.3476727417337554,7.9810637622445529E-2,0.25766374083366539,0.12883187041683269,0.58926955319005214,2.6222671600573566,4.0255157038541078]
[39,16,0.98999205628130738,0.31831998942471224,0.89998305538121737,0.44999152769060868,1.543306960399119,11.425906271477862,15.627499860654826]
[40,16,0.92509816062655137,0.27385316048936836,0.83508915972646136,0.32074709868759521,1.3654396446577435,8.9068622871264509,12.627089511314171]
[41,16,0.14491906096719107,3.6229765241797766E-2,0.14491906096719107,7.9043598035578953E-3,0.14491906096719107,0.57967624386876426,1.0585675518156932]
[42,16,5.039702737072272E-2,1.259925684268068E-2,5.039702737072272E-2,2.519851368536136E-2,5.039702737072272E-2,0.20158810948289088,0.39057696212310111]
[43,16,1.489728512232469,0.42789712047354433,1.4013275124333715,0.34767733962433039,1.8176709836782772,11.180479452900798,16.664780921342789]
[44,16,0.28162332106549504,0.10560874539956062,0.28162332106549504,0.14081166053274752,0.4224349815982425,3.9427264949169301,5.1748285245784711]
[45,16,0,0,0,0,0,0,0]
[46,16,0,0,0,0,0,0,0]
[47,16,0,0,0,0,0,0,0]
[48,16,0,0,0,0,0,0,0]
[49,16,0,0,0,0,0,0,0]
[50,16,0.35440474468392885,7.5943873860841837E-2,0.20251699696224479,0.10125849848112249,0.20251699696224498,0,0.93664111095038294]
[1,17,0,0,0,0,0,0,0]
[2,17,0,0,0,0,0,0,0]
[3,17,0.44081080060051236,0.16530405022519215,0.44081080060051236,0.22040540030025618,0.6612162009007686,6.1713512084071729,8.0998984610344138]
[4,17,0.18110014919357556,5.9775712319643487E-2,0.15940189951904926,7.9700949759524659E-2,0.22463734949555647,1.8265925993422003,2.5312086596295496]
[5,17,0,0,0,0,0,0,0]
[6,17,0.45566324316505136,9.7642123535368094E-2,0.26037899609431475,0.13018949804715749,0.26037899609431497,0,1.2042528569362065]
[7,17,0,0,0,0,0,0,0]
[8,17,8.2301695535365954E-2,3.0863135825762233E-2,8.2301695535365954E-2,4.1150847767682977E-2,0.12345254330304893,1.1522237374951234,1.5122936554623494]
[9,17,0.34118238543943463,0.11980655091184066,0.31948413576490831,0.15974206788245418,0.46476070386434515,4.0677439067842274,5.4727197506472098]
[10,17,0.80831064774558603,0.20207766193639651,0.80831064774558603,1.4472549946881104E-2,0.80831064774558603,3.2332425909823441,5.8747247461023804]
[11,17,0.12434583267831373,3.1086458169578432E-2,0.12434583267831373,8.5428665061190456E-3,0.12434583267831373,0.49738333071325491,0.91005015342389362]
[12,17,2.1878687058345992E-2,5.469671764586498E-3,2.1878687058345992E-2,1.0939343529172996E-2,2.1878687058345992E-2,8.7514748233383968E-2,0.16955982470218145]
[13,17,0.3458815642770357,7.1602891010993291E-2,0.2574805644779381,6.2055618775392618E-2,0.39249406582807322,0.97849226318365279,2.1080069675530857]
[14,17,0.63808643426205292,0.14686429625537284,0.48619868654036885,0.12074813277040153,0.48619868654036902,1.1347267583124963,3.012822994681061]
[15,17,0.25644617384041662,6.4111543460104156E-2,0.25644617384041662,1.7618486940300628E-2,0.25644617384041662,1.0257846953616665,1.8768532472833213]
[16,17,0.17930272066453665,4.4825680166134162E-2,0.17930272066453665,1.2318540749039776E-2,0.17930272066453665,0.71721088265814659,1.3122632655669304]
[17,17,9.6275174691610288E-2,2.226060620002538E-2,7.4576925017083989E-2,3.7288462508542015E-2,7.4576925017084031E-2,0.18258370180419611,0.48756179523854182]
[18,17,2.6741447643847818,0.80069061400505159,2.3687612678404211,0.87833482379806438,3.1641899599741312,21.47467890966368,31.360800339666131]
[19,17,0.42305132004565654,0.14237055776122653,0.37965482069660395,0.18982741034830203,0.54055123147887107,4.5050995019034774,6.1805548422341374]
[20,17,0.54694922808082702,0.16551659916587752,0.45854822828172948,0.22927411414086477,0.76814889844761014,5.2745062947137296,7.4429433628306381]
[21,17,9.2978446416850644E-2,1.1993486491701408E-2,4.7973945966805633E-2,2.3986972983402816E-2,0.18298744731694064,0.37191378566740257,0.73183408484310375]
[22,17,9.0009000900090008E-2,1.1251125112511251E-2,4.5004500450045004E-2,2.2502250225022502E-2,0.18001800180018002,0.36003600360036003,0.70882088208820881]
[23,17,0,0,0,0,0,0,0]
[24,17,9.8376589465220848E-2,1.3343022253793961E-2,5.3372089015175844E-2,2.6686044507587922E-2,0.18838559036531086,0.39350635786088339,0.77366969346797276]
[25,17,9.0009000900090008E-2,1.1251125112511251E-2,4.5004500450045004E-2,2.2502250225022502E-2,0.18001800180018002,0.36003600360036003,0.70882088208820881]
[26,17,0.841373536218881,0.23308535650853868,0.64448128804715199,0.32224064402357611,0.96609642890316738,5.679907956257412,8.6871852099587255]
[27,17,0.2857811279392008,5.4769594453657366E-2,0.1756818784655769,8.784093923278849E-2,0.31069537981571199,0.53557352087006804,1.4503424407770036]
[28,17,0.59332049562049982,0.12261349900959614,0.37472999777424443,0.18736499888712232,0.50974349912437966,0.75314600678403876,2.5409184971998813]
[29,17,3.7474077211389192,0.71406357679141097,2.2474297062170465,1.1256305993499647,5.1495745940024138,13.525237854512943,26.509344052012697]
[30,17,3.3227245653642461,0.7346847755374557,3.2475642608960364,1.8360396781154771,3.4304865709249892,8.7604065197324061,21.331906370570607]
[31,17,2.3693578853656985,0.57512751356814751,2.6417682870378756,1.5145556801160049,2.1020210244984616,6.477218514928313,15.680048905514504]
[32,17,2.6778099907611645,0.60926147317430146,2.4596095627414369,1.3604937971497568,2.1424188861279134,4.3920098564567489,13.641603566411325]
[33,17,3.599254564320586,0.70613414004744512,3.722815715716207,2.1583051456547979,4.1285182956346276,6.7839108644771144,21.098938725850779]
[34,17,3.2678313736986047,0.59093115425204501,3.0193095627988096,1.7205638921418691,4.3950070333889188,7.9076952053756617,20.901338221655905]
[35,17,4.8615965815775599,1.0136363018166155,4.2279015009838261,2.3517234783384273,5.0704795078690692,10.507418270131671,28.03275564071717]
[36,17,1.4735231833469233,0.42094873113712705,1.306694003932503,0.67753845668672164,1.8139064742641684,11.146514125718994,16.839124975086438]
[37,17,1.4943140753810704,0.51273623810005797,1.4043050744809804,0.7021525372404902,2.3209719551005019,18.910053859909308,25.344533740212409]
[38,17,1.2522892466982061,0.3685582575038483,1.1622802457981161,0.38776111650833267,1.7442600327156632,11.248212671138367,16.163361570362532]
[39,17,0.39710256337516692,7.6773390618769227E-2,0.30709356247507691,5.9918747193417589E-2,0.57712056517534693,1.5884102535006677,3.0064190823384451]
[40,17,0.18001800180018002,2.2502250225022502E-2,9.0009000900090008E-2,4.5004500450045004E-2,0.36003600360036003,0.72007200720072007,1.4176417641764176]
[41,17,0,0,0,0,0,0,0]
[42,17,0,0,0,0,0,0,0]
[43,17,0.32488438377522577,0.12183164391570965,0.32488438377522577,0.16244219188761289,0.4873265756628386,4.5483813728531608,5.9697505518697733]
[44,17,0.11726744404782211,3.5838447889985942E-2,9.5569194373295807E-2,4.7784597186647917E-2,0.12888829177692626,0.93293472730165183,1.35828270257633]
[45,17,0,0,0,0,0,0,0]
[46,17,0,0,0,0,0,0,0]
[47,17,0,0,0,0,0,0,0]
[48,17,0,0,0,0,0,0,0]
[49,17,0,0,0,0,0,0,0]
[50,17,0,0,0,0,0,0,0]
[1,18,0,0,0,0,0,0,0]
[2,18,0,0,0,0,0,0,0]
[3,18,0,0,0,0,0,0,0]
[4,18,0.22489595541120724,8.433598327920272E-2,0.22489595541120724,0.11244797770560362,0.33734393311681088,3.1485433757569017,4.1324631806809338]
[5,18,0.35895537083560736,0.13460826406335274,0.35895537083560736,0.17947768541780368,0.53843305625341098,5.0253751916985028,6.5958049391042852]
[6,18,0.22155211234961203,8.3082042131104497E-2,0.22155211234961203,0.11077605617480601,0.33232816852441799,3.1017295728945684,4.071020064424121]
[7,18,0,0,0,0,0,0,0]
[8,18,0.45762131266560441,0.15533430499370696,0.41422481331655181,0.20711240665827596,0.59240622040879287,4.9890793985827466,6.8157784566256785]
[9,18,0,0,0,0,0,0,0]
[10,18,0.87220831064579685,0.21805207766144921,0.87220831064579685,2.2449984643838919E-2,0.87220831064579685,3.4888332425831874,6.3459602368258654]
[11,18,0.18050860462762022,4.3318963684027864E-2,0.15881035495309392,2.3388532996706742E-2,0.15881035495309398,0.51951742154823588,1.0843542327627786]
[12,18,0,0,0,0,0,0,0]
[13,18,0,0,0,0,0,0,0]
[14,18,0.68808044083257203,0.15896079762275456,0.62137769070800075,6.8264251076633017E-2,0.75639119205813576,2.5498047663680432,4.8428791386661389]
[15,18,7.4549788174507539E-3,1.8637447043626885E-3,7.4549788174507539E-3,3.727489408725377E-3,7.4549788174507539E-3,2.9819915269803016E-2,5.7776085835243338E-2]
[16,18,1.2169449301264796,0.28936873247335426,1.1285439303273821,0.12189982820759447,1.2635574316775171,4.4627457265814288,8.4830605793937579]
[17,18,9.6739046776794946E-3,2.4184761694198737E-3,9.6739046776794946E-3,4.8369523388397473E-3,9.6739046776794946E-3,3.8695618710717979E-2,7.4972761252016074E-2]
[18,18,0.86272087811754317,0.29741373788111714,0.81771637766749816,0.40885818883374908,1.3246684528746036,10.88965498960958,14.601032624984091]
[19,18,1.2500496427494334,0.3642348467260888,0.98806264555412548,0.49403132277706285,1.4472978904243154,9.4594634717763757,14.003139820007402]
[20,18,4.7342256833529355,1.0983940487299293,3.0353302043359154,1.5176651021679588,3.9210452155090327,11.673933061506093,25.980593315601865]
[21,18,0.63497992990708174,0.13302835758124162,0.41638943206082635,0.20819471603041331,0.55140293341096158,0.91978374393036655,2.8637791129208914]
[22,18,1.2672931560523906,0.25815728933053123,0.7433191616617747,0.37165958083088763,1.0133461643620452,1.0188326849646612,4.6726080372022905]
[23,18,0.10654230820828721,1.5384451939560551E-2,6.1537807758242205E-2,3.0768903879121103E-2,0.1965513091083772,0.42616923283314884,0.83695401372673706]
[24,18,0.1599419866553897,2.6926184078458981E-2,9.3239236530818406E-2,4.6619618265409217E-2,0.22825273788095346,0.43725094965931377,0.9922307130703435]
[25,18,0.55605695026725377,0.18433557111687951,0.51105244981720876,0.25552622490860438,0.87235578581765305,6.750024494075201,9.1293514760028014]
[26,18,1.0273502341982481,0.33020671308753119,0.89555273505009803,0.44777636752504907,1.3979783545681899,10.647575312303143,14.746439716732258]
[27,18,1.2160911786341784,0.4055674749196076,1.1059919291605544,0.55299596458027733,1.7138869016795131,13.71444314702644,18.708976596000571]
[28,18,3.7965319546758787,0.7638312695752717,2.3973822031608742,1.1986911015804373,5.4228886102943843,17.032964491188071,30.612289630474915]
[29,18,6.3105012634923074,1.4027671983776444,4.1269985214923706,2.0634992607461862,7.7857633351475863,27.872925900090628,49.562455479346724]
[30,18,4.0049379948465749,0.92750536786475513,2.7227920702109958,1.3695493012664832,4.1454942256463463,14.678374427899536,27.848653387734696]
[31,18,5.5343328014682838,1.3546417374432318,4.2548882471887897,2.2021714819184761,5.9417686162332881,24.917362007218436,44.205164891470503]
[32,18,2.9782261788035456,0.70325094367764074,2.0636836902714566,1.031841845135729,2.5333417856561686,8.2098806843376853,17.520225127882227]
[33,18,1.2299064301624536,0.25965973269531017,0.83612193381899547,0.4180609669094979,1.1061489365192658,2.0843877631783836,5.9342857632839063]
[34,18,4.3523484071920775,0.72909902087875123,2.4999376489746377,1.2499688244873193,6.9619836308419929,16.393849459746342,32.18718699212112]
[35,18,2.0741492255063569,0.551666078748,1.5718734807902672,0.78593674039513395,2.2018468218149376,11.647700726230772,18.833173073485472]
[36,18,2.8315405503301925,0.77511374219326479,3.4182046994948299,1.9487899487058078,2.9427428753357097,14.876173411962297,26.792565228022102]
[37,18,3.2705076460443783,0.87465587031394376,3.7882388078611715,2.1545456929824383,3.2189141992438435,15.162171855143631,28.469034071589409]
[38,18,9.0009000900090008E-2,1.1251125112511251E-2,4.5004500450045004E-2,2.2502250225022502E-2,0.18001800180018002,0.36003600360036003,0.70882088208820881]
[39,18,5.062924924056126E-2,1.0849124837263122E-2,2.8930999566034968E-2,1.44654997830175E-2,2.8930999566034999E-2,0,0.13380587299291186]
[40,18,0.83426894285601205,0.20856723571400301,1.6685378857120241,1.0428361785700151,0.62570170714200901,0.83426894285601205,5.2141808928500755]
[41,18,0.34583539994952772,6.7974974983361913E-2,0.21403790080137755,8.4026737240623608E-2,0.3490514021515127,0.57327361194913073,1.6342000270755341]
[42,18,0,0,0,0,0,0,0]
[43,18,0.18001800180018002,2.2502250225022502E-2,9.0009000900090008E-2,4.5004500450045004E-2,0.36003600360036003,0.72007200720072007,1.4176417641764176]
[44,18,0.55514533887793427,0.16317500162918033,0.46513633797784426,0.23256816898892213,0.92272700921699136,5.9718547262892798,8.310606582980153]
[45,18,0,0,0,0,0,0,0]
[46,18,0,0,0,0,0,0,0]
[47,18,0,0,0,0,0,0,0]
[48,18,9.0009000900090008E-2,1.1251125112511251E-2,4.5004500450045004E-2,2.2502250225022502E-2,0.18001800180018002,0.36003600360036003,0.70882088208820881]
[49,18,0,0,0,0,0,0,0]
[50,18,0,0,0,0,0,0,0]
[1,19,0,0,0,0,0,0,0]
[2,19,0,0,0,0,0,0,0]
[3,19,0,0,0,0,0,0,0]
[4,19,0,0,0,0,0,0,0]
[5,19,0,0,0,0,0,0,0]
[6,19,0.13738538018322893,5.151951756871085E-2,0.13738538018322893,6.8692690091614467E-2,0.2060780702748434,1.9233953225652052,2.5244563608668318]
[7,19,1.8938263376899813,0.52637787369572953,3.0524668602457581,1.8325692482929659,1.9197236781799489,8.9752066844464569,18.200170682550837]
[8,19,1.4119797781149488,0.41770844281414965,1.3868850781115327,0.74181648851647641,1.641749324881884,10.681705597708614,16.281844710147606]
[9,19,4.1047605604277573,1.0032157912785022,2.7530370762031575,1.3765185381015794,3.7717801822316046,15.056906418307904,28.066218566550504]
[10,19,2.7830891304218457,0.707990993912748,2.7368152151816121,1.5203800018901914,2.573915589693422,10.581952735245675,20.904143666345494]
[11,19,0.78761345871368327,0.2647159531646614,0.72091070858911199,0.360455354294556,1.179411814225763,9.4176889236228085,12.730796212610585]
[12,19,0.89078761632453862,0.28685912567184291,0.78068836685091469,0.3903441834254574,1.2390535046884543,9.4226322041595125,13.010365001120721]
[13,19,0.7868539734691512,0.26443114619796187,0.72015122334457993,0.36007561167228996,1.1782725863589649,9.4070561301993614,12.716840671242309]
[14,19,1.1992659871639029,0.35606520142132614,0.98067548931764759,0.4903377446588239,1.4435503087712998,9.7341543350279895,14.204049066360987]
[15,19,1.1228526234802951,0.33981115566347786,0.92596037530856601,0.46298018765428312,1.392999625522924,9.7143064924699196,13.958910460099466]
[16,19,1.8319652968934381,0.48755813021448757,1.3947843012009278,0.69739215060046411,1.9888115270299405,10.567593698752681,16.96810510469194]
[17,19,1.0665080790660579,0.32529649696744622,0.89131408056885508,0.4456570402844276,1.3494064905218148,9.5125085065472526,13.590690693955853]
[18,19,2.1068120714211336,0.66024827610877168,1.7797303252022469,0.88986516260112358,2.5879551086059944,19.258752966247595,27.283363910186864]
[19,19,1.1486101866735854,0.3422235052246016,0.9300196888273301,0.46500984441366516,1.3881835239844016,9.4373114471351052,13.711358196258688]
[20,19,5.7808637406848185,1.5698290033004554,4.2555542590640085,2.1277771295320052,5.9225090320552773,33.105416502894613,52.761949667531177]
[21,19,3.9485757542439934,1.0007410517046471,2.751956019943063,1.375978009971532,3.5352507205849673,15.731290130734131,28.343791687182332]
[22,19,4.0201868849904443,0.89889888219628622,2.6186348970128219,1.3093174485064116,3.9813595500013852,12.012264529523662,24.840662192231008]
[23,19,0.72644085789216883,0.14825883941075652,0.50624235894492098,0.2531211794724606,0.77626936164519122,1.6906614497952048,4.1009940471607029]
[24,19,0.61018528303158481,0.17370271904662798,0.50008603355796089,0.2500430167789805,0.78642787818759452,4.8597570068295735,7.1802019374323232]
[25,19,0.64373239422635287,0.21597657015117075,0.59872789377630786,0.29936394688815393,0.99891978195481801,7.8784973134729137,10.635217900469716]
[26,19,9.0009000900090008E-2,1.1251125112511251E-2,4.5004500450045004E-2,2.2502250225022502E-2,0.18001800180018002,0.36003600360036003,0.70882088208820881]
[27,19,0.88758179474620236,0.2452461737812246,0.66899129689994707,0.33449564844997365,1.0002741982108936,5.8555792025030726,8.9921683145913143]
[28,19,1.1769106937611293,0.23917804870347037,0.69633319871956623,0.34816659935978334,0.9663602014198367,1.0623368297241069,4.4892855716878923]
[29,19,2.4511120151177961,0.64738151857769977,2.0419155999057979,1.0659258820034481,2.4818784999511179,12.502466297688848,21.190679813244707]
[30,19,2.7125883928524308,0.69331563228978577,1.9499336520420256,0.97496682602101326,2.594859038585871,12.070294342451618,20.995957884242745]
[31,19,4.1942849039163788,0.96820697662200206,5.4214388895194023,3.2135961887816902,3.17708217210973,4.2620747846098137,21.236683915559013]
[32,19,3.3485020313045384,0.82527119765045842,4.7988547476379857,2.8604616769882192,2.9075604931706329,7.9033637032861765,22.644013850038007]
[33,19,3.889565621253313,1.1030654730257681,3.1052126307683818,1.5526063153841914,4.2193929017467831,25.960783947784016,39.830626889962453]
[34,19,2.8041369502510967,0.73396330657940712,2.3387985033674172,1.2073643893359618,3.4765211002379064,17.870039738400287,28.430823988172069]
[35,19,3.1140375916633385,0.73804107353373016,3.6476285190351714,2.1207528644699876,2.5491496975243342,5.9511891972241679,18.120798943450726]
[36,19,1.8835952157009304,0.43252486671956342,2.4304898347408144,1.4445881335223629,1.4187872553311707,1.7445073145465759,9.3544926205614161]
[37,19,3.2346779420270444,0.85865482738996191,2.8641996964591048,0.66017547782109087,3.3526503141647206,16.969699140784112,27.940057398646037]
[38,19,3.9109098025137456E-2,9.7772745062843641E-3,3.9109098025137456E-2,7.0023619771048819E-4,3.9109098025137456E-2,0.15643639210054983,0.28424119687995703]
[39,19,8.3249065810009279E-2,2.081226645250232E-2,8.3249065810009279E-2,5.7194168928353748E-3,8.3249065810009279E-2,0.33299626324003712,0.60927514401540273]
[40,19,0.28603450691580917,7.1508626728952293E-2,0.28603450691580917,1.9651278664455842E-2,0.28603450691580917,1.1441380276632367,2.0934014538040722]
[41,19,0.31306809391057888,5.5764773252622211E-2,0.22305909301048885,5.4145371125353219E-2,0.4930860957107589,1.2522723756423155,2.3913958026521174]
[42,19,0.18001800180018002,2.2502250225022502E-2,9.0009000900090008E-2,4.5004500450045004E-2,0.36003600360036003,0.72007200720072007,1.4176417641764176]
[43,19,0.23064725104074127,3.3351375062285624E-2,0.11894000046612498,5.9470000233062502E-2,0.38896700316639504,0.72007200720072007,1.5514476371693293]
[44,19,0.74086871401908949,0.20027389279532415,0.5640667144208944,0.28203335721044726,1.0132605747494967,5.7367440207940223,8.5372472739892729]
[45,19,0.18001800180018002,2.2502250225022502E-2,9.0009000900090008E-2,4.5004500450045004E-2,0.36003600360036003,0.72007200720072007,1.4176417641764176]
[46,19,0,0,0,0,0,0,0]
[47,19,0,0,0,0,0,0,0]
[48,19,0,0,0,0,0,0,0]
[49,19,0,0,0,0,0,0,0]
[50,19,0,0,0,0,0,0,0]
[1,20,0.67872757817958784,0.16968189454489696,0.67872757817958784,1.2152405517515185E-2,0.67872757817958784,2.7149103127183514,4.9329273473195272]
[2,20,0.63485393085151998,0.15871348271287999,0.63485393085151998,1.1366861551122749E-2,0.63485393085151998,2.5394157234060799,4.6140578602246425]
[3,20,0.40707733986351957,0.10176933496587989,0.40707733986351957,7.2885927580563069E-3,0.40707733986351957,1.6283093594540783,2.9585993067685732]
[4,20,0.66582247317970156,0.16645561829492539,0.66582247317970156,1.1921343639014008E-2,0.66582247317970156,2.6632898927188062,4.8391342741918493]
[5,20,0.34108690781168793,8.5271726952921983E-2,0.34108690781168793,6.1070546618428364E-3,0.34108690781168793,1.3643476312467517,2.4789871362965803]
[6,20,0.73953288119624883,0.21375219703515086,1.1613209498056836,0.69153205447383193,0.7296717087865956,3.8793287096881337,7.4151385009856448]
[7,20,1.1581516479982932,0.37277942135915976,1.3385557201715645,0.73105456566024285,1.5498889814292958,11.392834883735389,16.543265220353945]
[8,20,6.8893652239058527,1.5656846480414703,4.2759272563567432,2.1379636281783729,5.5105456237008026,14.176372408565875,34.55585878874912]
[9,20,2.9226191890845215,0.65618365963769398,1.8995854521798008,0.79483698016035764,2.2727451505812941,5.0448998009859896,13.590870232629655]
[10,20,0,0,0,0,0,0,0]
[11,20,0,0,0,0,0,0,0]
[12,20,0,0,0,0,0,0,0]
[13,20,0,0,0,0,0,0,0]
[14,20,0,0,0,0,0,0,0]
[15,20,5.062924924056126E-2,1.0849124837263122E-2,2.8930999566034968E-2,1.44654997830175E-2,2.8930999566034999E-2,0,0.13380587299291186]
[16,20,0.38748821598082051,8.2004553936939492E-2,0.29908721618172296,0.14954360809086151,0.43410071753185803,1.144918869998792,2.4971431817209941]
[17,20,0.19695705286381196,3.6179950630564547E-2,0.13025430273924066,6.5127151369620356E-2,0.26526780408937572,0.58531121449300283,1.279097476185616]
[18,20,1.4225772702232045,0.41213805899596079,1.117193773678844,0.5585968868394221,1.6099797399377682,10.415554415521662,15.536040145196862]
[19,20,0.38950450514425561,7.7084063809166672E-2,0.23600875632157914,0.11800437816078964,0.37102225767171426,0.54543303576579716,1.7370569968733025]
[20,20,2.1808898350145922,0.57014406022144537,1.5701228419258708,0.78506142096293585,2.2034312487936321,11.128779496314293,18.438428903232769]
[21,20,0.91600474741699167,0.19243543712145592,0.56722475152357854,0.28361237576178944,0.70223825287371389,0.82878103219653587,3.4902965968940651]
[22,20,1.7219891617250163,0.42518550728609533,1.2414116666834532,0.6207058333417268,1.7103900357503368,7.2216780289119136,12.941360233698543]
[23,20,3.6448717497331615,0.8901094826591438,2.5567432638048624,1.2783716319024319,3.1650519433180406,12.02933867492751,23.564486746345146]
[24,20,5.2995821267196703,1.3448361479888491,3.7308761457498081,1.8654380728749052,4.9936066112428179,22.690769903144343,39.925109007720394]
[25,20,1.9723405574816217,0.48735950453269428,1.4049700637419531,0.70248503187097688,1.9012240256046624,7.9585274800058672,14.426906663237776]
[26,20,1.6576794761648967,0.40040814090271104,1.8858988687734686,1.0817747190935991,1.4097692830748874,3.9917602573801556,10.427290745389715]
[27,20,2.7281666137284186,0.7877678734915291,4.1649761735619482,2.4637907266891306,2.8758513558420598,15.57949839150651,28.600051134819594]
[28,20,2.7618833854315836,0.81352017130698107,2.2379093910409682,1.1189546955204843,3.2347976922678447,21.534419573013555,31.701484908581413]
[29,20,4.0326920766084662,1.0166900082508965,5.2371064185290326,3.0723485430168385,3.5358197071591135,11.778075468140518,28.672732221704866]
[30,20,4.0289697699189215,1.0469076949593825,5.7247344778055975,3.3901791023789638,3.7128634223163726,13.887606947354627,31.791261414733867]
[31,20,8.9880901211978141,2.0862940315852683,12.329290955497402,7.3921221815660667,6.7319614418111309,8.2615522333992182,45.789310965056892]
[32,20,4.7780261354952049,1.1032931596794455,6.1391704680690964,3.6385069393110436,3.5645889443868923,4.5893981940975674,23.812983841039252]
[33,20,4.5322563649307286,1.0834599387739432,5.7021240712770318,3.3420292114978136,4.6336705943772056,14.312567242078041,33.60610742293477]
[34,20,7.4410828238632085,1.7448929392521639,6.8307307397295958,3.7536034095945667,8.6327942549137298,31.641815704151171,60.044919871504433]
[35,20,2.0608973175356398,0.35338373554077784,1.1953695670172053,0.59768478350860288,2.816714461619469,5.2294918837217494,12.253541748943444]
[36,20,2.5120216238301163,0.53679203176317314,1.7503953538943611,0.91342673159626464,1.8292770833492149,1.8936919549661517,9.4356047793992808]
[37,20,6.4293827784604058,1.4689146404556945,4.7645145993830038,2.5109084984367991,5.2841243902727548,13.407916526528808,33.865761433537472]
[38,20,3.1841183595951086,0.7739293399490027,3.0089243610979057,0.17793666776386402,3.1439378624480412,11.521371456606964,21.810218047460886]
[39,20,0.38504717528166793,9.4453606347539784E-2,0.3633489256071416,2.597009372576059E-2,0.36334892560714166,1.3376717041644266,2.5698404307336782]
[40,20,1.182563190480451,0.25867304761207266,0.9189681921841506,0.18111501658721602,1.1889951948844208,3.1101167862238435,6.8404314279721525]
[41,20,0.18001800180018002,2.2502250225022502E-2,9.0009000900090008E-2,4.5004500450045004E-2,0.36003600360036003,0.72007200720072007,1.4176417641764176]
[42,20,0.18001800180018002,2.2502250225022502E-2,9.0009000900090008E-2,4.5004500450045004E-2,0.36003600360036003,0.72007200720072007,1.4176417641764176]
[43,20,0.18001800180018002,2.2502250225022502E-2,9.0009000900090008E-2,4.5004500450045004E-2,0.36003600360036003,0.72007200720072007,1.4176417641764176]
[44,20,0.59196692030777531,0.1688462510374234,0.48025966973315903,0.24012983486657954,0.93094650706694604,5.7785473769391968,8.1906965599510801]
[45,20,0,0,0,0,0,0,0]
[46,20,0,0,0,0,0,0,0]
[47,20,0,0,0,0,0,0,0]
[48,20,0,0,0,0,0,0,0]
[49,20,0.34078291472340316,0.11965674939332885,0.31908466504887684,0.15954233252443845,0.46416149779029792,4.0621513167597874,5.4653794762401322]
[50,20,1.5003687818960894,0.43688446618099575,1.3251747833988865,0.45266182266114707,1.7957583673760131,11.497774798350713,17.008623019863844]
[1,21,0,0,0,0,0,0,0]
[2,21,0.13888447793996875,3.4721119484992187E-2,0.13888447793996875,2.4866832441694511E-3,0.13888447793996875,0.55553791175987499,1.0093991483089428]
[3,21,9.6600320453376406E-3,2.4150080113344101E-3,9.6600320453376406E-3,4.8300160226688203E-3,9.6600320453376406E-3,3.8640128181350562E-2,7.4865248351366709E-2]
[4,21,9.0009000900090008E-2,1.1251125112511251E-2,4.5004500450045004E-2,2.2502250225022502E-2,0.18001800180018002,0.36003600360036003,0.70882088208820881]
[5,21,0.65634403460084678,0.21381028947825453,0.58964128447627551,0.29482064223813775,0.97578915948013556,7.4455466145156439,10.175952024789293]
[6,21,1.5279861947401439,0.4394397072962411,1.4178869452665199,0.39926113921816703,1.8493758311860471,11.433901479461676,17.067851297168794]
[7,21,0.19458620785275602,4.8646551963189004E-2,0.19458620785275602,1.3368554151054734E-2,0.19458620785275602,0.77834483141102406,1.4241185610835361]
[8,21,9.2157631965521292E-2,2.3039407991380323E-2,9.2157631965521292E-2,6.3314574396573526E-3,9.2157631965521292E-2,0.36863052786208517,0.67447428918968666]
[9,21,0.9606567283931855,0.26260414961207634,0.70027773229887003,0.35013886614943518,0.87683060105209565,4.9434803250903059,8.0939884025959685]
[10,21,0,0,0,0,0,0,0]
[11,21,0,0,0,0,0,0,0]
[12,21,0,0,0,0,0,0,0]
[13,21,5.062924924056126E-2,1.0849124837263122E-2,2.8930999566034968E-2,1.44654997830175E-2,2.8930999566034999E-2,0,0.13380587299291186]
[14,21,0,0,0,0,0,0,0]
[15,21,0.23307606272849946,4.340151562385923E-2,0.14467506292940185,7.2337531464700969E-2,0.27968856427953698,0.5272702569895078,1.3004489940155062]
[16,21,1.0680794284486663,0.22683773243362026,0.67590293320620076,0.3379514666031006,0.81091643455633622,1.0320457623987451,4.1517337576466691]
[17,21,0.36862689091621414,7.3672847725033519E-2,0.236829391768064,0.11841469588403206,0.37184289311819912,0.66443957581587654,1.8338262952274194]
[18,21,1.2570836460992734,0.38274090161146035,1.0601913979275444,0.53009569896377229,1.564718609314854,11.000989806404865,15.795820060321772]
[19,21,0.71387939215736373,0.14732866072518053,0.43019414528752947,0.2150970726437649,0.56520764663766476,0.62783060204475927,2.6995375194962627]
[20,21,0.55222356990487798,0.1555215465507043,0.46382257010578032,0.23191128505289021,0.72816868798691725,4.390512616315057,6.5221602759162263]
[21,21,1.6082459208199436,0.41919983013436768,1.1943711759029516,0.59718558795147603,1.5658993255763085,7.7204877013860358,13.105389541771082]
[22,21,3.3902085646190123,0.77803701663492353,4.3866404652583029,2.6059690808984182,2.5934232266122432,3.343606158226486,17.097884512249383]
[23,21,3.1803158637532132,0.73822115372861408,4.3903560986011545,2.6232570441915848,2.5199881268463864,3.7364925740381034,17.188630861159055]
[24,21,3.9866945588183311,1.0308409105913534,5.1355591836469143,2.9914138090468887,3.6659809323988846,14.18162733576213,30.992116730264502]
[25,21,3.6013577506628565,0.90265096340915463,4.0470844506537267,2.3039393358526565,3.209665251669624,11.463493777253078,25.528191529501097]
[26,21,6.218221582771875,1.5690610853167151,4.7338106100172554,2.4313755564114921,5.7103121108872781,24.693994582647441,45.356775528052054]
[27,21,2.474975419413032,0.57697246716407524,2.2260197795214398,1.2143118528972656,2.1005119138615713,5.6383351454469679,14.23112657830435]
[28,21,3.3950964575970564,0.91820320449000004,4.992103005553723,2.966224451483487,3.1785328729903175,13.756245671715735,29.206405663830321]
[29,21,4.4155640668345182,1.1516976430153607,5.7720865487910258,3.3724410807381879,4.0577132734096359,16.119366733728668,34.888869346517389]
[30,21,6.422608699155024,1.7484346176254171,7.7922892599147886,4.4617758298617263,6.1629107813259596,29.98474187481623,56.572761062699136]
[31,21,4.2171657368159403,1.0774982640845909,6.4024468531771852,3.8459898297647679,3.7327366589002136,11.978124529750959,31.253961872493658]
[32,21,4.4298042965637325,1.0971215627859014,4.2638144490961238,2.3678664465818673,3.7426755420082491,13.14201167224126,29.043293969277133]
[33,21,5.0891326366618364,1.1742211682542187,6.8248339186497331,4.0719653411877212,4.7558068073796651,10.351160785099349,32.267120657232525]
[34,21,4.3281277111788663,0.98278689982765965,4.4728699958257394,2.5277784441851141,5.2696141758459696,17.436531393719328,35.017708620582681]
[35,21,3.1648981336588466,0.71809303394912771,3.6249352951609173,2.1018669359026831,2.4479658562500672,3.5163251598258367,15.574084414747482]
[36,21,3.5976321905682167,0.79011279871892637,3.2002089871070911,1.7836299390076031,2.552608762537079,2.4674075626364234,14.39160024057534]
[37,21,4.1323932103007444,0.97865223702979753,2.7589714764016184,1.3794857382008101,3.6590604654537686,12.591837681311667,25.500400808698409]
[38,21,1.5027822910373287,0.355403510282435,1.3492865422146523,0.13931079660964915,1.4843000435647875,4.99854417933809,9.8296273630469457]
[39,21,1.0831619835730688,0.2707904958932672,1.0831619835730688,2.0461188023900494E-2,1.0831619835730688,4.3326479342922752,7.8733855689286507]
[40,21,1.1456987952172328,0.26392244857928571,1.0556897943171428,7.1895969455798153E-2,1.3257167970174129,4.5827951808689313,8.4457189854558052]
[41,21,0.18001800180018002,2.2502250225022502E-2,9.0009000900090008E-2,4.5004500450045004E-2,0.36003600360036003,0.72007200720072007,1.4176417641764176]
[42,21,0.18001800180018002,2.2502250225022502E-2,9.0009000900090008E-2,4.5004500450045004E-2,0.36003600360036003,0.72007200720072007,1.4176417641764176]
[43,21,1.3406275533381844,0.42232763354817415,1.1638255537399891,0.58191277686999465,1.9014755377608967,13.90490185191651,19.315070907173745]
[44,21,2.1289046074592459,0.64058311662075762,1.7367281122167801,0.86836405610839029,2.4658979713048863,17.158473633200465,24.998951496910525]
[45,21,1.3657095009306861,0.47263089001618064,1.2773085011315886,0.63865425056579428,1.9966060618488224,16.743485197140231,22.494394401633304]
[46,21,1.5580708098074441,0.5526631165857121,1.4913680596828727,0.74568402984143634,2.3312004679099663,20.126144379806693,26.805130863634123]
[47,21,0.98762275252938192,0.34679092776360976,0.94261825207933692,0.47130912603966846,1.522177212404574,12.841400189619568,17.11191846043614]
[48,21,1.0043735737972561,0.32553997079414104,0.95936907334721111,0.36938934744954116,1.4371733845266992,10.873310491776079,14.969155841690927]
[49,21,0.40057897885803817,0.15021711707176433,0.40057897885803817,0.20028948942901909,0.60086846828705731,5.6081057040125346,7.3606387365164512]
[50,21,0.91250200346885868,0.21144981333607182,0.80240275399523475,7.7905727426567803E-2,0.93741625534536988,3.0424570229886996,5.9841335765608026]
[1,22,0,0,0,0,0,0,0]
[2,22,0,0,0,0,0,0,0]
[3,22,0.27212044394236701,0.10204516647838763,0.27212044394236701,0.1360602219711835,0.40818066591355051,3.8096862151931377,5.0002131574409932]
[4,22,1.1374651091116101,0.35522610392414711,0.96227111061440729,0.4811355553072037,1.4691249183486186,10.771564582354495,15.176787379660482]
[5,22,0.5673097571560819,0.16582837782466614,0.45721050768245802,0.22860525384122904,0.75493051329974714,4.9158181230806735,7.0897025328848553]
[6,22,6.6226387185364333E-2,1.4748409323463888E-2,4.4528137510838034E-2,2.2264068755419034E-2,4.4528137510838069E-2,6.2388551779212272E-2,0.25468369206513564]
[7,22,1.0059651784490311,0.23843198202686933,0.93926242832445983,7.4878617191191724E-2,1.074275929674595,3.8213437168338795,7.1541578525000258]
[8,22,2.5819417896841414E-2,6.4548544742103536E-3,2.5819417896841414E-2,1.2909708948420707E-2,2.5819417896841414E-2,0.10327767158736566,0.20010048870052097]
[9,22,0.90807619983243404,0.2526945075864333,0.75458045100975757,0.29224663805779599,1.0734640327807807,6.2971214229362733,9.5781832522034733]
[10,22,0.24693840703316799,5.6310039339660417E-2,0.18184365800958913,4.9926714928671408E-2,0.18184365800958921,0.38020263724593689,1.097065114566615]
[11,22,0,0,0,0,0,0,0]
[12,22,0,0,0,0,0,0,0]
[13,22,0,0,0,0,0,0,0]
[14,22,0,0,0,0,0,0,0]
[15,22,0.20694864674854482,3.8677849101747763E-2,0.14024589662397355,7.0122948311986788E-2,0.27525939797410859,0.62527759003193428,1.3565323287922959]
[16,22,0.14605081859360283,2.5261579535889457E-2,0.10104631814355783,5.0523159071778914E-2,0.23605981949369284,0.58420327437441133,1.1431449692129332]
[17,22,0.96513332146777797,0.20471758063415249,0.61635332557436484,0.30817666278718264,0.75136682692450019,1.0252953283996811,3.8710430457876588]
[18,22,5.0939557824931034,1.1517328901813513,3.2734330133989462,1.6497061835292426,4.0056869062208129,9.5665866763634071,24.741101452186861]
[19,22,0.44945176935163655,0.12524448388473119,0.36105076955253901,0.18052538477626953,0.60706043732302473,3.6126964118890705,5.3360292567772714]
[20,22,0.69329446073073964,0.14399061534140173,0.43130746353543181,0.21565373176771604,0.56632096488556716,0.74800787330050844,2.7985751095613649]
[21,22,4.3400146060050488,1.027698041933121,2.8797998734078183,1.43989993670391,3.7973816859349929,12.962111745780398,26.446905889765286]
[22,22,5.4198815936942166,1.2191027527131202,5.8495963952342311,3.3810068938955333,4.1501883321256257,5.6956984472088745,25.715474414871597]
[23,22,2.5493483286066136,0.59660920468685252,1.7432970884471559,0.8716485442235784,2.1791023286081033,6.8298971638858923,14.769902658458195]
[24,22,3.0732995890985029,0.85583004357712977,2.972480742049624,1.5920291578602466,3.2982483945130054,18.667084653929543,30.45897258102805]
[25,22,2.2271654062238522,0.62900141949190591,2.1096592491276747,1.1076255221197628,2.5741162854987758,15.215614316648768,23.863182199110739]
[26,22,3.7105279735104322,0.90396475750137129,3.7194454408032538,2.0743140221019605,3.1650022385998104,10.148647451918166,23.721901884434992]
[27,22,5.7313119215528872,1.5233336158075073,6.3881162856850668,3.6031685432644966,5.3611655744046205,24.684211768277802,47.291307708992377]
[28,22,3.6477471770660159,0.97889982208946646,5.7056134375390997,3.4168983462060005,3.5492071647065973,14.689801427205103,31.988167374812274]
[29,22,3.7954241830189615,0.98675633178431399,5.2602021480646881,3.1001662517982718,3.5300046553263367,13.505187512271371,30.177741082263946]
[30,22,6.6915739890380461,1.5963465178784586,7.4306108149858296,4.2528646126257552,7.2172578930942546,24.710055301331966,51.898709128954316]
[31,22,2.6233037360835634,0.59083261624896044,3.1061213785014434,1.8172157243911011,2.7067394409940277,6.7143611670516989,17.558574063270797]
[32,22,4.7131388165507637,1.0358382665241623,6.0590525672144819,3.613326032313577,4.2201618344838874,5.9739653698219257,25.615482886908794]
[33,22,5.162528290335767,0.80361931807545173,3.9319922064155994,2.1743058363022825,8.5610105976488544,16.530260388511309,37.163716637289269]
[34,22,6.3499585954555515,1.3894225744532633,6.5938946911640315,3.7673889939928342,7.2956916837823398,19.943660857570045,45.340017396418069]
[35,22,0.83773500817201285,0.18010075220172,0.57574801097670503,0.28787400548835262,0.71076151232684026,1.3257700630656011,3.9179893522312321]
[36,22,3.281249615165772,0.46831315063308787,1.7575286042682112,0.87876430213410583,5.8079336447722616,11.504862484965127,23.698651801938567]
[37,22,1.2388371882393616,0.31031835970033106,0.89005719234594838,0.44502859617297441,1.1737699431892146,5.0940957853486335,9.1521070649964642]
[38,22,1.732512892087134,0.39651888377750411,1.2021068932925485,0.60105344664627436,2.2225705458146168,8.7075004932267515,14.862263154844829]
[39,22,0.24433166527317798,4.9831791205783245E-2,0.19932716482313298,9.966358241156649E-2,0.33434066617326796,0.97732666109271193,1.9048215309796406]
[40,22,0.36323636834738332,6.6498654388946116E-2,0.25152911777276699,0.12576455888638349,0.52155612047303701,1.2504284764272882,2.579013296295805]
[41,22,0.97210004731299859,0.28431379757096886,0.7952980477148035,0.39764902385740181,1.3494201938520753,8.760235070143052,12.559016180451298]
[42,22,1.1043769198477762,0.34745626369083171,0.97097141959863376,0.48548570979931693,1.6309210578975617,11.810926397439774,16.350137768273896]
[43,22,0.97677041346506444,0.26378327184728023,0.79996841386686923,0.31388425365810885,1.267298090957321,7.043067153814909,10.664771597609553]
[44,22,0.31228753950013466,7.8071884875033665E-2,0.31228753950013466,1.7541570885832553E-2,0.31228753950013466,1.2491501580005386,2.2816262322618091]
[45,22,0,0,0,0,0,0,0]
[46,22,0.38794034282547118,0.14547762855955168,0.38794034282547118,0.19397017141273559,0.58191051423820672,5.4311647995565959,7.1284037994180327]
[47,22,5.062924924056126E-2,1.0849124837263122E-2,2.8930999566034968E-2,1.44654997830175E-2,2.8930999566034999E-2,0,0.13380587299291186]
[48,22,0,0,0,0,0,0,0]
[49,22,0,0,0,0,0,0,0]
[50,22,0,0,0,0,0,0,0]
[1,23,0.87859939947111243,0.29069883732074997,0.79019839967201477,0.39509919983600744,1.2688778510670997,9.9826826048589581,13.606156292225942]
[2,23,1.0290946532394409,0.32272402660003113,0.87559890441676447,0.43779945220838229,1.353582108835172,9.9631876895119849,13.981986834811776]
[3,23,0.67017009020986784,0.21876640931691102,0.58337709151176265,0.29168854575588143,0.81720363813557417,6.5471433054667196,9.1283490803967169]
[4,23,0,0,0,0,0,0,0]
[5,23,0,0,0,0,0,0,0]
[6,23,0.14363954378864741,3.2293511001407468E-2,0.10024304443959482,3.1842682287148913E-2,0.10024304443959489,0.16952418123009955,0.57778600718649309]
[7,23,0.14663640540256861,3.4850913877764962E-2,0.12493815572804233,2.1061429063944617E-2,0.12493815572804236,0.38402862464802945,0.83645368444839241]
[8,23,0.27090838499485453,0.10159064437307046,0.27090838499485453,0.13545419249742727,0.40636257749228183,3.7927173899279634,4.977941574280452]
[9,23,0.19405077560037928,5.0266790625119732E-2,0.14904627515033428,7.4523137575167139E-2,0.33608066385061397,1.81662084940441,2.6205884922060245]
[10,23,0.21903940903860838,5.1143477313897706E-2,0.17564290968955582,3.7022839671885452E-2,0.17564290968955587,0.47112364222994346,1.1296151876334466]
[11,23,0.12737250467549482,2.8226751223119323E-2,8.3976005326442255E-2,4.1988002663221155E-2,8.397600532644231E-2,0.10445602477748925,0.46999529399220918]
[12,23,0.70666133799625985,0.15094870960353618,0.48807084015000451,0.15276495249735111,0.6230843415001398,1.2065093762870791,3.3280395580343707]
[13,23,0.20080026701631098,4.6583691808323356E-2,0.15740376766725839,3.5769765466449638E-2,0.15740376766725844,0.39816707414075381,0.99612833376635468]
[14,23,9.1409614209255641E-2,2.1044216079436719E-2,6.9711364534729356E-2,1.7267211802588289E-2,6.9711364534729384E-2,0.16312145987477755,0.43226523103551695]
[15,23,0.13094791724752711,2.912060436612739E-2,8.7551417898474523E-2,4.3775708949237296E-2,8.7551417898474593E-2,0.11875767506561836,0.49770474142545928]
[16,23,0.58864243526264715,0.12104198364488489,0.45523693501350448,0.2276184675067523,0.72526393771377462,1.9495357471260983,4.0673395062676612]
[17,23,1.0575670662022456,0.22199945412388972,0.72887731888236629,0.36443865944118325,0.99890432158263653,2.0025812982242863,5.3743681184566077]
[18,23,6.4719897170892633,1.5593632508469941,6.8567847858085615,3.9004939680706774,5.4230099468580537,15.602783781281921,39.814425449955472]
[19,23,0.60461849185089855,0.12905437301295022,0.43686426098902031,0.22029207240334131,0.56257805279499984,1.1810526827241505,3.1344599337753607]
[20,23,0.37964058007957968,7.8234457488752088E-2,0.26954133060595581,0.13477066530297793,0.40455483195609088,0.91101132943158358,2.1777531948649402]
[21,23,5.2582531049070074,1.3142211138854563,6.5220818370161266,3.8056337236683664,4.4326296613271285,14.071949821383908,35.404769262187997]
[22,23,3.3408711684202865,0.78197635484113692,4.9762317111189764,3.0116758025759207,2.6284589787370884,3.6379763611257996,18.377190376819211]
[23,23,6.798159225150112,1.5587013697749919,8.9216039274385324,5.3241694479288917,5.1448205117909565,6.0988262510859776,33.846280733169458]
[24,23,5.5364928169474741,1.4138794896642817,8.1488444860939069,4.8693527837684796,4.8123734254094863,15.514523650420907,40.295466652304526]
[25,23,7.4946908306109883,1.8907612937938996,10.694182690154037,6.3810244945144357,6.2349845369007708,18.482214472338274,51.17785831831241]
[26,23,11.279611558515802,2.7537820393864019,16.349027324673365,9.8394686615371683,8.9499696778495235,19.68864831667258,68.860507578634838]
[27,23,7.194618982604652,1.7211456522741524,11.543659880147462,7.0551784120806671,5.4083651467333853,7.1261628419501033,40.049130915790421]
[28,23,10.13619822883909,2.5233613064169069,16.012451262922678,9.731047324208415,8.0166340449510702,18.303986594285028,64.723678761623177]
[29,23,7.69446797424078,1.7429984326443604,9.0786714479466326,5.3372332742471933,5.6292377019777948,6.01432652150823,35.496935352564982]
[30,23,5.0541224700379868,1.1865871663231717,4.8211151784440354,2.6902366373796807,4.22558663425262,11.180677290225837,29.158325376663335]
[31,23,3.5131817272027148,0.90805875821271498,3.9224257917265994,2.2178236613674436,3.9542572789192465,17.829211903616319,32.344959121045036]
[32,23,4.5622684411013026,1.0859782073140898,5.3765173383299905,3.1228685172566779,4.6133079976073015,14.362951444979533,33.123891946588898]
[33,23,5.6473245007503472,1.1601770202214448,5.1031146521377071,2.8382236148881437,7.5172208323775793,21.030626394732273,43.296687015107501]
[34,23,6.9184242843447841,1.7810842627439811,8.44772310889255,4.8860549461354124,7.0359591776822556,29.021181872117062,58.090427651916052]
[35,23,3.8297217562338437,0.97111621480337806,4.197868507235138,2.3816346265704942,3.4233609956873154,13.027802654001299,27.831504754531469]
[36,23,5.640950815581709,1.0659667785579343,3.397971563222796,1.6989857816113987,8.0490756654644109,21.684115555469628,41.537066159907866]
[37,23,5.3937145324889615,1.0581766298106419,3.2688745351086341,1.634437267554318,7.1065755638933084,19.211110137240318,37.672888666096185]
[38,23,5.4695512573059357,1.3222258464356162,3.7610077716829609,1.8805038858414811,5.8000394118288012,23.910151738303313,42.143479911398103]
[39,23,4.6551555722690203,1.009650275667475,3.3662523346214819,1.7516722934751721,5.2382275047376083,15.580173546454125,31.601131527224883]
[40,23,4.2245726030340345,1.0227911053815517,3.8716550667371781,2.1258588337455784,3.8191706358800062,13.062045250780328,28.126093495558674]
[41,23,0.9032752583366509,0.23499447120406589,0.81326625743656089,0.19872262695311438,1.2100048875165337,6.147333580940658,9.5075970823875817]
[42,23,0.18001800180018002,2.2502250225022502E-2,9.0009000900090008E-2,4.5004500450045004E-2,0.36003600360036003,0.72007200720072007,1.4176417641764176]
[43,23,0.19706290496143081,4.9265726240357702E-2,0.19706290496143081,1.3538709373145981E-2,0.19706290496143081,0.78825161984572323,1.4422447703435193]
[44,23,3.4200230347591523E-2,8.5500575868978808E-3,3.4200230347591523E-2,2.3496404828768393E-3,3.4200230347591523E-2,0.13680092139036609,0.25030131050291538]
[45,23,0,0,0,0,0,0,0]
[46,23,0.39134401818695197,0.14675400682010697,0.39134401818695197,0.19567200909347598,0.5870160272804279,5.4788162546173274,7.1909463341852424]
[47,23,1.751613367050063E-2,6.5685501264377355E-3,1.751613367050063E-2,8.7580668352503152E-3,2.6274200505750942E-2,0.2452258713870088,0.32185895619544902]
[48,23,0,0,0,0,0,0,0]
[49,23,0,0,0,0,0,0,0]
[50,23,0,0,0,0,0,0,0]
[1,24,0,0,0,0,0,0,0]
[2,24,5.062924924056126E-2,1.0849124837263122E-2,2.8930999566034968E-2,1.44654997830175E-2,2.8930999566034999E-2,0,0.13380587299291186]
[3,24,5.062924924056126E-2,1.0849124837263122E-2,2.8930999566034968E-2,1.44654997830175E-2,2.8930999566034999E-2,0,0.13380587299291186]
[4,24,0,0,0,0,0,0,0]
[5,24,0,0,0,0,0,0,0]
[6,24,0,0,0,0,0,0,0]
[7,24,0,0,0,0,0,0,0]
[8,24,0.37458961549899444,0.14047110581212291,0.37458961549899444,0.18729480774949722,0.56188442324849164,5.2442546169859225,6.883084184794023]
[9,24,0,0,0,0,0,0,0]
[10,24,0,0,0,0,0,0,0]
[11,24,0,0,0,0,0,0,0]
[12,24,0,0,0,0,0,0,0]
[13,24,0.51510557088559228,0.10486795529874643,0.31821332271386316,0.15910666135693169,0.45322682406399839,0.64280330480665349,2.1933236391257855]
[14,24,0.55853393703544907,0.11391685936333347,0.33994343918919373,0.169971719594597,0.47495694053932902,0.61399977244383597,2.2713226681657384]
[15,24,0.73078101153638075,0.15155406556993478,0.44709576466654644,0.22354788233327338,0.58210926601668178,0.69543707956082723,2.8305250696836448]
[16,24,4.9098580600385535,1.0287640793650317,2.8854888359036379,1.4427444179518203,3.4255428413041806,2.425487498363383,16.117885732926602]
[17,24,4.7540193672208728,1.0042699059436291,2.9032361404821683,1.4516180702410852,3.4432901458827105,3.4222687027906225,16.978702332561092]
[18,24,4.3081229886959198,1.0656085731383869,4.2392930514914511,2.3581974756707895,3.6718938546590025,12.768220688158287,28.411336631813839]
[19,24,2.0374486349033258,0.49268647119468856,3.578901807562028,2.2023390093140955,1.6494747812467554,2.587586282329589,12.548436986550479]
[20,24,1.8335922013836599,0.42906505050463178,2.7054384074541824,1.6361775045435492,1.4231604047220299,1.9076992261146972,9.9351327947227492]
[21,24,2.8178251783110411,0.66421920373262644,2.2779836410514589,1.2109688086693304,2.3630998368645804,7.0214816354216882,16.355578304050724]
[22,24,6.320402114423187,1.4802521402254274,7.0451698511652143,4.0742551053360536,5.041462399567755,10.80233531830128,34.763876929018913]
[23,24,4.5515305592592314,1.0322037658374346,5.1225707293570579,2.9760775286850611,3.3186369120246724,3.9128344086952778,20.913853903858737]
[24,24,3.6292930462462847,0.9658583166340825,5.1994395208350834,3.0744288158947124,3.4996307161462377,14.667165952609038,31.035816368365442]
[25,24,1.6662195721913171,0.49112721765135414,1.8444786566894911,1.0106025990935898,1.9243661025086021,12.123223022269604,19.06001717040396]
[26,24,4.1049338675452516,0.98693618636760372,5.8030571320606903,3.4733265680127543,3.3132672511788752,6.8837310428595826,24.565252048024753]
[27,24,11.706896763285314,2.8383070891787145,13.836007139862433,8.0548195941950915,9.5944088620330632,25.784628770496166,71.815068219050772]
[28,24,5.4996301042218283,1.399960685919019,8.8991151287665371,5.3978749446053111,4.719035369192059,13.613076673460592,39.528692906165347]
[29,24,4.5026124576313853,1.0895732884539981,4.8359173446025761,2.7323325178285973,4.7479243247313097,17.047885702463372,34.956245635711241]
[30,24,4.740456580714274,1.0965283169514362,3.8495928361240113,2.0440313557230714,5.6652403564239746,21.078092968275961,38.473942414212736]
[31,24,1.5565284059133071,0.41936640582192131,1.5790887192299807,0.86610574966161746,1.576797236978001,7.9897293091294044,13.987615826734231]
[32,24,5.1489569456354722,1.0564429742999524,6.5327207162956533,3.9016145515361802,5.7893127315856079,9.7849046690715014,32.21395258842437]
[33,24,5.5898652298163221,1.2441707450032888,7.2653837337818521,4.3314401784345034,4.8517501868650452,6.8863862870637806,30.168996360964794]
[34,24,7.3311715893462086,1.7114070587370631,7.8249153467415313,4.4931648569856435,5.7055970732245882,11.848181168013516,38.914437093048548]
[35,24,6.0730780880817585,1.3682495943177657,7.0044149226447185,4.090854229376137,5.2556501306505101,9.5924390340036023,33.384685999074492]
[36,24,3.1821356257719335,0.74590884412480296,4.6956122404680629,2.8300459604125598,2.5544400422756919,3.9039094665117213,17.912052179564775]
[37,24,2.3459980261195801,0.56078288163436618,3.8935667708425044,2.3883231960635474,1.8208812189811652,2.4653784010728188,13.474930494713984]
[38,24,2.2640289437634098,0.61877125101587505,2.2867630260221574,1.2471091573863826,2.2749228645100521,12.006803271439596,20.69839851413747]
[39,24,5.4484142769782977,0.80396768911526251,3.4080594867920304,1.7882406754363045,9.4676528913970657,18.757955953807272,39.674290973526233]
[40,24,4.2591086943503758,0.98722529862575958,6.5948160329402743,4.0239814751030254,3.5020027451763758,4.6722473284864385,24.039381574682249]
[41,24,0.45494374809860322,9.1233686799628302E-2,0.36493474719851321,6.3892579761867366E-2,0.63496174989878318,1.8197749923944129,3.4297415041518082]
[42,24,7.4631274341776202E-2,1.8657818585444051E-2,7.4631274341776202E-2,3.7315637170888101E-2,7.4631274341776202E-2,0.29852509736710481,0.57839237614876549]
[43,24,1.3957535302588036,0.33768725745218964,1.3507490298087586,6.0392372983236256E-2,1.4857625311588936,5.5830141210352142,10.213358842697096]
[44,24,0.18300128427906723,4.5750321069766807E-2,0.18300128427906723,1.2572641224646902E-2,0.18300128427906723,0.73200513711626891,1.3393319522478841]
[45,24,0.15175603311441482,3.7939008278603706E-2,0.15175603311441482,1.0426015126285198E-2,0.15175603311441482,0.60702413245765929,1.1106572552057927]
[46,24,0.28726911003611949,8.4483030741271781E-2,0.28726911003611949,6.3437763088707591E-2,0.33793212296508712,2.1623366987238311,3.2227278355911366]
[47,24,0.38429728475310304,0.12777485272803601,0.34090078540405044,0.17023321956697038,0.48216841134610916,3.957507663929094,5.4628822177273637]
[48,24,0,0,0,0,0,0,0]
[49,24,0,0,0,0,0,0,0]
[50,24,0,0,0,0,0,0,0]
[1,25,0,0,0,0,0,0,0]
[2,25,0,0,0,0,0,0,0]
[3,25,0,0,0,0,0,0,0]
[4,25,0,0,0,0,0,0,0]
[5,25,0,0,0,0,0,0,0]
[6,25,3.7008819086589977E-2,9.2522047716474941E-3,3.7008819086589977E-2,1.8504409543294988E-2,3.7008819086589977E-2,0.14803527634635991,0.2868183479210723]
[7,25,1.0663863537264819,0.26268777615746564,0.91289060490380558,0.20104595848849996,1.1134371070649101,4.5636204463140917,8.1200682466552543]
[8,25,0.29429054351721085,0.10222211019100673,0.27259229384268457,0.13629614692134229,0.39442294098100944,3.4112581198730947,4.6110821553263488]
[9,25,0,0,0,0,0,0,0]
[10,25,0,0,0,0,0,0,0]
[11,25,0,0,0,0,0,0,0]
[12,25,9.2551784696022862E-2,2.3137946174005716E-2,9.2551784696022862E-2,6.3585367079140405E-3,9.2551784696022862E-2,0.37020713878409145,0.67735897575407988]
[13,25,0.30733914178016908,7.683478544504227E-2,0.30733914178016908,2.1114959816350035E-2,0.30733914178016908,1.2293565671206763,2.2493237377225759]
[14,25,0.75014625139161928,0.18572837537502762,0.72844800171709301,2.6990133450233725E-2,0.72844800171709301,2.7980680086042322,5.2178287722552987]
[15,25,0.11939875358847386,2.6233313451364079E-2,7.600225423942128E-2,3.8001127119710668E-2,7.6002254239421335E-2,7.2561020429405362E-2,0.40819872306779664]
[16,25,0.4001860605696666,8.1562640138396619E-2,0.26838856142151646,0.13419428071075828,0.40340206277165153,0.79067625442968625,2.0784098600416758]
[17,25,0.57357097602905771,0.12129249405749001,0.39837697753185497,0.19918848876592757,0.53339047888199009,1.0791819223427606,2.9050013376090811]
[18,25,0.58092092404632623,0.17242145046885957,0.49251992424722857,0.24625996212361434,0.79576830365953832,5.2833472635043064,7.5712378280498722]
[19,25,1.0616778582492206,0.28360445185942845,0.82138911072843901,0.41069455536421962,1.1392418107406914,6.0808424335790177,9.7974502205210179]
[20,25,1.7026666676911861,0.39452547960863615,2.3344466385432958,1.3960896237021336,1.3251286177410013,1.8365840510142184,8.9894410783004695]
[21,25,1.7966179132905553,0.39048847864007241,1.598530665993326,0.88073701977000995,1.4611992348268634,2.158471472637161,8.2860447851579888]
[22,25,6.0526051517321093,1.5962197489310406,6.4891500317350452,3.6420170446062277,5.5486544803178717,25.051535202435446,48.380181659757746]
[23,25,5.6437705288207241,1.3161128830650706,7.912629568081428,4.7630142908261757,4.1491590368543916,4.7940081553675542,28.578694463015342]
[24,25,4.6554313052271166,1.0753508058246595,5.1880645574543038,3.0100718381032876,3.4610466770379338,5.5714929294877376,22.961458113135045]
[25,25,5.2774729383768753,1.391819129488834,7.9601364042789537,4.7546047551194919,4.8457844709303277,18.543774740337287,42.773592438531757]
[26,25,4.567027549160124,1.1523891885078379,5.2071951193553874,2.9705768246850059,4.0207774991017153,14.547815161488733,32.465781342298797]
[27,25,4.6842913396704873,1.2661658044353445,5.0212414775089229,2.7909465208353033,4.5914684453042467,22.929289580905234,41.28340316865954]
[28,25,7.4107821658146671,1.8805585103755746,12.100441075182243,7.3644778883679338,6.1597626981993727,16.628294004785836,51.544316342725629]
[29,25,6.3183620220470793,1.338641120473625,6.6358278431424713,3.8091500029802714,8.0554384403625914,22.232040561346196,48.389459990352222]
[30,25,6.1347992008423491,1.1798923595793553,7.4246217692146939,4.4211213418434552,7.9309745235382056,14.210818343875902,41.302227538893959]
[31,25,3.9852123635458208,0.93402071625813432,5.9623610621046801,3.6173103291269721,3.0517390744317905,3.8519179441183073,21.4025614895857]
[32,25,2.83306950499425,0.6512388336383933,2.5436852945258814,1.3833311577636678,3.9834393422073093,15.712454600976919,27.107218734106421]
[33,25,5.9043809265086118,0.99142157413322041,4.1583541028620417,2.2353619740052415,9.4897164372702871,21.531856447291535,44.311091462070934]
[34,25,4.8737895057535141,1.0066860006769054,5.4019424929589226,3.1532621174149176,5.03067715718353,7.992157662921227,27.458514936909015]
[35,25,2.2993846217607916,0.6021218764799382,1.7537123776956496,0.87685618884782501,2.3747390131766557,11.964674206450734,19.871488284411591]
[36,25,3.5754212043065365,0.81349105171954139,4.2480223648801525,2.4882497202047142,2.6968566787572392,3.4502784612586614,17.272319481126843]
[37,25,4.3451112484418886,0.97698256318734433,4.6942109641965208,2.7172616573562571,3.1134570906068113,3.2177550364838381,19.064778560272661]
[38,25,1.4174633032166226,0.34624312003539798,1.0035885582996307,0.50179427914981556,1.2740724851804295,4.9364727751215902,9.4796345210034865]
[39,25,4.3641528626270727,0.92553311932153348,3.2719946087574208,0.90062741220912113,5.9443240044093368,19.665617916988808,35.072249924313283]
[40,25,1.1251060011252101,0.17680199959819498,0.59148400012863978,0.29574200006432,1.6715920109297202,2.8802880288028803,6.7410140406489649]
[41,25,0.23064725104074127,3.3351375062285624E-2,0.11894000046612498,5.9470000233062502E-2,0.38896700316639504,0.72007200720072007,1.5514476371693293]
[42,25,0.77021996663418846,0.19255499165854711,0.77021996663418846,1.3790548186254865E-2,0.77021996663418846,3.0808798665367538,5.5978853062841205]
[43,25,0,0,0,0,0,0,0]
[44,25,0,0,0,0,0,0,0]
[45,25,7.9026255685658478E-2,1.975656392141462E-2,7.9026255685658478E-2,5.4292993843029925E-3,7.9026255685658478E-2,0.31610502274263391,0.57836965310532706]
[46,25,5.062924924056126E-2,1.0849124837263122E-2,2.8930999566034968E-2,1.44654997830175E-2,2.8930999566034999E-2,0,0.13380587299291186]
[47,25,0.37192436014428532,0.13947163505410698,0.37192436014428532,0.18596218007214266,0.55788654021642792,5.2069410420199942,6.8341101176512424]
[48,25,0,0,0,0,0,0,0]
[49,25,0,0,0,0,0,0,0]
[50,25,0,0,0,0,0,0,0]
[1,26,0,0,0,0,0,0,0]
[2,26,0,0,0,0,0,0,0]
[3,26,0,0,0,0,0,0,0]
[4,26,0,0,0,0,0,0,0]
[5,26,0,0,0,0,0,0,0]
[6,26,1.0540613147202669E-2,2.6351532868006673E-3,1.0540613147202669E-2,5.2703065736013346E-3,1.0540613147202669E-2,4.2162452588810677E-2,8.1689751890820686E-2]
[7,26,1.2017570830616351,0.33076309344926402,1.0916578335880112,0.29400970987210451,1.4146693757981388,7.9594381585596512,12.292295254328803]
[8,26,0,0,0,0,0,0,0]
[9,26,0,0,0,0,0,0,0]
[10,26,0,0,0,0,0,0,0]
[11,26,0,0,0,0,0,0,0]
[12,26,0.24908806635243622,6.2272016588109054E-2,0.24908806635243622,4.8219814174926389E-3,0.24908806635243622,0.99635226540974486,1.8107104624726553]
[13,26,0.38038840879456348,9.509710219864087E-2,0.38038840879456348,1.6868429387312277E-2,0.38038840879456348,1.5215536351782539,2.7746843931478971]
[14,26,0.11354738669501671,2.4770471727999791E-2,7.0150887345964127E-2,3.5075443672982098E-2,7.0150887345964197E-2,4.9155552855576781E-2,0.36285062964350373]
[15,26,0.79850821145226758,0.18475955280480125,1.2856615548959291,0.78671936325865444,0.70123212719261518,1.0623358221563022,4.8192166317605691]
[16,26,1.6824700788205882,0.4093663945926358,3.2256805258286603,2.0098939997788596,1.3754253428561491,1.9652354729080015,10.668071814784893]
[17,26,1.9827420678503536,0.47900982943144554,3.5458621839837452,2.1912359333936262,1.589351478325111,2.3037591836936322,12.091960676677912]
[18,26,3.0085468777677726,0.73705282116298976,4.4649255199842823,2.6946015443568858,2.3896380051090702,5.2561082592656776,18.550873027646681]
[19,26,2.5241782360795564,0.67482762541393071,3.8655184478698201,2.3173173389254087,2.348507389534237,9.4797168910319805,21.210065928854934]
[20,26,3.665586727796454,0.83784062006489801,4.777599631570066,2.8574667269310376,2.7042920785403153,2.7603170716041667,17.603102856506936]
[21,26,4.0429810852436834,0.95388745910123163,6.2564545502662963,3.807164577567824,3.1317950407931887,4.1768537694759704,22.369136482448194]
[22,26,6.6972297678917236,1.6765705286233032,7.7236689896913653,4.4455260465144804,5.9104385795080461,20.55720346470709,47.01063737693601]
[23,26,3.454527147001663,0.82612062183289769,5.0748302764972166,3.0517861695456254,2.8286904622065645,5.5191510509296906,20.75510572801366]
[24,26,3.1895443919309576,0.71159728620701523,3.2089725990794165,1.8217052862039507,2.3929046684584767,3.0634548340743493,14.388179065954164]
[25,26,5.077760932688153,1.3175889666570844,7.9335411340333879,4.7628880541829721,4.5851448845491367,15.773230591110003,39.450154563220735]
[26,26,6.3945354942602233,1.5403907058044888,10.089473589700257,6.1428613166568455,4.9284313101870199,7.9212383368188117,37.016930753427644]
[27,26,3.0480628229007221,0.71600701835275449,4.5557767019855868,2.7478383824312425,2.4760535474936116,3.9201299538323111,17.463868426996225]
[28,26,8.0795845393901367,2.0849099928486248,13.02669601513062,7.902817624772613,6.8730253620950466,21.257303429992302,59.224336964229352]
[29,26,5.7483114351279472,1.4759017492535165,10.198128624545124,6.2661662340884208,4.7557945782842017,12.531127932388188,40.975430553687403]
[30,26,9.0102067050323935,2.1282097071027071,10.032633676099735,5.8059426994940857,7.2892609937279174,17.042367079015094,51.308620860471933]
[31,26,3.5259107007480006,0.82281167550443379,5.1510722916062477,3.1128200421153398,2.7346798127454401,3.6058961080005147,18.953190630719977]
[32,26,4.5275757361802453,1.0370641849049511,5.6697192301860646,3.3598802355647726,3.3146431305276343,3.7093756205702979,21.618258137933964]
[33,26,8.7457471924218027,1.61991973664892,7.7341129491098215,4.3557147291673202,12.264334266650444,26.892779276502562,61.612608150500868]
[34,26,4.4617028032882935,0.99488612397477483,4.0524430360328321,2.2387346379180246,5.2377209011918744,16.576749777732577,33.562237280138376]
[35,26,3.5248600348226375,0.87251252788793754,2.8959151630285733,1.5356306729546882,3.0793185317079024,11.779002630174947,23.687239560576685]
[36,26,1.1368818621405081,0.2400199656355782,0.78649386514610253,0.39324693257305143,1.0565208678463729,2.1173234850150919,5.730486978356705]
[37,26,3.7329753468373186,0.82214040031332458,3.5004644115315235,1.9804102806772832,2.6196010396741904,2.2464316372610162,14.902023116294659]
[38,26,2.2035838299673629,0.46149077077036205,1.3107395911098001,0.6553697955549006,1.580766593810071,1.3212064322663841,7.5331570134788821]
[39,26,2.8852754765001754,0.80729639876726056,2.7968744767010776,0.52641150286081206,3.3352680968531421,19.203670288114804,29.55479623979727]
[40,26,9.0474197226820846E-2,2.0810361833828016E-2,6.8775947552294547E-2,3.4387973776147288E-2,6.8775947552294575E-2,0.15937979194503832,0.44260421988642362]
[41,26,2.4913781152786938,0.6043606538156534,2.3595806161305437,0.12392715678331453,2.4945941174806787,9.1554444732657956,17.229285132754679]
[42,26,0.68994558455866306,0.17248639613966577,0.68994558455866306,1.2353260421602379E-2,0.68994558455866306,2.7597823382346522,5.0144587484719096]
[43,26,0,0,0,0,0,0,0]
[44,26,0,0,0,0,0,0,0]
[45,26,5.062924924056126E-2,1.0849124837263122E-2,2.8930999566034968E-2,1.44654997830175E-2,2.8930999566034999E-2,0,0.13380587299291186]
[46,26,0,0,0,0,0,0,0]
[47,26,0.40923634909083262,0.1534636309090622,0.40923634909083262,0.20461817454541631,0.61385452363624882,5.7293088872716567,7.5197179145440494]
[48,26,0.26265287212990879,9.8494827048715788E-2,0.26265287212990879,0.13132643606495439,0.39397930819486315,3.6771402098187225,4.8262465253870737]
[49,26,0,0,0,0,0,0,0]
[50,26,0,0,0,0,0,0,0]
[1,27,0.12893086612814458,3.2232716532036146E-2,0.12893086612814458,8.8578696537462559E-3,0.12893086612814458,0.51572346451257833,0.94360664908279435]
[2,27,5.062924924056126E-2,1.0849124837263122E-2,2.8930999566034968E-2,1.44654997830175E-2,2.8930999566034999E-2,0,0.13380587299291186]
[3,27,0,0,0,0,0,0,0]
[4,27,0,0,0,0,0,0,0]
[5,27,0,0,0,0,0,0,0]
[6,27,7.5345430472090288E-2,1.8836357618022572E-2,7.5345430472090288E-2,5.1764175807509681E-3,7.5345430472090288E-2,0.30138172188836115,0.55143078850340554]
[7,27,0.40680867725206982,0.14736443566601415,0.40680867725206982,0.18550094270528292,0.58945774266405659,5.2802160172480148,7.0161564927875082]
[8,27,0,0,0,0,0,0,0]
[9,27,0,0,0,0,0,0,0]
[10,27,0,0,0,0,0,0,0]
[11,27,0,0,0,0,0,0,0]
[12,27,0.14267010489538623,3.5667526223846557E-2,0.14267010489538623,9.8017893666640776E-3,0.14267010489538623,0.57068041958154492,1.0441600498582142]
[13,27,8.0647234861309147E-2,2.0161808715327287E-2,8.0647234861309147E-2,5.5406646661826618E-3,8.0647234861309147E-2,0.32258893944523659,0.59023311741067408]
[14,27,0.63906024956863483,0.14891593755489554,0.82136087834378047,0.48880297087746616,0.43074821981590139,0.40366863603415915,2.9325568921948379]
[15,27,1.6329232162424254,0.38070599169220037,2.4747272362549237,1.5078868100107821,1.2571247781884591,1.462761589709656,8.7161296220984461]
[16,27,0.1667841925679884,2.8636735556608658E-2,0.10008144244341712,5.0040721221708571E-2,0.23509494379355217,0.46461977330970861,1.0452578088929834]
[17,27,1.3423805134233344,0.32434400324332235,1.2973760129732894,5.6276744874609548E-2,1.4323895143234244,5.3695220536933377,9.822288842531318]
[18,27,0.14069511293879322,3.1557403288943915E-2,9.7298613589740623E-2,4.8649306794870339E-2,9.7298613589740679E-2,0.15774645783068275,0.57324550803277152]
[19,27,1.067206527637834,0.34357241465442623,0.93540902848968388,0.467704514244842,1.45144116083577,11.079130742621377,15.344464388483933]
[20,27,0.46576426754646688,9.2532629463965094E-2,0.26887201937473781,0.13443600968736899,0.40388552072487299,0.44543809145015206,1.8109285382475637]
[21,27,0.16589352072162461,2.841406759501771E-2,9.9190770597053321E-2,4.9595385298526674E-2,0.23420427194718837,0.46105708592425343,1.0383551020836639]
[22,27,0.95460951126678173,0.20389481555678066,0.62752776504789498,0.31376388252394766,0.76254126639803033,1.1857170845579414,4.0480543253513765]
[23,27,3.6466763487929779,0.95232085596249449,4.8952848796670745,2.8636652590565572,3.4463051105819655,13.778823096656442,29.583075550717517]
[24,27,6.5137517250505734,1.5209508698123926,9.0856747764192445,5.4632748349524984,4.7535145454051442,5.4914586820622837,32.828625433702136]
[25,27,3.3483954733726193,0.77120011876907968,4.5383530693778287,2.7193576819623972,2.5574743357106864,3.1310001991148044,17.065780878307415]
[26,27,3.6043243681226675,0.93535335199864544,3.9043573400437728,2.1907277861116063,3.3967883002466772,14.592256917420306,28.623808063943674]
[27,27,5.0435650621096464,1.268736933576891,6.5477947143175772,3.835193892994742,4.3497132076813578,14.130675306405248,35.175679117085465]
[28,27,3.5626873219252086,0.9110735715713969,4.3482800397634254,2.5178053851948157,3.2379494286633528,12.228258229115379,26.806053976233578]
[29,27,5.9620479508288398,1.6225831619332642,6.7838171980742761,3.842260220237415,5.7169225381293352,28.437504340583345,52.365135409786483]
[30,27,3.0177035795213945,0.81963844691675725,4.8897996632039602,2.9458732273096593,2.8547318941774145,11.944779744978732,26.472526556107923]
[31,27,0.82440305509524658,0.23302422968045161,0.67090730627257011,0.33545365313628511,0.99478292115685407,6.0622695062527372,9.1208406715941432]
[32,27,0.41976941252594979,9.0074853073221814E-2,0.438694491918597,0.24617876575723474,0.43955039427905107,0.95206541860407468,2.5863333361581291]
[33,27,0.77903730303176233,0.16542632591665737,0.51705030583645439,0.25852515291822736,0.65206380718658974,1.090979242504599,3.4630821373942902]
[34,27,1.5137334359881449,0.33750166165078127,0.98975944159752927,0.49487972079876491,1.3307236536430456,3.423337991612593,8.0899359052908579]
[35,27,3.0680908382393461,0.83083022990038324,2.4343605452568968,1.2439868221668062,3.1325763792729213,17.119606429780546,27.829451244616905]
[36,27,1.5862424266605553,0.33608641950969526,1.0855353191225841,0.55400894369308507,1.2993559011638913,1.9572173608535628,6.8184463710033736]
[37,27,3.0469590878548694,0.68318371007950185,3.2922361010444279,1.8981009890222054,2.3023484112447443,2.8860141835899902,14.108842482835739]
[38,27,1.9994369202698299,0.41768679323748759,1.1933856801103722,0.59669284005518652,1.4634126828106431,1.3146867813252325,6.985301697808751]
[39,27,2.7247422761435556,0.75651110680245759,2.6363412763444578,0.5027838937102509,3.1321269289939302,17.709378136636481,27.461883618631138]
[40,27,0.64494450324373664,0.15761975086517976,1.1111717403615131,0.68299180429746376,0.47414206977797679,0.64587280964996929,3.7167426781958395]
[41,27,1.8668431396263585,0.45003509737544678,1.7567438901527346,9.4992907705491819E-2,1.8917573915028698,6.8598215676186989,12.9201939939816]
[42,27,6.4828685963965321E-2,1.620717149099133E-2,6.4828685963965321E-2,1.1607373949866187E-3,6.4828685963965321E-2,0.25931474385586128,0.47116871063373511]
[43,27,0.10125849848112252,2.1698249674526243E-2,5.7861999132069936E-2,2.8930999566034999E-2,5.7861999132069998E-2,0,0.26761174598582371]
[44,27,0,0,0,0,0,0,0]
[45,27,0,0,0,0,0,0,0]
[46,27,5.062924924056126E-2,1.0849124837263122E-2,2.8930999566034968E-2,1.44654997830175E-2,2.8930999566034999E-2,0,0.13380587299291186]
[47,27,0,0,0,0,0,0,0]
[48,27,0.23519829245958271,8.8199359672343505E-2,0.23519829245958271,0.11759914622979135,0.35279743868937402,3.2927760944341578,4.3217686239448323]
[49,27,0.23424966800850905,8.78436255031909E-2,0.23424966800850905,0.11712483400425452,0.3513745020127636,3.2794953521191266,4.3043376496563539]
[50,27,0,0,0,0,0,0,0]
[1,28,0.18987940285632091,4.7469850714080226E-2,0.18987940285632091,1.3045184996746983E-2,0.18987940285632091,0.75951761142528362,1.3896708557050736]
[2,28,0,0,0,0,0,0,0]
[3,28,0,0,0,0,0,0,0]
[4,28,0,0,0,0,0,0,0]
[5,28,0.12158343021443335,3.0395857553608338E-2,0.12158343021443335,8.3530826189006039E-3,0.12158343021443335,0.48633372085773341,0.88983295167354237]
[6,28,0.15556372371434465,3.8890930928586163E-2,0.15556372371434465,1.0687612895918195E-2,0.15556372371434465,0.62225489485737862,1.1385246098249169]
[7,28,0.35077919639358118,0.13154219864759295,0.35077919639358118,0.17538959819679059,0.5261687945903718,4.9109087495101367,6.4455677337320543]
[8,28,0,0,0,0,0,0,0]
[9,28,0,0,0,0,0,0,0]
[10,28,0,0,0,0,0,0,0]
[11,28,0.19835794629558212,4.958948657389553E-2,0.19835794629558212,1.3627681918500051E-2,0.19835794629558212,0.79343178518232849,1.4517227925614704]
[12,28,0.12114633700677545,3.0286584251693862E-2,0.12114633700677545,8.3230532335699919E-3,0.12114633700677545,0.48458534802710179,0.88663399653269193]
[13,28,5.062924924056126E-2,1.0849124837263122E-2,2.8930999566034968E-2,1.44654997830175E-2,2.8930999566034999E-2,0,0.13380587299291186]
[14,28,0.15188774772168379,3.2547374511789365E-2,8.6792998698104903E-2,4.3396499349052493E-2,8.6792998698104987E-2,0,0.40141761897873551]
[15,28,0.47588869568246484,0.10631486161047585,0.32400094796078083,0.10960474663164374,0.32400094796078099,0.48593580399414404,1.82574600384029]
[16,28,0,0,0,0,0,0,0]
[17,28,0.15248813952884235,3.6313847409333397E-2,0.13078988985431605,2.1463457683587907E-2,0.13078988985431611,0.4074355611531244,0.87928078548352029]
[18,28,0.18203918836073704,4.3701609617307069E-2,0.16034093868621074,2.3493687887922766E-2,0.1603409386862108,0.52563975648070316,1.0955561197190915]
[19,28,0.51779106693176236,0.19417165009941087,0.51779106693176236,0.25889553346588118,0.77668660039764348,7.2490749370446732,9.5144108548711337]
[20,28,0.33666903893848421,0.10037725797501987,0.29166453848843921,0.1458322692442196,0.53652253325021448,3.5435660239867417,4.9546316618831199]
[21,28,4.1354501018748628,0.93903277632860549,4.9831128330050252,2.9429568462553384,2.9961376869411671,3.0243153719757432,19.021005616380741]
[22,28,7.8417244564312298,1.7942780529749904,10.165268949093937,6.0719707802110072,5.7586414261742931,5.9262233612860511,37.558107026171513]
[23,28,4.8033244212510704,1.1891535914706441,5.2398071265361388,2.990207236234149,4.019855705163998,13.089704558232205,31.332052638888207]
[24,28,2.8711885261426975,0.6320083197599502,2.7332477835181272,1.544500640980049,2.1138910401134736,2.262138220240395,12.156974530754692]
[25,28,3.9601122136585865,0.91870474142193992,5.5223689370682338,3.320714084914604,2.9947478578660709,3.6581345400878904,20.374782375017322]
[26,28,5.2577721340751022,1.2268460342701739,7.4332265337777086,4.4782633641102647,3.8950030503709252,4.6006754790026569,26.891786595606831]
[27,28,1.584250047715533,0.33739651224631684,1.1291260447202447,0.58177552020895451,1.3130905581763559,2.0801102774312485,7.025748960498654]
[28,28,1.8496085007544685,0.39469518814166471,1.2171432579912211,0.6085716289956109,1.4871702606914918,2.3355090789617474,7.8926979155362051]
[29,28,0.89844758673108494,0.21733319181586624,1.2462751865445114,0.73761930559401845,0.84646805694278482,2.3642174213154803,6.3103607489437454]
[30,28,2.7814871267097727,0.75759726746273659,3.6778600206646002,2.1447936703757287,2.6714874139784253,12.581507469425418,24.614732968616678]
[31,28,1.170003790756728,0.37313431702696603,1.0382062916085777,0.51910314580428896,1.5696887703259292,11.799326722522258,16.469463038044747]
[32,28,2.1482075339817746,0.53279902364486098,3.2078407667037467,1.9343254408311934,1.7911495406200839,4.6092106758088454,14.223532981590505]
[33,28,2.5213968654126129,0.59157327887223599,3.8416661380588564,2.322223699183696,2.104739989987789,3.4462469271390361,14.827846898654226]
[34,28,0.74528771539802574,0.15297055378722074,0.52508921645077788,0.26254460822538905,0.79511621915104813,1.7660488798186325,4.2470571928310941]
[35,28,6.6768413530037662,1.451278817335846,5.4985071482197103,3.0119953923667446,5.7063374823804125,10.376158080904062,32.721118274210539]
[36,28,7.5414656195367638,1.7489602911838835,6.9263572079394322,3.8504531832673914,6.8159271160808306,19.035880589125888,45.91904400713419]
[37,28,2.0581338910375342,0.50757953044565995,1.4837767814749332,0.74556629920036532,1.9639607210106094,8.101439315461672,14.860456538630775]
[38,28,3.58366524190011,0.74242056165235082,2.1017522596283529,1.0508761298141771,2.6418062650288943,2.1836411498657373,12.304161607889624]
[39,28,1.7243893260372476,0.50225511104592491,1.6142900765636237,0.47080851476294583,2.1006374461847823,13.316683678682727,19.72906415327725]
[40,28,0.30868034776836184,7.717008694209046E-2,0.30868034776836184,5.5268253154378173E-3,0.30868034776836184,1.2347213910734474,2.2434593466360608]
[41,28,0.44268608674999388,0.11067152168749847,0.44268608674999388,7.9261562607735835E-3,0.44268608674999388,1.7707443469999755,3.2174002851982291]
[42,28,0,0,0,0,0,0,0]
[43,28,0,0,0,0,0,0,0]
[44,28,0,0,0,0,0,0,0]
[45,28,0,0,0,0,0,0,0]
[46,28,0.19602138036639249,5.1005767412374677E-2,0.15101687991634749,7.5508439958173745E-2,0.33903657099963369,1.8442093161285948,2.6567983547815168]
[47,28,0.47894575278029583,0.17146781366466357,0.4572475031057695,0.22862375155288478,0.67140575487563681,5.9964310495562838,8.0041216255355341]
[48,28,0.39084507188269341,0.13843005832806266,0.36914682220816708,0.18457341110408357,0.53925473352923314,4.7630215169898502,6.3852716140420904]
[49,28,0,0,0,0,0,0,0]
[50,28,0,0,0,0,0,0,0]
[1,29,0.18568939689767702,4.6422349224419256E-2,0.18568939689767702,1.2757321215600897E-2,0.18568939689767702,0.74275758759070809,1.3590054487237593]
[2,29,0,0,0,0,0,0,0]
[3,29,0,0,0,0,0,0,0]
[4,29,0,0,0,0,0,0,0]
[5,29,8.4475914876736738E-2,2.1118978719184184E-2,8.4475914876736738E-2,5.8037044606167858E-3,8.4475914876736738E-2,0.33790365950694695,0.61825408731695819]
[6,29,0,0,0,0,0,0,0]
[7,29,0.35598379313177297,0.13349392242441488,0.35598379313177297,0.17799189656588649,0.53397568969765952,4.9837731038448219,6.5412021987963289]
[8,29,0,0,0,0,0,0,0]
[9,29,0,0,0,0,0,0,0]
[10,29,3.8123676965661761E-2,9.5309192414154403E-3,3.8123676965661761E-2,2.6191909774942908E-3,3.8123676965661761E-2,0.15249470786264704,0.27901584897854204]
[11,29,0.25567999817809123,6.3919999544522807E-2,0.25567999817809123,1.7565848775735707E-2,0.25567999817809123,1.0227199927123649,1.8712458355668971]
[12,29,8.9935072335158045E-2,2.2483768083789511E-2,0.15341328161538231,9.2576193127747231E-2,7.4065520015101971E-2,0.16930566149995929,0.60177949667713837]
[13,29,0.24986556214635475,4.9407077951200244E-2,0.18316281202178347,4.447193672011851E-2,0.31817631337191848,0.79694525162317398,1.6420289538345494]
[14,29,0,0,0,0,0,0,0]
[15,29,6.8426839733879072E-2,1.5298522460592576E-2,4.6728590059352787E-2,1.5688238305411939E-2,4.6728590059352815E-2,7.1190361973271263E-2,0.26406114259186042]
[16,29,0.13269177408929372,3.3172943522323431E-2,0.13269177408929372,9.1162533402909928E-3,0.13269177408929372,0.53076709635717489,0.97113161548767057]
[17,29,0,0,0,0,0,0,0]
[18,29,0.12613138272488669,2.0281720568710422E-2,8.1126882274841688E-2,4.0563441137420844E-2,0.2161403836249767,0.50452553089954677,0.98876934123038307]
[19,29,0.43091088738022476,8.5627471895281776E-2,0.25571688888302202,0.12785844444151107,0.39073039023315714,0.50854156774742876,1.7993856505806256]
[20,29,4.4760196910700847,1.1152019933153341,4.8595570382870017,2.7759967277552793,3.7770657764630942,12.815201959218918,29.819043186109717]
[21,29,0.36210333721581472,7.3850146772810848E-2,0.31627998254570089,0.17420896497372801,0.37094861539144841,0.64803467356599365,1.9454257204654966]
[22,29,0.99826196315576909,0.23108161578492226,1.4811720435042535,0.89426291662628543,0.84780107048359543,1.3388571262841926,5.7914367358390182]
[23,29,1.6980275948899637,0.47063456730833098,1.3476395978955582,0.67381979894777921,1.978979274537384,11.588159894844027,17.757260728423041]
[24,29,1.6238827836959786,0.33826375887704224,0.99141754093273127,0.49570877046636591,1.2614445436330017,1.4326062107277879,6.1433236083329072]
[25,29,3.2756254976626686,0.73311756263994288,3.5818486477713618,2.0798420462899823,2.4072870384501286,2.5473944281204872,14.625115220934571]
[26,29,1.7277740466947598,0.36604476209961478,1.271050608490548,0.6740361929664016,1.3485231675851823,1.5885575950316309,6.9759863728681371]
[27,29,2.4418205051817035,0.51562537715531565,1.4838815173005622,0.74194075865028153,1.7539085200008331,1.666602142237013,8.6037788205257097]
[28,29,1.0227649190493209,0.21912548002953822,0.67398492315590774,0.33699246157795404,0.80899842450604309,1.2558217187258527,4.3176879270446165]
[29,29,3.0898643592477337,0.74149002354761917,3.3794247173999188,1.9364924461847126,2.5841730154815044,7.1000551283326168,18.831499690194104]
[30,29,6.7416797646434095,1.6461179486465181,5.3682580307442835,1.3728359313353489,6.3289233119206507,24.240509741166679,45.698324728456896]
[31,29,0.18726922692423142,4.1392744312426275E-2,0.12217447790065254,6.1087238950326313E-2,0.12217447790065263,0.14152591681019056,0.67562408279847974]
[32,29,2.4304912481003416,0.60740635593074699,2.1237847655782023,1.1433320728493785,2.256575241787544,9.0810022638310421,17.642591948077257]
[33,29,4.1478711323145649,1.0359142708218845,3.2083543878019776,1.6576038165108122,3.6514479740101287,14.831026137930255,28.532217719389621]
[34,29,3.1300859404568335,0.75422656708065428,4.3330184866004116,2.5711130663405961,2.6653469512372343,6.3337544736790852,19.787545485394812]
[35,29,2.4238956335706838,0.58206547097001926,4.0437212245970375,2.4760400720980398,1.9078374269495693,2.827810037952772,14.261369866138123]
[36,29,2.309979308051167,0.5440992964760254,2.1737718265170223,1.2109503535657871,1.9607222537216589,5.4331315452761144,13.632654583607776]
[37,29,2.0963360152119539,0.41637754042951036,1.2806367684465418,0.64031838422327114,2.4418426770757544,5.7544450812033068,12.629956466590338]
[38,29,0.82102652081120486,0.22878144841188391,0.64583252231400212,0.32291626115700112,0.9633462962995657,5.7190095541799186,8.7009126031735757]
[39,29,1.9122753374951809,0.57263636461170964,1.5634953416017678,0.78174767080088414,2.2230419628347291,15.304525790165808,22.357722467510079]
[40,29,1.0756816201928328,0.2504365300441882,0.94388412104468267,9.4386406422535873E-2,1.0788976223948177,3.492658492922351,6.9359447930214078]
[41,29,0,0,0,0,0,0,0]
[42,29,0,0,0,0,0,0,0]
[43,29,0,0,0,0,0,0,0]
[44,29,0,0,0,0,0,0,0]
[45,29,0,0,0,0,0,0,0]
[46,29,0.58032545215115561,0.18507467004489395,0.49353245345305041,0.24676622672652526,0.68243668104750588,5.2893183726447468,7.4774538560678776]
[47,29,0,0,0,0,0,0,0]
[48,29,0,0,0,0,0,0,0]
[49,29,9.0009000900090008E-2,1.1251125112511251E-2,4.5004500450045004E-2,2.2502250225022502E-2,0.18001800180018002,0.36003600360036003,0.70882088208820881]
[50,29,0,0,0,0,0,0,0]
[1,30,0.2397666867734137,5.8133484220476234E-2,0.2180684370988874,2.7459709925408419E-2,0.21806843709888746,0.75654975013140979,1.5180465052484831]
[2,30,0,0,0,0,0,0,0]
[3,30,0,0,0,0,0,0,0]
[4,30,0,0,0,0,0,0,0]
[5,30,0,0,0,0,0,0,0]
[6,30,0,0,0,0,0,0,0]
[7,30,0.35258024505510643,0.1322175918956649,0.35258024505510643,0.17629012252755322,0.5288703675826596,4.9361234307714899,6.4786620028875808]
[8,30,0,0,0,0,0,0,0]
[9,30,0,0,0,0,0,0,0]
[10,30,0.22603003435212504,5.6507508588031261E-2,0.22603003435212504,1.5528822866457579E-2,0.22603003435212504,0.90412013740850017,1.654246571919364]
[11,30,0,0,0,0,0,0,0]
[12,30,0,0,0,0,0,0,0]
[13,30,0.11410171674133046,2.8525429185332615E-2,0.11410171674133046,7.8390703833389908E-3,0.11410171674133046,0.45640686696532184,0.83507651675798489]
[14,30,2.5592653988274226E-2,6.3981634970685566E-3,2.5592653988274226E-2,1.2796326994137113E-2,2.5592653988274226E-2,0.10237061595309691,0.19834306840912524]
[15,30,0.26566435074812511,5.5164962574520027E-2,0.22065985029808011,3.4570207570400524E-2,0.35567335164821512,1.0626574029925004,1.9943901258318413]
[16,30,0.27337733634185785,6.4727959139710078E-2,0.22998083699280525,4.0755989783733307E-2,0.2299808369928053,0.68847535144294125,1.5272983106938529]
[17,30,2.8018737934159217E-2,7.0046844835398043E-3,2.8018737934159217E-2,1.4009368967079609E-2,2.8018737934159217E-2,0.11207495173663687,0.21714521898973393]
[18,30,9.8543264133511332E-2,1.3384690920866584E-2,5.3538763683466335E-2,2.6769381841733168E-2,0.18855226503360134,0.39417305653404533,0.77496142214722408]
[19,30,0.27188874199514745,5.1296497967644038E-2,0.16178949252152358,8.0894746260761846E-2,0.2968029938716587,0.48000397709385478,1.3426764497105903]
[20,30,0.97984156828927937,0.32052780699961519,0.86974231881565545,0.43487115940782778,1.3737282299995435,10.691263478945437,14.669974562457359]
[21,30,0,0,0,0,0,0,0]
[22,30,4.0257771159043942E-2,1.0064442789760986E-2,4.0257771159043942E-2,2.0128885579521971E-2,4.0257771159043942E-2,0.16103108463617577,0.31199772648259055]
[23,30,0.63306827617880645,0.16382797390062009,0.47957252735612999,0.23978626367806505,0.717997898037528,3.5879255065292583,5.8221784456804073]
[24,30,3.8218050717849597,0.93233631828612018,4.1128256015768176,2.3469544305321333,3.188072653912398,9.6686728066528786,24.070666882745311]
[25,30,2.4276192099032028,0.51388324080856762,1.5949099571374656,0.82333784992895276,1.7355226030366391,1.5017195017626204,8.5969923625774491]
[26,30,1.3798635300628626,0.28449169536027202,0.8341912859977203,0.41709564299886048,1.104218288697991,1.266597184044304,5.2864576271620107]
[27,30,1.4326584906373045,0.26353505989110071,0.83715774281914013,0.41857887140957023,1.6472387509199506,2.692879008115542,7.2920479237926088]
[28,30,0.52410055223508867,0.11254126305475215,0.55660168861904857,0.31937550319255192,0.48624189555404612,0.79343831449504432,2.7922992171505316]
[29,30,3.5059735101079608,0.90472011134975427,4.0409886005412616,2.3123643835697685,3.2353998702247133,13.133221786363395,27.132668262156852]
[30,30,1.6695532061818734,0.37771646327927377,1.0804844627676791,0.54024223138383975,1.4481863608079628,3.9738198013961217,9.0900025258167503]
[31,30,0.2388201219178176,4.4837530421188758E-2,0.15041912211871999,7.5209561059360025E-2,0.28543262346885506,0.55024649374678025,1.3449654527327217]
[32,30,0.16614795914585492,2.8477677201075285E-2,9.944520902128362E-2,4.9722604510641824E-2,0.23445871037141869,0.46207483962117463,1.0403269998714488]
[33,30,1.2964012628877377,0.38121260066659485,1.0561125153669562,0.52805625768347819,1.529674405969357,10.133919863936057,14.925376906510181]
[34,30,0.15305343068019753,2.9578835340428298E-2,0.10804893023015252,5.4024465115076262E-2,0.25332884271184819,0.81754194535200353,1.4155764494297065]
[35,30,1.2378345295754742,0.29820750728135731,2.3155158021544446,1.438429344334476,1.0471720872183103,1.5832807992148508,7.9204400697789126]
[36,30,2.6853014307063887,0.60723479557539928,3.3696828872786941,2.0032039936359727,2.0478971399958401,2.2629641927344202,12.976284439926715]
[37,30,3.5375086506483786,0.74036648444581021,3.1744556382640163,1.7678961284023385,4.3672111519714338,11.847318778285938,25.434756832017911]
[38,30,2.0856549500563935,0.35566104912505103,1.1767307001889065,0.58836535009445345,2.7968927163905271,4.8998308518674083,11.903135617722739]
[39,30,1.722026669508808,0.49963765248303271,1.4817379219880265,0.56632014319372281,2.0033746132351085,12.797917503313958,19.071014503722651]
[40,30,0.89146053830910466,0.26849741455133369,0.848064038960052,0.23301968581533378,1.0450586586392998,7.1007005528968818,10.386800889172005]
[41,30,0.40437414828901841,0.11095608746864516,0.295882899916387,0.14794144995819358,0.3714968509594932,2.11719062920697,3.4478420657987074]
[42,30,0,0,0,0,0,0,0]
[43,30,0.20251699696224504,4.3396499349052486E-2,0.11572399826413987,5.7861999132069998E-2,0.11572399826414,0,0.53522349197164742]
[44,30,0,0,0,0,0,0,0]
[45,30,0.64669096125240655,0.17932264210489318,0.49319521242973008,0.24659760621486509,0.77997657085462035,4.6095360016935025,6.9553189945500176]
[46,30,0.24902135344742085,7.0880757317760307E-2,0.20401685299737585,0.10200842649868792,0.41853653062117624,2.5862089392629914,3.6306728601454124]
[47,30,0,0,0,0,0,0,0]
[48,30,0,0,0,0,0,0,0]
[49,30,0,0,0,0,0,0,0]
[50,30,0,0,0,0,0,0,0]
[1,31,0.23961227422113729,5.8094881082407131E-2,0.21791402454661102,2.7449101400839854E-2,0.21791402454661105,0.75593209992230415,1.5169164057199103]
[2,31,0,0,0,0,0,0,0]
[3,31,0,0,0,0,0,0,0]
[4,31,0,0,0,0,0,0,0]
[5,31,0,0,0,0,0,0,0]
[6,31,0,0,0,0,0,0,0]
[7,31,0.35517786904560406,0.1331917008921015,0.35517786904560406,0.17758893452280203,0.532766803568406,4.9724901666384564,6.5263933437129742]
[8,31,0,0,0,0,0,0,0]
[9,31,0.15530699318163699,3.8826748295409247E-2,0.15530699318163699,1.0669974872819824E-2,0.15530699318163699,0.62122797272654795,1.1366456754396879]
[10,31,7.0375774604325259E-2,1.7593943651081315E-2,7.0375774604325259E-2,4.8349899209314358E-3,7.0375774604325259E-2,0.28150309841730103,0.51505935580228956]
[11,31,0,0,0,0,0,0,0]
[12,31,5.062924924056126E-2,1.0849124837263122E-2,2.8930999566034968E-2,1.44654997830175E-2,2.8930999566034999E-2,0,0.13380587299291186]
[13,31,0,0,0,0,0,0,0]
[14,31,0,0,0,0,0,0,0]
[15,31,0,0,0,0,0,0,0]
[16,31,0,0,0,0,0,0,0]
[17,31,0.35135012756876738,6.7545469415294629E-2,0.19785437874609096,9.8927189373045551E-2,0.33286788009622614,0.39281552546384446,1.4413605706632691]
[18,31,1.4242987504678633,0.29017593804289066,0.8135317573791423,0.40676587868957148,1.083558760079413,0.83678707477757219,4.8551181594364525]
[19,31,0.95702188422082834,0.19726515890378354,0.54314713930383629,0.27157356965191842,0.67816064065397186,0.38529858852514753,3.032466981259486]
[20,31,0.39221227816161447,0.1244190713864709,0.34720777771156947,0.17360388885578473,0.63268978689601862,4.5782192693327408,6.2483520723441988]
[21,31,0.59007192008466203,0.19083305113950955,0.54506741963461702,0.24513193351607124,0.8983457059081732,6.7255833788070731,9.1950334090901062]
[22,31,8.4261374091648637E-3,2.1065343522912159E-3,8.4261374091648637E-3,4.2130687045824318E-3,8.4261374091648637E-3,3.3704549636659455E-2,6.5302564921027692E-2]
[23,31,2.5509853478083908,0.58269671221528574,3.4849028680388892,2.0960751878374597,1.9868111016490828,2.3151504000969703,13.016621617646079]
[24,31,2.3672578864805547,0.61556223314781722,1.8034481023647884,0.91888791584426466,2.3534745760542313,11.516516131894129,19.575146845785785]
[25,31,0.88120746737295308,0.18554430458332349,0.55412572115406644,0.27706286057703333,0.68913922250420168,0.89210890898262707,3.4791884851742054]
[26,31,0.35806612375208868,7.2840843406879338E-2,0.24796687427846481,0.12398343713923243,0.38298037562859988,0.82471350412161959,2.0105511583268849]
[27,31,1.9137193370261076,0.40007395874419627,2.4240340538213103,1.4396498312963131,2.0959510399938326,3.7081817137030684,11.981609934584826]
[28,31,2.4885058640636775,0.5562277164418441,2.830448251049658,1.6534014705435047,1.9095885286565513,2.2354873889367228,11.67365921969196]
[29,31,3.8608127040345561,0.98059957857352664,3.2431352230900998,1.7283312379537485,3.449179700132909,14.648051560615606,27.910110004400444]
[30,31,9.4730865753058211,2.1962198998219211,7.1230852919333678,3.7692444404457666,7.7767708438174106,21.314445431949746,51.652852483274039]
[31,31,2.973525990790324,0.6715621695762487,1.8853975048620248,0.94269875243101309,2.2908626909864607,5.2870857713813084,14.05113288002738]
[32,31,0.29545400838060715,5.8996002036886146E-2,0.20705300858150955,0.1035265042907548,0.34206650993164467,0.77678203959793846,1.7838780728193404]
[33,31,0.94078990745781743,0.23486616865638735,0.65710466058798311,0.32855233029399172,0.91535767836249193,4.0002629917340453,7.076933737092717]
[34,31,3.7057188444276599,0.94112112235766143,3.2918440995106679,0.53774571379556169,3.6535844944694835,15.914624301526082,28.044638576087117]
[35,31,4.7160776223694446E-2,1.1790194055923612E-2,4.7160776223694446E-2,2.3580388111847223E-2,4.7160776223694446E-2,0.18864310489477779,0.365496015733632]
[36,31,0.49486786115486847,9.9808527866065505E-2,0.29797561298313946,0.14898780649156981,0.43298911433327464,0.56185246588375859,2.036481388712676]
[37,31,1.8825079265763693,0.41624143743352282,1.1632496851150167,0.58162484255750879,1.5154932587268544,3.3013702126317064,8.8604873630409795]
[38,31,1.833239209642497,0.42220295610898079,1.2377384618243326,0.6188692309121665,2.281910335791471,8.9770192014628698,15.370979395742316]
[39,31,1.8108547411628273,0.50624135670166681,1.5054712446184668,0.57095304041707551,1.9863929307605923,11.731378696944175,18.111292010604803]
[40,31,0,0,0,0,0,0,0]
[41,31,0.41808532280274141,0.12423462153923862,0.33129232410463627,0.16564616205231819,0.4390764870248845,3.0179565617669493,4.4962914792907682]
[42,31,0.43431554868684419,0.14659464350167187,0.39091904933779165,0.19545952466889585,0.55744757444065252,4.6627987028801039,6.3875350435159595]
[43,31,0.47592675095945597,0.15406200072595394,0.4108320019358771,0.20541600096793858,0.57285150355476333,4.5365460453288105,6.3556343034727991]
[44,31,0.49928247766504069,0.18723092912439029,0.49928247766504069,0.24964123883252035,0.74892371649756118,6.9899546873105711,9.1743155270951249]
[45,31,0.43622601368210195,0.13294566127781837,0.36952326355753062,0.18476163177876534,0.65233064667839102,4.49826469318067,6.2740519101552774]
[46,31,0,0,0,0,0,0,0]
[47,31,0,0,0,0,0,0,0]
[48,31,0,0,0,0,0,0,0]
[49,31,0,0,0,0,0,0,0]
[50,31,0,0,0,0,0,0,0]
[1,32,0.18670692411600925,4.6676731029002314E-2,0.18670692411600925,1.2827227854249921E-2,0.18670692411600925,0.74682769646403702,1.3664524276953172]
[2,32,0,0,0,0,0,0,0]
[3,32,0,0,0,0,0,0,0]
[4,32,0,0,0,0,0,0,0]
[5,32,0,0,0,0,0,0,0]
[6,32,0,0,0,0,0,0,0]
[7,32,0.35462153314497769,0.13298307492936662,0.35462153314497769,0.17731076657248884,0.53193229971746647,4.9647014640296874,6.5161706715389647]
[8,32,0,0,0,0,0,0,0]
[9,32,0,0,0,0,0,0,0]
[10,32,7.3012194622235529E-2,1.8253048655558882E-2,7.3012194622235529E-2,5.0161185022593998E-3,7.3012194622235529E-2,0.29204877848894212,0.53435452951346696]
[11,32,0,0,0,0,0,0,0]
[12,32,5.062924924056126E-2,1.0849124837263122E-2,2.8930999566034968E-2,1.44654997830175E-2,2.8930999566034999E-2,0,0.13380587299291186]
[13,32,0,0,0,0,0,0,0]
[14,32,0,0,0,0,0,0,0]
[15,32,0,0,0,0,0,0,0]
[16,32,0,0,0,0,0,0,0]
[17,32,0.37728806293776396,7.4029953257543774E-2,0.22379231411508752,0.11189615705754383,0.35880581546522267,0.49656726693983066,1.6423795697729924]
[18,32,0.33460040677616637,7.0590789108653157E-2,0.2678976566515951,5.0293430295716764E-2,0.40291115800173011,1.1358846301424204,2.2621780709762818]
[19,32,0.30377549544336757,6.509474902357873E-2,0.17358599739620981,8.6792998698104987E-2,0.17358599739620997,0,0.80283523795747103]
[20,32,0,0,0,0,0,0,0]
[21,32,1.2451738067107527,0.38914927479966288,1.2953065314030625,0.69313582166164633,1.5882660454566015,11.332012417552225,16.543043897583953]
[22,32,2.2288080528832914,0.50215238848401089,2.8781654458960806,1.7215664449616286,1.7357738385284107,1.8801216020496987,10.94658777280312]
[23,32,0.93113656290725333,0.19441020352114416,0.60142028203079723,0.31090063218826958,0.68548132751657864,0.56450540312088826,3.2878544112849304]
[24,32,2.0769389618184864,0.54733459696912723,1.5095684680788182,0.75478423403940931,2.1411243953503942,11.082960405530669,18.112711061786904]
[25,32,0.83941636470810199,0.17690471638998792,0.5340328681637414,0.26701643408187092,0.66904636951387686,0.9274614952854674,3.4138782481430465]
[26,32,0.98052937538503071,0.2067584066405885,0.61005112981709131,0.30502556490854588,0.74506463116722677,0.88436254710644702,3.7317916550249297]
[27,32,2.0119098798985853,0.42803778303618523,1.4529340171166822,0.76653760322820386,1.5226080464676415,1.6937994716508877,7.875826801398186]
[28,32,3.6403711452827725,0.80079753739756532,3.4079557611256766,1.9287552808429025,2.5540957624256277,2.1433399235825616,14.475315410657107]
[29,32,5.7765978409783951,1.3813302539139598,4.1488140884065743,2.1410060375822728,4.8560015448190139,16.310929041484776,34.61467880718498]
[30,32,0.39150959645596861,7.9393524109972122E-2,0.25971209730781841,0.12985604865390926,0.39472559865795354,0.75597039797489418,2.011167263160516]
[31,32,1.8957310761259412,0.4880107619422529,1.3717570817353253,0.68587854086766298,1.9327600548089321,9.3521037727255862,15.726241288205701]
[32,32,2.0528436197309086,0.60309498897264779,1.8884782046153932,0.99034274750217133,2.298772815084007,14.938879480935519,22.772411856840648]
[33,32,2.5090912040754016,0.62858617862395216,1.7247382135904701,0.86236910679523548,2.321475724139519,10.09003107048532,18.136291497709898]
[34,32,2.1055103418084373,0.66393504984363649,1.8001268452640768,0.90006342263203853,2.6171677033284708,19.632384537971976,27.719187900848635]
[35,32,1.0001369412717862,0.31042012952683573,0.84664119244910974,0.42332059622455492,1.3043665205423904,9.4421993151388328,13.327084695153509]
[36,32,1.5614052126279399,0.45676025685287758,2.1725717740682611,1.2611777773439854,1.7582316388857555,10.244000473201673,17.454147132980498]
[37,32,2.4324882365775835,0.63140386250116654,2.3760151876425795,1.3103073926038247,2.3695671584790343,10.709977665689907,19.829759503494092]
[38,32,2.2549378352523801,0.62158662795475572,1.6875673415127115,0.84378367075635596,2.4381325192929082,14.175140909438648,22.02114890420776]
[39,32,0.41411649186201727,0.10352912296550432,0.41411649186201727,7.4146265783036069E-3,0.41411649186201727,1.6564659674480691,3.0097591925779286]
[40,32,0.70616841581374057,0.17654210395343514,0.70616841581374057,1.2643725153538994E-2,0.70616841581374057,2.8246736632549623,5.1323647398031582]
[41,32,0.66050591025935101,0.16512647756483775,0.66050591025935101,1.1826152238745918E-2,0.66050591025935101,2.6420236410374041,4.8004940016190414]
[42,32,2.361447881106887E-2,5.9036197027672174E-3,2.361447881106887E-2,1.1807239405534435E-2,2.361447881106887E-2,9.4457915244275478E-2,0.18301221078578372]
[43,32,0.75638264058139637,0.17784453503283784,0.71137814013135137,3.4433462328278285E-2,0.84639164148148638,3.0255305623255855,5.551960981880935]
[44,32,0.22793007876518623,7.7988551837228304E-2,0.22793007876518623,8.5096293915707347E-2,0.31195420734891322,2.5922028867352842,3.5231020973675053]
[45,32,0.35988294607857463,0.12681926115151815,0.3381846964040483,0.16909234820202418,0.49281154482305506,4.3295517557321874,5.8163425523914078]
[46,32,0,0,0,0,0,0,0]
[47,32,0,0,0,0,0,0,0]
[48,32,0,0,0,0,0,0,0]
[49,32,0,0,0,0,0,0,0]
[50,32,0,0,0,0,0,0,0]
[1,33,0.18674595973624453,4.6686489934061132E-2,0.18674595973624453,1.2829909697987427E-2,0.18674595973624453,0.74698383894497811,1.36673811778576]
[2,33,0,0,0,0,0,0,0]
[3,33,0,0,0,0,0,0,0]
[4,33,4.0268399067116038E-2,1.006709976677901E-2,4.0268399067116038E-2,2.7665386948307192E-3,4.0268399067116038E-2,0.16107359626846415,0.29471243193142199]
[5,33,9.348329393000207E-2,2.3370823482500518E-2,9.348329393000207E-2,6.4225336981122445E-3,9.348329393000207E-2,0.37393317572000828,0.68417641469062729]
[6,33,0,0,0,0,0,0,0]
[7,33,0.11779478528551764,4.4173044482069115E-2,0.11779478528551764,5.8897392642758818E-2,0.17669217792827646,1.6491269939972468,2.1644791796213863]
[8,33,0.46013410842090913,0.14109215971492928,0.39503935939733026,0.17320278001781944,0.52097213951066457,3.7516410450635869,5.4420815921252395]
[9,33,0,0,0,0,0,0,0]
[10,33,0,0,0,0,0,0,0]
[11,33,0,0,0,0,0,0,0]
[12,33,0,0,0,0,0,0,0]
[13,33,0,0,0,0,0,0,0]
[14,33,0,0,0,0,0,0,0]
[15,33,0.89472150713433263,0.22368037678358316,1.7894430142686653,1.1184018839179157,0.67104113035074953,0.89472150713433263,5.5920094195895791]
[16,33,0.29928126435761981,6.3569190976893702E-2,0.25427676390757481,3.687977274944923E-2,0.38929026525770982,1.1971250574304793,2.2404223146797269]
[17,33,5.6142551867334042E-3,1.4035637966833511E-3,5.6142551867334042E-3,2.8071275933667021E-3,5.6142551867334042E-3,2.2457020746933617E-2,4.3510477697183886E-2]
[18,33,0.4298530928911718,9.0787585691650116E-2,0.31975384341754792,7.88118156856316E-2,0.45476734476768299,1.111861380677952,2.4858350631316366]
[19,33,0,0,0,0,0,0,0]
[20,33,0.44736059650544147,9.5164461595217534E-2,0.54272519491548521,0.32272855942865958,0.42090888641103574,0.5654998514840277,2.3943875503398675]
[21,33,2.0223985926561507,0.51042864786146092,2.8264196998035334,1.685136438406071,1.745681006678482,5.476403302914953,14.266467688320647]
[22,33,1.0150855426817993,0.34188114102475764,0.92668454288270175,0.46334227144135093,1.4736070658831304,11.893488609808578,16.11408917372232]
[23,33,2.7844480908175831E-2,1.0281517770205943E-2,2.7844480908175831E-2,1.3922240454087915E-2,4.1126071080823771E-2,0.37700972708566216,0.49802851820713145]
[24,33,1.2833309946426423,0.36030210646957994,1.0380167171001118,0.52860110088188206,1.4075086872834364,8.4393677138503467,13.057127320227998]
[25,33,1.6952000030368892,0.4081549689009677,1.6230222351436048,0.89693536182772959,1.4362956363867818,4.4205425561717879,10.48015076146776]
[26,33,0.21956810691440767,4.0024526670336277E-2,0.1311671071153101,6.5583553557655078E-2,0.26618060846544517,0.47323843373314062,1.195762336456295]
[27,33,0.77551804206995878,0.16273832320332932,0.49183279520012452,0.24591639760006243,0.62684629655025992,0.87438520169513945,3.1772370563188743]
[28,33,0.62714455262457114,0.13287770073349117,0.43025230445284213,0.21512615222642117,0.56526580580297736,1.0909592317625694,3.0616257476028723]
[29,33,2.4991933993455255,0.65757291798422479,2.0583817773517756,1.0771042938682622,2.4907677748693575,12.397408226601147,21.180428390020293]
[30,33,1.8564031842954523,0.5381021070675468,2.6760561811907171,1.5650415897689491,2.0314774308806967,11.405921637330175,20.073002130533538]
[31,33,1.9367061407886452,0.55451401668664002,2.7115797011606566,1.5824576154603687,2.0685398040845842,11.322451916225006,20.176249194405905]
[32,33,0.90107944663490058,0.27775369732964206,0.97635174928238655,0.52909420025283915,1.1761789654910222,8.096370743609965,11.956828802600757]
[33,33,1.14395181712039,0.35120505897547105,0.96875781862318722,0.48437890931159366,1.4530407385539144,10.346093658319932,14.747428000904488]
[34,33,1.8849360433594595,0.54396172781129426,1.796535043560362,0.43562720095143281,2.2819294130292769,14.142327541888946,21.085316970600772]
[35,33,0.52282541182657027,0.13070635295664257,0.52282541182657027,2.2041043505300489E-2,0.52282541182657027,2.0913016473062811,3.8125252792479349]
[36,33,1.3358383900529163,0.33215141004035187,1.3141401403783899,4.7073530427868944E-2,1.3141401403783899,5.1408365632494197,9.4841801745273369]
[37,33,1.3356515329141656,0.3339128832285414,1.3356515329141656,2.3914423960195975E-2,1.3356515329141656,5.3426061316566624,9.7073880375878971]
[38,33,0.49490998730553659,0.16815132270631572,0.48333771663707359,0.24420035307005264,0.65560829629072948,5.4453060834664146,7.4915137594761232]
[39,33,0.99668097030587788,0.26380546045695158,0.82148697180867514,0.26176989678338308,1.1034423444798365,5.7104593258705618,9.1576449697052862]
[40,33,0,0,0,0,0,0,0]
[41,33,0,0,0,0,0,0,0]
[42,33,5.062924924056126E-2,1.0849124837263122E-2,2.8930999566034968E-2,1.44654997830175E-2,2.8930999566034999E-2,0,0.13380587299291186]
[43,33,0,0,0,0,0,0,0]
[44,33,0,0,0,0,0,0,0]
[45,33,0.17223193540897608,6.4586975778366029E-2,0.17223193540897608,8.6115967704488039E-2,0.25834790311346412,2.4112470957256651,3.1647618131399353]
[46,33,0.55724562178980097,0.17689801904248259,0.4921508727662221,0.21965049867679423,0.66419557682087782,5.0623255773655824,7.1724661664617608]
[47,33,0,0,0,0,0,0,0]
[48,33,0.20285989908576466,5.0714974771441164E-2,0.20285989908576466,1.3936977219154604E-2,0.20285989908576466,0.81143959634305862,1.4846712455909485]
[49,33,0,0,0,0,0,0,0]
[50,33,0,0,0,0,0,0,0]
[1,34,0.35247919722391147,8.4503424360223484E-2,0.30908269787485887,4.6190483432178978E-2,0.30908269787485898,1.0048827949711558,2.1062212957371877]
[2,34,0.17191744867303144,4.2979362168257859E-2,0.17191744867303144,1.1811154281991636E-2,0.17191744867303144,0.68766979469212575,1.2582126571614696]
[3,34,0.17588242443043772,4.3970606107609431E-2,0.17588242443043772,1.2083557931281182E-2,0.17588242443043772,0.70352969772175089,1.2872311350519547]
[4,34,0.1371609256369449,3.4290231409236226E-2,0.1371609256369449,9.4232951143886461E-3,0.1371609256369449,0.54864370254777961,1.0038400059822392]
[5,34,8.0998845246922274E-2,2.0249711311730569E-2,8.0998845246922274E-2,5.5648211700377497E-3,8.0998845246922274E-2,0.3239953809876891,0.5928064492102243]
[6,34,0.17297821416464063,4.3244553541160156E-2,0.17297821416464063,1.1884031497045222E-2,0.17297821416464063,0.6919128566585625,1.2659760841906897]
[7,34,2.3769650376867117E-2,5.9424125942167793E-3,2.3769650376867117E-2,1.1884825188433559E-2,2.3769650376867117E-2,9.5078601507468469E-2,0.18421479042072017]
[8,34,1.484030465553952,0.37793732407288116,1.0918539703114862,0.45662302954069683,1.4153148011133798,6.4647964998550504,11.290556090447449]
[9,34,0,0,0,0,0,0,0]
[10,34,0,0,0,0,0,0,0]
[11,34,0.10125849848112252,2.1698249674526243E-2,5.7861999132069936E-2,2.8930999566034999E-2,5.7861999132069998E-2,0,0.26761174598582371]
[12,34,0,0,0,0,0,0,0]
[13,34,0.15188774772168379,3.2547374511789365E-2,8.6792998698104903E-2,4.3396499349052493E-2,8.6792998698104987E-2,0,0.40141761897873551]
[14,34,0,0,0,0,0,0,0]
[15,34,1.3290798022244599,0.31016970060634058,2.069189107330029,1.2634203795657075,1.0600734791766995,1.3553073163160541,7.3872397852192897]
[16,34,0.17944509525645103,3.1801961228724314E-2,0.11274234513187974,3.9633876328538181E-2,0.24775584648201479,0.51526338406355909,1.1266425084911669]
[17,34,0,0,0,0,0,0,0]
[18,34,0.27852023537548576,5.8378933731360196E-2,0.23351573492544078,3.5453438667286043E-2,0.36852923627557577,1.114080941501943,2.0884785204770919]
[19,34,5.062924924056126E-2,1.0849124837263122E-2,2.8930999566034968E-2,1.44654997830175E-2,2.8930999566034999E-2,0,0.13380587299291186]
[20,34,0,0,0,0,0,0,0]
[21,34,0,0,0,0,0,0,0]
[22,34,0.15188774772168379,3.2547374511789365E-2,8.6792998698104903E-2,4.3396499349052493E-2,8.6792998698104987E-2,0,0.40141761897873551]
[23,34,1.230167098522313,0.37371566269726603,1.0115766006760576,0.50578830033802891,1.5141521538750593,10.65177345536862,15.287173271477343]
[24,34,1.5377078339343369,0.43208553308114356,1.1672295883663975,0.58361479418319895,1.646373136929447,9.9956773255619513,15.362688212056476]
[25,34,3.4889584623112206,1.0375278006352395,3.2272152663710743,1.6845898952167866,4.045380447766612,26.912179545693004,40.395851417993939]
[26,34,1.0005055855862244,0.32815964389082519,0.91210458578712672,0.45605229289356342,1.4187210773474006,11.029048152623185,15.144591338128327]
[27,34,0.87356215139062088,0.28504408090081745,0.78516115159152322,0.39258057579576167,1.2462588253873697,9.6108980605522234,13.193504845618316]
[28,34,0.90871637677583961,0.29201242587794607,0.79861712730221568,0.3993085636511079,1.259666705512867,9.5480360534269462,13.206357252546921]
[29,34,2.9029302825880774,0.84927491848001968,2.5107537873456121,0.92125711534224874,3.3006651787419341,21.469406979880116,31.954288262378007]
[30,34,0.14672420486456678,3.6681051216141694E-2,0.14672420486456678,2.6270511086811965E-3,0.14672420486456678,0.5868968194582671,1.0663775363767902]
[31,34,0.73171517848838941,0.18292879462209735,0.73171517848838941,1.3101131968383209E-2,0.73171517848838941,2.9268607139535576,5.3180361760092065]
[32,34,0.73124205450165314,0.18281051362541328,0.73124205450165314,1.3092660831020111E-2,0.73124205450165314,2.9249682180066126,5.314597555968005]
[33,34,0.87229835612223694,0.23667399574426817,1.595149180977897,0.97828729670286352,0.76598327676315769,2.8085934870186819,7.256985593329107]
[34,34,2.3676571922478629,0.6799651201356004,2.040575446028976,0.7162432400842369,2.6668224847133093,16.662578555166224,25.133842038376212]
[35,34,0.27920648368063877,6.9801620920159693E-2,0.27920648368063877,1.9182176566361061E-2,0.27920648368063877,1.1168259347225551,2.0434291832509923]
[36,34,0.16322426164582904,4.080606541145726E-2,0.16322426164582904,1.121391081442613E-2,0.16322426164582904,0.65289704658331615,1.1945898077466865]
[37,34,0,0,0,0,0,0,0]
[38,34,0,0,0,0,0,0,0]
[39,34,0.49775344862290455,0.17038385597769451,0.45435694927385195,0.22717847463692603,0.65260442434474308,5.550929301984949,7.5532064548410691]
[40,34,0,0,0,0,0,0,0]
[41,34,0,0,0,0,0,0,0]
[42,34,0,0,0,0,0,0,0]
[43,34,0,0,0,0,0,0,0]
[44,34,0,0,0,0,0,0,0]
[45,34,0,0,0,0,0,0,0]
[46,34,0.20824574641856372,5.0192586981564265E-2,0.16324124596851872,8.1620622984259358E-2,0.33578384927639204,1.5835650248290218,2.4226490764583204]
[47,34,0.75446022527561252,0.22305956343470149,0.66605922547651486,0.26027115719894622,0.998320755522906,6.5577674811030775,9.4599384080117588]
[48,34,0.24491357187567903,7.8178292392379015E-2,0.24491357187567903,7.5309765951365903E-2,0.31271316956951606,2.3356462413794574,3.2916746130440768]
[49,34,0,0,0,0,0,0,0]
[50,34,0.12337047253892275,3.0842618134730687E-2,0.12337047253892275,8.4758568501721275E-3,0.12337047253892275,0.49348189015569099,0.90291178275736195]
[1,35,0,0,0,0,0,0,0]
[2,35,0,0,0,0,0,0,0]
[3,35,0,0,0,0,0,0,0]
[4,35,0,0,0,0,0,0,0]
[5,35,0,0,0,0,0,0,0]
[6,35,0,0,0,0,0,0,0]
[7,35,0,0,0,0,0,0,0]
[8,35,0.50240717638382881,0.16399216026009372,0.43731242736024994,0.218656213680125,0.61257214169132246,4.9072720012700293,6.8422121206456499]
[9,35,0,0,0,0,0,0,0]
[10,35,0,0,0,0,0,0,0]
[11,35,0,0,0,0,0,0,0]
[12,35,0,0,0,0,0,0,0]
[13,35,0.29470451600283154,7.1867941527830687E-2,0.51708153309057547,0.31955958323585532,0.21198744963773769,0.24407526676227026,1.6592762902571012]
[14,35,0.92414769903473037,0.21978579964617134,1.7132818967193257,1.0651756228933231,0.80562202540116035,1.1941747017350004,5.9221877454297109]
[15,35,2.8149081718124065,0.64867741821628966,4.0578943604529671,2.4598381011470147,2.1734667585505831,2.4436356908828438,14.598420501062105]
[16,35,0.14063825014065126,2.2100249949774373E-2,7.3935500016079972E-2,3.696775000804E-2,0.20894900136621503,0.36003600360036003,0.84262675508112062]
[17,35,0.93619727100794115,0.23043294280623089,1.7172661514890857,1.0647494207020918,0.68668442670133922,0.86635895061668267,5.5016891633233724]
[18,35,0.39272120155627843,8.3312800330803974E-2,0.30432020175718089,6.5273617801598779E-2,0.43933370310731595,1.1658508123006237,2.4508123368538017]
[19,35,1.0339789626960332,0.2530701782553767,1.8473203486859082,1.1432692080963178,0.74927517991909087,0.89305645485703566,5.9199703325097612]
[20,35,1.1491890885182086,0.27062158459840929,1.0390898390445846,8.6884203265262805E-2,1.1741033403947199,3.9892053631860991,7.7090934190072842]
[21,35,0.28918344454947637,7.2295861137369091E-2,0.28918344454947637,1.1943758418861757E-2,0.28918344454947637,1.1567337781979055,2.1085237314025651]
[22,35,1.1949008046340845E-2,2.9872520115852112E-3,1.1949008046340845E-2,5.9745040231704225E-3,1.1949008046340845E-2,4.779603218536338E-2,9.2604812359141545E-2]
[23,35,0.53758839574433992,0.11952959887781933,0.44918739594524226,7.5226352641263997E-2,0.58420089729537739,1.7453195890528694,3.5110522295569124]
[24,35,0.13744926661053222,3.0745941706878673E-2,9.4052767261479653E-2,4.7026383630739854E-2,9.4052767261479708E-2,0.14476307251763884,0.548090198988749]
[25,35,1.4483357459735571,0.43453765094834795,1.2080469984527755,0.60402349922638787,1.7429746070963694,11.968972157103199,17.406890658800634]
[26,35,0.39400833444845151,8.1826396080970046E-2,0.28390908497482764,7.6349192051814813E-2,0.41892258632496271,0.96848234690707091,2.2234979407880977]
[27,35,0,0,0,0,0,0,0]
[28,35,5.7551310101133174E-3,1.4387827525283294E-3,5.7551310101133174E-3,2.8775655050566587E-3,5.7551310101133174E-3,2.302052404045327E-2,4.4602265328378209E-2]
[29,35,0.81439482938000318,0.27958015200913083,0.76939032892995818,0.38469516446497909,1.2533341093866583,10.236184899651319,13.737579483822049]
[30,35,0.78432369648338585,0.18121342406258081,0.69592269668428819,6.2051735960709023E-2,0.83093619803442331,2.7322607920090531,5.2867085432344396]
[31,35,0.50629249240561258,0.1084912483726312,0.28930999566034971,0.14465499783017499,0.28930999566034998,0,1.3380587299291185]
[32,35,5.062924924056126E-2,1.0849124837263122E-2,2.8930999566034968E-2,1.44654997830175E-2,2.8930999566034999E-2,0,0.13380587299291186]
[33,35,0.40014862013859992,9.6420780088895597E-2,0.65564224244702474,0.40254365163788181,0.28202959037517805,0.29889012165747741,2.1356750063450574]
[34,35,1.3225591516401434,0.38888357976327914,1.0605721544448354,0.53028607722241783,1.5458928225730768,10.271209972500248,15.119403758144001]
[35,35,1.0128350592242459,0.24014945222067302,0.9461323090996745,5.2584161740557071E-2,1.0811458104498095,3.8488232399347382,7.1816700326696985]
[36,35,0.47358269413267157,0.11839567353316789,0.47358269413267157,8.4793503759100185E-3,0.47358269413267157,1.8943307765306863,3.4419538828377787]
[37,35,0,0,0,0,0,0,0]
[38,35,0.10305099666852294,2.2146374221376348E-2,5.9654497319470361E-2,2.9827248659735212E-2,5.9654497319470423E-2,7.169992749601695E-3,0.281503606938177]
[39,35,2.5974071115526884,0.64918977544620182,2.5307043614281173,0.13069729199662186,2.7173071033519252,11.218896260721959,19.844201904497513]
[40,35,1.1702684592482657,0.30259144182934894,1.0151647093245968,0.2497801546669951,1.4369962706686135,7.1096140189812527,11.284415054719073]
[41,35,0.18001800180018002,2.2502250225022502E-2,9.0009000900090008E-2,4.5004500450045004E-2,0.36003600360036003,0.72007200720072007,1.4176417641764176]
[42,35,0,0,0,0,0,0,0]
[43,35,0,0,0,0,0,0,0]
[44,35,0,0,0,0,0,0,0]
[45,35,0,0,0,0,0,0,0]
[46,35,0.14829267386264769,3.7073168465661922E-2,0.14829267386264769,1.0188073772616182E-2,0.14829267386264769,0.59317069545059076,1.0853099592768118]
[47,35,9.6350754921090881E-2,2.2279501257395529E-2,7.4652505246564582E-2,1.7606680400610072E-2,7.4652505246564624E-2,0.18288602272211849,0.46842796979434426]
[48,35,0.25847686968714384,9.6928826132678933E-2,0.25847686968714384,0.12923843484357192,0.38771530453071573,3.6186761756200134,4.7495124805012674]
[49,35,0.4989102343695454,0.16668005117343332,0.47721198469501908,0.19625449698909267,0.65225470491071569,5.2939783448298696,7.2852898169676763]
[50,35,0.26166383465609167,6.1799583718268526E-2,0.21826733530703907,3.9951243222748213E-2,0.21826733530703912,0.64162134469987653,1.4415706769110632]
[1,36,5.062924924056126E-2,1.0849124837263122E-2,2.8930999566034968E-2,1.44654997830175E-2,2.8930999566034999E-2,0,0.13380587299291186]
[2,36,0,0,0,0,0,0,0]
[3,36,0,0,0,0,0,0,0]
[4,36,0,0,0,0,0,0,0]
[5,36,0,0,0,0,0,0,0]
[6,36,0,0,0,0,0,0,0]
[7,36,0,0,0,0,0,0,0]
[8,36,0.35093842033160216,0.13160190762435081,0.35093842033160216,0.17546921016580108,0.52640763049740324,4.9131378846424303,6.4484934735931896]
[9,36,0,0,0,0,0,0,0]
[10,36,0,0,0,0,0,0,0]
[11,36,0,0,0,0,0,0,0]
[12,36,0,0,0,0,0,0,0]
[13,36,0.58902233064190967,0.14725558266047742,1.1780446612838193,0.73627791330238701,0.44176674798143223,0.58902233064190967,3.6813895665119354]
[14,36,9.0009000900090008E-2,1.1251125112511251E-2,4.5004500450045004E-2,2.2502250225022502E-2,0.18001800180018002,0.36003600360036003,0.70882088208820881]
[15,36,0.14063825014065126,2.2100249949774373E-2,7.3935500016079972E-2,3.696775000804E-2,0.20894900136621503,0.36003600360036003,0.84262675508112062]
[16,36,0,0,0,0,0,0,0]
[17,36,7.9149996118125385E-2,1.7979311556654155E-2,5.74517464435991E-2,2.8725873221799564E-2,5.7451746443599128E-2,0.11408298751025651,0.35484166129403383]
[18,36,0.36226409836660378,7.027396211475373E-2,0.20876834954392734,9.6142574523277083E-2,0.34378185089406249,0.43647140865518996,1.5177022440978145]
[19,36,0,0,0,0,0,0,0]
[20,36,5.062924924056126E-2,1.0849124837263122E-2,2.8930999566034968E-2,1.44654997830175E-2,2.8930999566034999E-2,0,0.13380587299291186]
[21,36,0.13002864504632669,3.2507161261581673E-2,0.13002864504632669,8.9332897828270866E-3,0.13002864504632669,0.52011458018530676,0.95164096636869577]
[22,36,0,0,0,0,0,0,0]
[23,36,0.55656580938224798,0.12789032723305074,0.51156130893220297,5.4555857865378504E-2,0.64657481028233799,2.2262632375289919,4.1234113512242105]
[24,36,4.6654154999752534E-2,1.1663538749938133E-2,4.6654154999752534E-2,2.3327077499876267E-2,4.6654154999752534E-2,0.18661661999901014,0.36156970124808219]
[25,36,0.46461106976436328,0.10439456395166002,0.33281357061621319,0.16640678530810665,0.49472975802470515,1.5864300123756099,3.1493857600406576]
[26,36,2.9193836705015888,0.76751252649977897,2.2435219283892889,0.88590803598755352,2.9495086145579137,14.928769433392821,24.694604209328947]
[27,36,0.36175020055251395,9.0437550138128486E-2,0.36175020055251395,6.4770244712133978E-3,0.36175020055251395,1.4470008022100558,2.6291659784769394]
[28,36,3.0040666871666791E-2,7.5101667179166979E-3,3.0040666871666791E-2,1.5020333435833396E-2,3.0040666871666791E-2,0.12016266748666717,0.23281516825541765]
[29,36,2.0585474612169361,0.58703371333806087,1.9701464614178386,0.42142417986415998,2.4542173551363433,14.810303698310648,22.301672869283987]
[30,36,0.51320730512087476,0.12649363880734149,0.95408711132666191,0.59268806963340936,0.37586454147627013,0.46257805588031348,3.0249187222448715]
[31,36,0.24189674862177379,4.3798499624300616E-2,0.13179749914814992,6.5898749574074988E-2,0.26681100049828499,0.36003600360036003,1.1102385010669442]
[32,36,0,0,0,0,0,0,0]
[33,36,0,0,0,0,0,0,0]
[34,36,1.4090733354160769,0.40874985338917724,1.1253880885462426,0.56269404427312142,1.6108924172936516,10.418422923025089,15.535220661943359]
[35,36,0.85197933323254449,0.17642908357534412,0.50319933733913136,0.25159966866956585,0.6382128386892667,0.57267937545874714,2.9940996369645991]
[36,36,0.64265404095835099,0.13313869787118177,0.40236529343756944,0.20118264671878483,0.53737879478770467,0.74796319117319865,2.6646826649467901]
[37,36,3.1708147582806854,0.77252218363946523,2.6468407638900695,0.53788058164116748,3.0708057415977814,11.711678594026672,21.910542623075841]
[38,36,9.4283260360121884E-2,2.9193836867744759E-2,9.4283260360121884E-2,4.7141630180060942E-2,0.11677534747097904,0.82697478365763055,1.208652118896659]
[39,36,1.3344451711805585,0.31874379273687403,1.246044171381461,0.12206750131826051,1.381057672731596,4.9327466907977442,9.3351050001464966]
[40,36,0.41036333911583767,0.1393479884410069,0.41036333911583767,0.1550191322926702,0.55739195376402761,4.582025649427151,6.2545114021565311]
[41,36,0.12665646601027122,4.7496174753851705E-2,0.12665646601027122,6.3328233005135612E-2,0.18998469901540682,1.7731905241437971,2.3273125629387339]
[42,36,0,0,0,0,0,0,0]
[43,36,0,0,0,0,0,0,0]
[44,36,0,0,0,0,0,0,0]
[45,36,0,0,0,0,0,0,0]
[46,36,9.5769211863500139E-2,2.3942302965875035E-2,9.5769211863500139E-2,6.5795819186210708E-3,9.5769211863500139E-2,0.38307684745400056,0.70090636792899708]
[47,36,0.21749577258964142,5.4373943147410356E-2,0.21749577258964142,1.4942497957976036E-2,0.21749577258964142,0.86998309035856569,1.5917868492328764]
[48,36,0.17794675072090188,4.448668768022547E-2,0.17794675072090188,1.2225382257393743E-2,0.17794675072090188,0.71178700288360752,1.3023393249839323]
[49,36,0.18439929260917381,5.14619469761066E-2,0.18439929260917381,3.1170053713549705E-2,0.2058477879044264,1.1665670763417468,1.8238454501541774]
[50,36,0.5945413953819364,0.19040564875643676,0.5077483966838312,0.25387419834191571,0.70376059589367712,5.4883415778756799,7.7386718129334771]
[1,37,0,0,0,0,0,0,0]
[2,37,0,0,0,0,0,0,0]
[3,37,0,0,0,0,0,0,0]
[4,37,0,0,0,0,0,0,0]
[5,37,0,0,0,0,0,0,0]
[6,37,0,0,0,0,0,0,0]
[7,37,4.0910258829528947E-3,1.0227564707382237E-3,4.0910258829528947E-3,2.0455129414764473E-3,4.0910258829528947E-3,1.6364103531811579E-2,3.1705450592884932E-2]
[8,37,0.54874013196857474,0.16964811375831704,0.50373563151852974,0.20484884475112697,0.81360595638340316,5.6920969981690668,7.9326756765490192]
[9,37,0,0,0,0,0,0,0]
[10,37,0,0,0,0,0,0,0]
[11,37,0,0,0,0,0,0,0]
[12,37,0,0,0,0,0,0,0]
[13,37,0,0,0,0,0,0,0]
[14,37,5.062924924056126E-2,1.0849124837263122E-2,2.8930999566034968E-2,1.44654997830175E-2,2.8930999566034999E-2,0,0.13380587299291186]
[15,37,1.1268373605309148,0.26865002754734024,2.046333720796607,1.2697166379958695,0.94859833415891248,1.3462351139906235,7.0063711950202672]
[16,37,0.359351218781294,6.9545742218426271E-2,0.20585546995861753,0.10292773497930885,0.34086897130875271,0.42481989031395079,1.5033690275603502]
[17,37,0.18077598972955863,3.3942872319878407E-2,0.13577148927951363,2.8738167038885962E-2,0.27078499062964867,0.72310395891823454,1.3731174679157196]
[18,37,0,0,0,0,0,0,0]
[19,37,0.21833288278096044,5.458322069524011E-2,0.21833288278096044,1.5000009500271552E-2,0.21833288278096044,0.87333153112384176,1.5979134096622347]
[20,37,0,0,0,0,0,0,0]
[21,37,2.1824472821368193E-2,5.4561182053420483E-3,2.1824472821368193E-2,1.0912236410684097E-2,2.1824472821368193E-2,8.7297891285472773E-2,0.16913966436560349]
[22,37,0.1289281717494537,2.0980917824852171E-2,8.3923671299408684E-2,4.1961835649704342E-2,0.21893717264954371,0.51571268699781481,1.0104444561707773]
[23,37,0.18832421363031671,3.5829928295067925E-2,0.1433197131802717,7.1659856590135851E-2,0.27833321453040671,0.75329685452126682,1.4707637807474658]
[24,37,1.3395788926525465,0.2762287234805702,0.81560489826193061,0.40780244913096558,1.0856319009622011,1.3079756313652848,5.2328224958534992]
[25,37,0.15747194085029179,2.8116860100061696E-2,0.11246744040024678,5.6233720200123391E-2,0.24748094175038179,0.62988776340116714,1.2316586667022726]
[26,37,0.53992958155389381,0.15840506618661174,0.45152858175479615,0.22576429087739813,0.73970276653054701,4.8178980008033978,6.933228287706644]
[27,37,0.91881439811263388,0.3110230645830554,0.8521116479880626,0.4260558239940313,1.364640259899339,11.023042806711116,14.895688001288239]
[28,37,1.1505152423098188,0.2800508188443217,0.78003699674187954,0.39001849837093994,1.0382342799821598,4.0279816526084931,7.6668374888576123]
[29,37,3.949079727733829,0.98419485506818938,3.3610576542471842,1.8001308678153742,3.4362568920454581,13.311478330471171,26.842198327381205]
[30,37,0.85763541613240157,0.19954135397483475,0.76923441633330392,6.3364359427035138E-2,0.90424791768343904,3.0255076706051161,5.8195311341561302]
[31,37,2.3914023528673525E-2,5.9785058821683812E-3,2.3914023528673525E-2,1.1957011764336762E-2,2.3914023528673525E-2,9.5656094114694099E-2,0.18533368234721981]
[32,37,0.46262221770785272,9.5363491950065965E-2,0.30912646888517631,9.6968767973902484E-2,0.44413997023531149,0.83790388602018584,2.2461248027724947]
[33,37,3.2861585322956958E-2,8.2153963307392396E-3,3.2861585322956958E-2,1.6430792661478479E-2,3.2861585322956958E-2,0.13144634129182783,0.25467728625291641]
[34,37,3.197525238890762,0.79400245759435606,2.5598742117901367,1.3545845336715665,2.8072349137635149,11.007585703829415,21.720807059539755]
[35,37,1.1310919528643528,0.26428911321206816,1.8260340095039,1.1197018936988745,0.92762306611941336,1.2340811562453382,6.5028211916439478]
[36,37,1.5307755189770176,0.35336087990297127,2.0595984686371724,1.2275017210324519,1.2060995364179796,1.7255022657192329,8.1028383906868253]
[37,37,0.16781860053813991,3.4470193060364578E-2,0.1228141000880949,6.1407050044047451E-2,0.27289427359159335,0.9726078452198279,1.6320120625420682]
[38,37,0.68717941793245008,0.14246185464182934,0.42519242073714225,0.21259621036857124,0.56020592208727749,0.72354770210735009,2.7511835278746206]
[39,37,1.0864336985136531,0.22961811247698971,0.67255895359666096,0.33627947679833081,0.80757245494679664,0.90294584569644631,4.0354085420288781]
[40,37,0.9601838523700964,0.22517846303425845,0.87178285257099875,0.10425970658876531,1.0067963539211338,3.4357014155558954,6.603902644041149]
[41,37,0.56083829706239841,0.18819455762795168,0.53914004738787213,0.22132349492151113,0.73831273072878922,6.0242898581056927,8.2720989858342158]
[42,37,0,0,0,0,0,0,0]
[43,37,0,0,0,0,0,0,0]
[44,37,0,0,0,0,0,0,0]
[45,37,0.28907308071880905,5.920895759431382E-2,0.22237033059423778,4.7165590298901251E-2,0.35738383194437279,0.95377532591299119,1.9289771170636256]
[46,37,8.3026093948361065E-2,1.8948336014213071E-2,6.1327844273834774E-2,3.0663922136917404E-2,6.1327844273834808E-2,0.12958737883119922,0.3848814194783603]
[47,37,0.15524168734615174,2.7559296724026686E-2,0.11023718689610675,5.5118593448053373E-2,0.24525068824624174,0.62096674938460694,1.2143742020451873]
[48,37,0.46474020674261141,0.1049339265731416,0.4197357062925664,4.8247211662302655E-2,0.55474920764270141,1.8589608269704456,3.4513670858837688]
[49,37,0.293552863911208,7.3388215977801999E-2,0.293552863911208,2.0167808400705218E-2,0.293552863911208,1.174211455644832,2.1484260717569628]
[50,37,0.18067047915711484,4.5167619789278711E-2,0.18067047915711484,1.2412509143179165E-2,0.18067047915711484,0.72268191662845938,1.3222734830322618]
[1,38,0,0,0,0,0,0,0]
[2,38,0,0,0,0,0,0,0]
[3,38,0,0,0,0,0,0,0]
[4,38,0,0,0,0,0,0,0]
[5,38,0,0,0,0,0,0,0]
[6,38,0,0,0,0,0,0,0]
[7,38,0,0,0,0,0,0,0]
[8,38,0.35639197015568136,0.1336469888083805,0.35639197015568136,0.17819598507784068,0.53458795523352198,4.9894875821795388,6.5487024516106445]
[9,38,0,0,0,0,0,0,0]
[10,38,0,0,0,0,0,0,0]
[11,38,0,0,0,0,0,0,0]
[12,38,0,0,0,0,0,0,0]
[13,38,0,0,0,0,0,0,0]
[14,38,0,0,0,0,0,0,0]
[15,38,0.3762475786488011,8.3212769824937111E-2,0.29726588127550896,0.16143489080622098,0.23325613043317706,0.1362649308001371,1.2876821817887825]
[16,38,0.59796756917974248,0.1310080172909156,0.46617007003159233,0.1013488413854744,0.60118357138172751,1.5818022888699899,3.4794803581394422]
[17,38,0.17835121297565792,4.4587803243914481E-2,0.17835121297565792,1.2253169815486532E-2,0.17835121297565792,0.7134048519026317,1.3052994638890065]
[18,38,0.18234030372871085,4.5585075932177713E-2,0.18234030372871085,1.2527230224670382E-2,0.18234030372871085,0.7293612149148434,1.334494432257824]
[19,38,0.94033869771695444,0.23508467442923861,0.94033869771695444,2.5516086837058295E-2,0.94033869771695444,3.7613547908678178,6.8429716452849778]
[20,38,0.68781054838059674,0.17195263709514919,0.68781054838059674,1.2315033264986737E-2,0.68781054838059674,2.751242193522387,4.9989415090243128]
[21,38,3.4972750564523557E-2,8.7431876411308892E-3,3.4972750564523557E-2,1.7486375282261778E-2,3.4972750564523557E-2,0.13989100225809423,0.2710388168750576]
[22,38,0.18633504687526758,3.5332636606305645E-2,0.14133054642522258,7.066527321261129E-2,0.27634404777535759,0.74534018750107034,1.4553477383958349]
[23,38,0.19790809887504049,3.8225899606248871E-2,0.15290359842499548,7.6451799212497742E-2,0.28791709977513047,0.79163239550016196,1.5450388913940749]
[24,38,1.7129616224920199,0.41698928051049372,1.6679571220419749,7.472779622696793E-2,1.8029706233921099,6.8518464899680795,12.527452934631645]
[25,38,3.7995948963200896E-2,9.4989872408002239E-3,3.7995948963200896E-2,1.8997974481600448E-2,3.7995948963200896E-2,0.15198379585280358,0.29446860446480694]
[26,38,1.3617366733899858,0.32556666828923086,1.2733356735908883,8.3239512490550061E-2,1.4083491749410233,5.0419126996354535,9.4941404023371323]
[27,38,0.18395530822737266,6.5859032059089481E-2,0.18395530822737266,9.197765411368633E-2,0.26343612823635792,2.3254376330891962,3.1146210639530754]
[28,38,4.1509134860535557,1.2313166840368908,3.3231639962195714,1.6615819981097864,4.7034667462252377,31.923590993605796,46.994033904250841]
[29,38,1.8501287256109094,0.63398510960881738,1.7400294761372854,0.82026103095241187,2.6275574404363522,21.843253170535526,29.515214953281298]
[30,38,0.10143069507200159,3.8036510652000595E-2,0.10143069507200159,5.0715347536000793E-2,0.15214604260800238,1.4200297310080221,1.8637890219480289]
[31,38,0,0,0,0,0,0,0]
[32,38,2.0490843163974086E-2,5.1227107909935215E-3,2.0490843163974086E-2,1.0245421581987043E-2,2.0490843163974086E-2,8.1963372655896344E-2,0.15880403452079916]
[33,38,1.2269490816925523,0.24987945821344887,0.72467333697646263,0.36233666848823165,0.99470033967673332,1.0599733844875534,4.6185122695349818]
[34,38,5.1415115760190631,1.2157954438716811,3.6400760182511123,1.8748275518564563,4.3213957535621237,13.83413387828535,30.027740221845786]
[35,38,3.1021304657826096,0.74439142913149203,2.8184452189127756,0.22558233283590093,2.953458720262911,10.180834896545743,20.024843063471426]
[36,38,5.062924924056126E-2,1.0849124837263122E-2,2.8930999566034968E-2,1.44654997830175E-2,2.8930999566034999E-2,0,0.13380587299291186]
[37,38,0,0,0,0,0,0,0]
[38,38,0.24207669640126619,5.8710986627439357E-2,0.2203784467267399,2.761841330495509E-2,0.22037844672673995,0.76578978864281977,1.5349527784299601]
[39,38,5.062924924056126E-2,1.0849124837263122E-2,2.8930999566034968E-2,1.44654997830175E-2,2.8930999566034999E-2,0,0.13380587299291186]
[40,38,1.5570665699459467E-2,3.8926664248648667E-3,1.5570665699459467E-2,1.0697432766083178E-3,1.5570665699459467E-2,6.2282662797837868E-2,0.11395706959768945]
[41,38,0.35330545263874846,0.13248954473953067,0.35330545263874846,0.17665272631937423,0.52995817895812269,4.9462763369424785,6.4919876922370028]
[42,38,0,0,0,0,0,0,0]
[43,38,0,0,0,0,0,0,0]
[44,38,0.84184801944342658,0.21046200486085664,1.6836960388868532,1.0523100243042831,0.63138601458256993,0.84184801944342658,5.2615501215214167]
[45,38,1.8632447410936694,0.42562906059487104,1.4710682458512039,0.27325945506352722,1.6060817472013393,4.2127070129787576,9.8519902627833673]
[46,38,0.20857557577051752,5.0335706469752189E-2,0.18687732609599123,1.7293479478703334E-2,0.18687732609599128,0.63178530611982509,1.2817447200307803]
[47,38,0,0,0,0,0,0,0]
[48,38,2.7954546015071378E-2,6.9886365037678446E-3,2.7954546015071378E-2,1.3977273007535689E-2,2.7954546015071378E-2,0.11181818406028551,0.21664773161680317]
[49,38,0.51299746274068436,0.11699824057265985,0.46799296229063941,5.1562604603613907E-2,0.60300646364077437,2.0519898509627374,3.8045475848111101]
[50,38,0.18793676772194351,4.6984191930485877E-2,0.18793676772194351,1.291172115428741E-2,0.18793676772194351,0.75174707088777404,1.3754532871383778]
[1,39,0,0,0,0,0,0,0]
[2,39,0,0,0,0,0,0,0]
[3,39,0,0,0,0,0,0,0]
[4,39,0,0,0,0,0,0,0]
[5,39,0,0,0,0,0,0,0]
[6,39,0,0,0,0,0,0,0]
[7,39,0,0,0,0,0,0,0]
[8,39,0.41055032115553058,0.14581952680537663,0.38885207148100426,0.19442603574050216,0.56881260743848894,5.0388950068095708,6.7473555694304732]
[9,39,0,0,0,0,0,0,0]
[10,39,0,0,0,0,0,0,0]
[11,39,0,0,0,0,0,0,0]
[12,39,0,0,0,0,0,0,0]
[13,39,0,0,0,0,0,0,0]
[14,39,0,0,0,0,0,0,0]
[15,39,5.062924924056126E-2,1.0849124837263122E-2,2.8930999566034968E-2,1.44654997830175E-2,2.8930999566034999E-2,0,0.13380587299291186]
[16,39,9.0009000900090008E-2,1.1251125112511251E-2,4.5004500450045004E-2,2.2502250225022502E-2,0.18001800180018002,0.36003600360036003,0.70882088208820881]
[17,39,0,0,0,0,0,0,0]
[18,39,0.48192062384595946,0.12048015596148987,0.48192062384595946,8.6286384059090053E-3,0.48192062384595946,1.9276824953838378,3.5025531612891152]
[19,39,0.33535283899956592,8.3838209749891479E-2,0.33535283899956592,6.0043879488485908E-3,0.33535283899956592,1.3414113559982637,2.4373124706957014]
[20,39,0,0,0,0,0,0,0]
[21,39,0.20366564899126827,4.9108224774939875E-2,0.181967399316742,2.4979479266588639E-2,0.18196739931674202,0.61214559900282806,1.2538337506691088]
[22,39,0.10745065502220846,2.6862663755552116E-2,0.10745065502220846,7.382125979440787E-3,0.10745065502220846,0.42980262008883385,0.78639937489045209]
[23,39,0.14935710497715979,3.7339276244289947E-2,0.14935710497715979,1.0261202825036949E-2,0.14935710497715979,0.59742841990863915,1.0931002139094455]
[24,39,0,0,0,0,0,0,0]
[25,39,0.11946664945413542,1.8615537251022603E-2,7.4462149004090414E-2,3.7231074502045207E-2,0.20947565035422541,0.47786659781654167,0.93711765838206074]
[26,39,0.60893071301963142,0.18601933919911837,0.52052971322053387,0.26026485661026694,0.85015985858057352,5.92302173835213,8.3489262189822533]
[27,39,0.91885458964912181,0.30140746015514197,0.83045358985002415,0.41522679492501213,1.3117123424046677,10.195289388762166,13.972944165746133]
[28,39,3.5583995576005414,0.82731751477181459,2.9910290638608732,0.47521264940074515,3.2610560665611437,9.7782242972327751,20.891239149427896]
[29,39,0.89163086176192852,0.22290771544048213,1.783261723523857,1.1145385772024106,0.66872314632144647,0.89163086176192852,5.572692886012053]
[30,39,1.1389440559045449,0.3395070217156031,0.92035355805828967,0.46017677902914494,1.3773175899484076,9.3746508587198694,13.610949863375858]
[31,39,0.93508216837892066,0.31187987566117803,0.84668116857982301,0.42334058428991156,1.3536020044288122,10.773441369568273,14.644027170906918]
[32,39,1.3545796630236528,0.32123352728533211,2.2371281106123053,1.3721505419903535,1.1084991246751927,1.6510117467103378,8.0446027142971754]
[33,39,5.8320933475824841,1.2810211509255409,5.7287561405866079,3.2795413255544847,4.1929938696812474,3.5626735489518824,23.877079383282243]
[34,39,5.5849138463518182,1.3467495268883947,5.9224630431869958,3.3781251294398111,4.7434870166078786,13.912291397290641,34.888029959765532]
[35,39,2.1109870182016666,0.5056465046006422,3.5940703942496985,2.2116045407611584,1.65623717741829,2.2540139673974897,12.332559602628944]
[36,39,2.0994433329360214,0.5027605832842309,3.5954567555640589,2.21553023306334,1.6414609805076439,2.169049086594895,12.223700971950191]
[37,39,1.9362432301415133,0.46738512000423549,3.5204904621876292,2.1838318514737489,1.5375708616380896,2.0543824851200996,11.699904010565316]
[38,39,0.42223377376470811,9.0690943382911393E-2,0.33383277396561051,6.7301204566657974E-2,0.46884627531574563,1.2839011011343424,2.6668060721299756]
[39,39,0.15188774772168379,3.2547374511789365E-2,8.6792998698104903E-2,4.3396499349052493E-2,8.6792998698104987E-2,0,0.40141761897873551]
[40,39,0,0,0,0,0,0,0]
[41,39,0.38880135936580063,9.6979447994491125E-2,0.25861186131864289,0.12930593065932153,0.30112479327985958,1.190362094914063,2.3651854875321785]
[42,39,0.26896975134103024,0.10086365675288633,0.26896975134103024,0.13448487567051512,0.40345462701154533,3.7655765187744232,4.9423191808914311]
[43,39,0,0,0,0,0,0,0]
[44,39,0,0,0,0,0,0,0]
[45,39,0.26221506514561921,6.5553766286404802E-2,0.26221506514561921,4.6948789277103508E-3,0.26221506514561921,1.0488602605824768,1.9057541012334496]
[46,39,0,0,0,0,0,0,0]
[47,39,0,0,0,0,0,0,0]
[48,39,0,0,0,0,0,0,0]
[49,39,0.12150038733031016,4.4390816645780547E-2,0.12150038733031016,6.0750193665155078E-2,0.17756326658312219,1.6072591343774814,2.1329641859321598]
[50,39,0.67911382160229272,0.20923064238852784,0.63410932115224772,0.23792091365423282,0.97193607090424639,6.7727202544464449,9.5050310241479945]
[1,40,0,0,0,0,0,0,0]
[2,40,0,0,0,0,0,0,0]
[3,40,0,0,0,0,0,0,0]
[4,40,0,0,0,0,0,0,0]
[5,40,0,0,0,0,0,0,0]
[6,40,0,0,0,0,0,0,0]
[7,40,0.34688655345938935,0.12194561391932365,0.32518830378486302,0.16259415189243154,0.47331695589427714,4.1476022590635928,5.5775338380138777]
[8,40,0.10464843002086249,3.9243161257823442E-2,0.10464843002086249,5.2324215010431246E-2,0.15697264503129377,1.465078020292075,1.9229149016333484]
[9,40,0,0,0,0,0,0,0]
[10,40,5.062924924056126E-2,1.0849124837263122E-2,2.8930999566034968E-2,1.44654997830175E-2,2.8930999566034999E-2,0,0.13380587299291186]
[11,40,0,0,0,0,0,0,0]
[12,40,0,0,0,0,0,0,0]
[13,40,0,0,0,0,0,0,0]
[14,40,0,0,0,0,0,0,0]
[15,40,0,0,0,0,0,0,0]
[16,40,0,0,0,0,0,0,0]
[17,40,5.062924924056126E-2,1.0849124837263122E-2,2.8930999566034968E-2,1.44654997830175E-2,2.8930999566034999E-2,0,0.13380587299291186]
[18,40,0.8565829495040056,0.2123375499031242,0.83488469982947933,2.8895849320622037E-2,0.83488469982947933,3.2238148010537775,5.9914005494404883]
[19,40,0,0,0,0,0,0,0]
[20,40,9.0009000900090008E-2,1.1251125112511251E-2,4.5004500450045004E-2,2.2502250225022502E-2,0.18001800180018002,0.36003600360036003,0.70882088208820881]
[21,40,0.20819165213622592,5.2047913034056481E-2,0.20819165213622592,1.430328185174747E-2,0.20819165213622592,0.8327666085449037,1.5236927598393855]
[22,40,0,0,0,0,0,0,0]
[23,40,9.636395309549646E-2,2.4090988273874115E-2,9.636395309549646E-2,6.6204421134598759E-3,9.636395309549646E-2,0.38545581238198584,0.70525910205580922]
[24,40,0.10113438338096102,3.7068393057683668E-2,0.10113438338096102,5.056719169048051E-2,0.14827357223073467,1.3473213105193174,1.7854992342601381]
[25,40,0.91033936189502251,0.30213228663566166,0.84363661177045124,0.42181830588522562,1.3290771481097641,10.447381150401407,14.254384864697533]
[26,40,1.32209660770254,0.38141904169485774,1.2336956079034425,0.34587483744900049,1.6317586685635308,10.144343623084737,15.059188386398111]
[27,40,0,0,0,0,0,0,0]
[28,40,0,0,0,0,0,0,0]
[29,40,5.3397092206227209E-2,1.3349273051556802E-2,5.3397092206227209E-2,9.5605827552586403E-4,5.3397092206227209E-2,0.21358836882490884,0.38808497677067311]
[30,40,0,0,0,0,0,0,0]
[31,40,0.7077383746844742,0.14579340635695817,0.42405312781464,0.21202656390732016,0.55906662916477534,0.60326653215320125,2.651944634081369]
[32,40,6.8081195339850824,1.6148628080819738,6.8567313603011648,3.8869407561583849,5.4704831777773402,14.074783290933423,38.711920927237372]
[33,40,1.2091459906698148,0.36275786992411119,1.0122537424980858,0.50612687124904299,1.4847864825654573,10.169349758288273,14.744420715194787]
[34,40,7.069390681313747,1.697876674078864,5.5315233096006988,2.9153139305494711,6.2080024473276421,21.349663844947141,44.771770887817574]
[35,40,1.0892829913832889,0.36380606448706343,1.0225802412587175,0.51129012062935875,1.5757722595153711,12.51818530670128,17.080916983975079]
[36,40,0.28622952709028604,8.4341976195279764E-2,0.24122502664024101,0.1206125133201205,0.47238140613125407,3.0677756711787039,4.2725661205558847]
[37,40,9.0009000900090008E-2,1.1251125112511251E-2,4.5004500450045004E-2,2.2502250225022502E-2,0.18001800180018002,0.36003600360036003,0.70882088208820881]
[38,40,7.010601410332272E-2,1.752650352583068E-2,7.010601410332272E-2,4.8164567067572996E-3,7.010601410332272E-2,0.28042405641329088,0.513085058955847]
[39,40,0.1486875063359184,3.71718765839796E-2,0.1486875063359184,1.0215199740883718E-2,0.1486875063359184,0.59475002534367361,1.0881996206762921]
[40,40,0,0,0,0,0,0,0]
[41,40,0,0,0,0,0,0,0]
[42,40,0.47054145320611168,0.16017935769639716,0.42714495385705908,0.2135724769285296,0.61178643121955367,5.169961366149848,7.0531860390574987]
[43,40,5.062924924056126E-2,1.0849124837263122E-2,2.8930999566034968E-2,1.44654997830175E-2,2.8930999566034999E-2,0,0.13380587299291186]
[44,40,0,0,0,0,0,0,0]
[45,40,0,0,0,0,0,0,0]
[46,40,0,0,0,0,0,0,0]
[47,40,0,0,0,0,0,0,0]
[48,40,0.18349413935716655,6.8810302258937445E-2,0.18349413935716655,9.1747069678583273E-2,0.27524120903574978,2.5689179510003317,3.3717048106879353]
[49,40,0.30389157820766544,0.11395934182787454,0.30389157820766544,0.15194578910383272,0.45583736731149815,4.254482094907317,5.5840077495658536]
[50,40,9.4211831476179647E-2,2.3552957869044912E-2,9.4211831476179647E-2,6.4725860309297958E-3,9.4211831476179647E-2,0.37684732590471859,0.68950836423323225]
[1,41,0,0,0,0,0,0,0]
[2,41,0,0,0,0,0,0,0]
[3,41,0,0,0,0,0,0,0]
[4,41,0,0,0,0,0,0,0]
[5,41,0,0,0,0,0,0,0]
[6,41,3.7465970472283549E-3,9.3664926180708871E-4,3.7465970472283549E-3,1.8732985236141774E-3,3.7465970472283549E-3,1.4986388188913419E-2,2.9036127116019751E-2]
[7,41,0.94113981349668518,0.27722237983529802,0.83104056402306126,0.31617600682053382,1.2005065213422748,7.8460573824815718,11.412142667999426]
[8,41,0.46495633011970766,0.15811465788163906,0.46495633011970766,0.17643030675051655,0.63245863152655624,5.2098713486158017,7.1067876050139294]
[9,41,0.33662228108741371,0.12623335540778016,0.33662228108741371,0.16831114054370686,0.50493342163112065,4.7127119352237923,6.185434414981227]
[10,41,0.3689617287455918,0.13836064827959693,0.3689617287455918,0.1844808643727959,0.55344259311838773,5.1654642024382857,6.7796717657002503]
[11,41,0,0,0,0,0,0,0]
[12,41,0,0,0,0,0,0,0]
[13,41,0,0,0,0,0,0,0]
[14,41,0,0,0,0,0,0,0]
[15,41,0,0,0,0,0,0,0]
[16,41,0,0,0,0,0,0,0]
[17,41,0.74598692546512135,0.18468854389340317,0.72428867579059508,2.6915662017271056E-2,0.72428867579059508,2.7814307048982405,5.1875991878552261]
[18,41,0.36236953397068733,8.8784196019794634E-2,0.340671284296161,3.059887843086545E-2,0.34067128429616106,1.2469611389205042,2.4100563159341735]
[19,41,0,0,0,0,0,0,0]
[20,41,0,0,0,0,0,0,0]
[21,41,0.39385037609453444,9.1229844132124843E-2,0.3070573773964293,7.1007075898095628E-2,0.30705737739642941,0.76533351652915771,1.9355355674467716]
[22,41,0,0,0,0,0,0,0]
[23,41,0.24191007378897711,4.3801830916101445E-2,0.13181082431535321,6.5905412157676646E-2,0.2668243256654883,0.36008930426917324,1.1103417711127701]
[24,41,1.5719417442202701,0.48366804903340083,1.3316529966994886,0.66582649834974439,1.9394961994365809,13.921708031960017,19.914293519699502]
[25,41,0.71086704354126629,0.15561651093554213,0.53567304504406343,0.13107960481013819,0.67068654639419867,1.6283661923915946,3.8322889431168039]
[26,41,5.9570567938543748E-2,1.4892641984635937E-2,5.9570567938543748E-2,4.0926454761795062E-3,5.9570567938543748E-2,0.23828227175417499,0.43597926303062168]
[27,41,0.20751611410734008,5.1879028526835021E-2,0.20751611410734008,1.4256870716960923E-2,0.20751611410734008,0.83006445642936033,1.5187486979951763]
[28,41,2.6577646545736314E-2,6.6444116364340784E-3,2.6577646545736314E-2,1.3288823272868157E-2,2.6577646545736314E-2,0.10631058618294525,0.20597676072945642]
[29,41,2.6793377078895868,0.61478480223558474,2.1987602128480237,0.33546645751289744,2.4687872155482942,7.0720448862379364,15.369181282272324]
[30,41,0.34345434045887108,8.5863585114717769E-2,0.34345434045887108,6.1494428047279949E-3,0.34345434045887108,1.3738173618354843,2.4961934111315429]
[31,41,0,0,0,0,0,0,0]
[32,41,2.382319774638848,0.57709606865569207,4.2332029162696179,2.6122716183295389,1.8898656166461032,2.7711691883696532,14.465925182909453]
[33,41,1.4095938391428826,0.31543070977768062,1.1459988408465822,0.57299942042329122,1.4160258435468527,4.0182393808735704,8.8782880346108577]
[34,41,4.5423127012245832,1.0624466758405617,5.9164497195326451,3.4761491122900443,3.5968554596143059,6.2836838596708082,24.877897528172948]
[35,41,2.9907175595741755,0.7763485045594305,2.2931575677873495,1.146578783893675,2.9703870270135027,14.436443453871487,24.613632896699624]
[36,41,2.9641489146564455,0.77369756935734368,4.2424880018160547,2.5121520846906362,2.843719698299878,11.057947934506236,24.394154203326597]
[37,41,0.95874948658029235,0.29060100113928544,0.84865023710666843,0.34835714814216262,1.2540210065582245,8.6345923174628467,12.33497119698948]
[38,41,1.4145654941974803E-2,3.5364137354937006E-3,1.4145654941974803E-2,7.0728274709874013E-3,1.4145654941974803E-2,5.658261976789921E-2,0.10962882580030472]
[39,41,0.99968991719391342,0.23143860429445834,0.86789241804576323,0.10290964070077832,1.0029059193958985,3.1886916809266737,6.3935281805574853]
[40,41,2.3692806441002509E-2,5.9232016102506273E-3,2.3692806441002509E-2,1.6277544508019677E-3,2.3692806441002509E-2,9.4771225764010036E-2,0.17340060114807015]
[41,41,5.062924924056126E-2,1.0849124837263122E-2,2.8930999566034968E-2,1.44654997830175E-2,2.8930999566034999E-2,0,0.13380587299291186]
[42,41,0.53692708035713621,0.16066343699418933,0.42843583198450486,0.21421791599225248,0.57032624906166984,3.9729316781606192,5.8835021925503721]
[43,41,0.19125222563207595,6.3582740984081121E-2,0.16955397595754967,8.4776987978774851E-2,0.23986546415330703,1.9687216694812055,2.717753064186994]
[44,41,0,0,0,0,0,0,0]
[45,41,0.43045802061094746,0.1451480704732106,0.38706152126189486,0.19353076063094748,0.55166128232680745,4.6087933098175498,6.3166529651213574]
[46,41,0.42657754151338306,0.14369289081162395,0.38318104216433047,0.19159052108216529,0.54584056368046086,4.5544666024516482,6.2453491617036114]
[47,41,0.5101565473262577,0.15694995319999946,0.4651520468762127,0.19166658434355932,0.76281331415013287,5.2935815077807336,7.3803199536768958]
[48,41,0.3506123421057335,0.1211888304452448,0.32891409243120717,0.15702508524169212,0.47028982199796171,4.0274469627957794,5.4554771350176186]
[49,41,0,0,0,0,0,0,0]
[50,41,0,0,0,0,0,0,0]
[1,42,0,0,0,0,0,0,0]
[2,42,0,0,0,0,0,0,0]
[3,42,0,0,0,0,0,0,0]
[4,42,0,0,0,0,0,0,0]
[5,42,0,0,0,0,0,0,0]
[6,42,0,0,0,0,0,0,0]
[7,42,0.40878321251819455,0.1451568610663756,0.38708496284366822,0.19354248142183414,0.5661619444824848,5.0141554858868655,6.7148849482194226]
[8,42,0,0,0,0,0,0,0]
[9,42,0,0,0,0,0,0,0]
[10,42,8.4467360479776824E-3,3.1675260179916311E-3,8.4467360479776824E-3,4.2233680239888412E-3,1.2670104071966524E-2,0.11825430467168756,0.15520877488158991]
[11,42,0.5061487445556363,0.18166893558041625,0.48445049488111003,0.24222524744055504,0.71221024253864751,6.3772729344110504,8.5039765994074159]
[12,42,0.18432899153750559,6.9123371826564597E-2,0.18432899153750559,9.2164495768752797E-2,0.27649348730625839,2.5806058815250785,3.3870452195016654]
[13,42,0,0,0,0,0,0,0]
[14,42,0,0,0,0,0,0,0]
[15,42,0,0,0,0,0,0,0]
[16,42,0.3924314205998386,9.810785514995965E-2,0.3924314205998386,7.026362143313339E-3,0.3924314205998386,1.5697256823993544,2.8521541614921428]
[17,42,0.57829246823708036,0.14457311705927009,0.57829246823708036,1.0354146210753045E-2,0.57829246823708036,2.3131698729483214,4.2029745409295858]
[18,42,0.18768823559824238,4.6922058899560595E-2,0.18768823559824238,1.2894646382181831E-2,0.18768823559824238,0.75075294239296952,1.3736343544694392]
[19,42,0,0,0,0,0,0,0]
[20,42,0,0,0,0,0,0,0]
[21,42,2.5954062900793662E-2,6.4885157251984155E-3,2.5954062900793662E-2,1.2977031450396831E-2,2.5954062900793662E-2,0.10381625160317465,0.20114398748115087]
[22,42,0.70750129831187503,0.22896072073665868,0.64079854818730375,0.32039927409365188,1.0363908845137522,7.839064895811525,10.773115621654766]
[23,42,1.4499459589429127,0.44161009671705065,1.3615449591438151,0.45670549567563234,1.8725228886523027,12.914038405014214,18.49636780414593]
[24,42,2.9079086020079928E-2,9.5772603840201202E-3,2.9079086020079928E-2,9.9595191239983099E-3,3.8309041536080481E-2,0.30091545440033074,0.41691944748458948]
[25,42,0.1194248410598317,2.9856210264957925E-2,0.1194248410598317,8.2047822006869556E-3,0.1194248410598317,0.4776993642393268,0.87403487988446682]
[26,42,7.9056254492857594E-2,1.9764063623214399E-2,7.9056254492857594E-2,5.4313603766155197E-3,7.9056254492857594E-2,0.31622501797143038,0.57858920544983306]
[27,42,0,0,0,0,0,0,0]
[28,42,5.062924924056126E-2,1.0849124837263122E-2,2.8930999566034968E-2,1.44654997830175E-2,2.8930999566034999E-2,0,0.13380587299291186]
[29,42,1.5077952037087767,0.36208130086892854,1.4193942039096792,7.5005267567236092E-2,1.5544077052598142,5.6261468209106171,10.544830502225052]
[30,42,0.55457234357184138,0.13864308589296034,0.55457234357184138,9.9294447795379923E-3,0.55457234357184138,2.2182893742873655,4.0305789356753881]
[31,42,0.15188774772168379,3.2547374511789365E-2,8.6792998698104903E-2,4.3396499349052493E-2,8.6792998698104987E-2,0,0.40141761897873551]
[32,42,0.41206307755088828,0.10120758191484487,0.74019873839092098,0.45755784682410022,0.30290635024772222,0.39623358169763062,2.4101671766261075]
[33,42,3.1382352264548912,0.74216649418705116,4.5154761456949322,2.6842207394874462,2.6530898151953028,5.2074619395551087,18.940650360574729]
[34,42,4.9756794086596852,1.1454737280790566,6.0904961101803528,3.5742861022778931,3.7153328769420462,5.0485471959718566,24.549815422110889]
[35,42,7.4662384577215928,1.7631367591453633,8.7574216632328099,5.1099568154925716,5.8921665726436565,12.539779695724537,41.52869996396052]
[36,42,2.1389948728397394,0.55270193039782223,2.3401350370005574,1.3079495587890846,2.1693666866065429,9.4434880113412376,17.952636096974981]
[37,42,1.585783442801338,0.43900862249942185,1.4756841933277141,0.36262226454762941,1.8476514919987701,10.474658726737037,16.18540874191191]
[38,42,0.40192706198195222,0.14162414106830018,0.38022881230742589,0.19011440615371297,0.55203106449018313,4.8412362946207077,6.5071617806222823]
[39,42,0.74818924102738638,0.15228974799693182,0.42110749480849963,0.21055374740424998,0.55612099615863497,0.36003600360036003,2.4482972309960629]
[40,42,0.50699553253093999,0.11589975829547183,0.37680603448378225,0.1007547182894562,0.37680603448378236,0.81288014835028966,2.2901422264337223]
[41,42,0,0,0,0,0,0,0]
[42,42,0,0,0,0,0,0,0]
[43,42,0.43826083559102191,0.15621096971868587,0.41656258591649559,0.20828129295824782,0.61037837909172588,5.4268422089064492,7.2565362721826263]
[44,42,0.52360486480288804,0.1800781370451883,0.48020836545383538,0.24010418272691775,0.69138154861471823,5.9128491285047158,8.028226227148263]
[45,42,2.6543352920226911E-2,9.953757345085093E-3,2.6543352920226911E-2,1.3271676460113456E-2,3.9815029380340372E-2,0.37160694088317681,0.48773410990916954]
[46,42,0,0,0,0,0,0,0]
[47,42,0,0,0,0,0,0,0]
[48,42,0.16019841009051322,4.0049602522628305E-2,0.16019841009051322,1.1006027322493846E-2,0.16019841009051322,0.64079364036205289,1.1724445004787147]
[49,42,5.062924924056126E-2,1.0849124837263122E-2,2.8930999566034968E-2,1.44654997830175E-2,2.8930999566034999E-2,0,0.13380587299291186]
[50,42,0,0,0,0,0,0,0]
[1,43,0,0,0,0,0,0,0]
[2,43,0,0,0,0,0,0,0]
[3,43,0,0,0,0,0,0,0]
[4,43,0,0,0,0,0,0,0]
[5,43,0,0,0,0,0,0,0]
[6,43,0.14836836931555292,5.5638138493332351E-2,0.14836836931555292,7.4184184657776459E-2,0.2225525539733294,2.077157170417741,2.7262687861732848]
[7,43,0.24540566906710795,9.2027125900165485E-2,0.24540566906710795,0.12270283453355398,0.36810850360066194,3.4356793669395111,4.5093291691081081]
[8,43,0,0,0,0,0,0,0]
[9,43,0,0,0,0,0,0,0]
[10,43,0,0,0,0,0,0,0]
[11,43,0,0,0,0,0,0,0]
[12,43,0.1442876753374181,5.4107878251531794E-2,0.1442876753374181,7.2143837668709049E-2,0.21643151300612717,2.0200274547238535,2.6512860343250577]
[13,43,0.34607421969001978,0.12977783238375742,0.34607421969001978,0.17303710984500989,0.5191113295350297,4.845039075660277,6.3591137868041141]
[14,43,0.34496313888759861,0.12936117708284947,0.34496313888759861,0.1724815694437993,0.51744470833139788,4.8294839444263804,6.3386976770596242]
[15,43,0.87161220940612316,0.24832963537707831,0.87161220940612316,0.13295404895448829,0.99331854150831322,5.9205754796682921,9.0384021243204185]
[16,43,0.47312161801051972,0.11828040450262993,0.47312161801051972,8.4710949518032493E-3,0.47312161801051972,1.8924864720420789,3.4386028255280712]
[17,43,0,0,0,0,0,0,0]
[18,43,3.0050157123492571E-2,7.5125392808731428E-3,3.0050157123492571E-2,1.5025078561746286E-2,3.0050157123492571E-2,0.12020062849397029,0.23288871770706743]
[19,43,0.10900649060177552,1.6000497537932628E-2,6.4001990151730512E-2,3.2000995075865256E-2,0.19901549150186554,0.43602596240710206,0.85605142727627148]
[20,43,0.64919523914020694,0.13658218488952292,0.43060474129395154,0.21530237064697591,0.56561824264408678,0.97664498086286733,2.9739477594776114]
[21,43,1.6397088805059059,0.4356744589957669,1.2258341355889137,0.6129170677944572,1.6317978410219052,8.5350506553225731,14.080983039229524]
[22,43,1.1602278358753566,0.31323279610404253,1.0067320870526801,0.30094543857115297,1.3156171868512176,7.105758327658247,11.202513672112699]
[23,43,0,0,0,0,0,0,0]
[24,43,0,0,0,0,0,0,0]
[25,43,0,0,0,0,0,0,0]
[26,43,0.19643636996780292,4.910909249195073E-2,0.19643636996780292,1.3495664868181975E-2,0.19643636996780292,0.78574547987121168,1.437659347134753]
[27,43,0,0,0,0,0,0,0]
[28,43,0,0,0,0,0,0,0]
[29,43,0,0,0,0,0,0,0]
[30,43,1.067552953530571,0.26688823838264275,1.067552953530571,1.9114202545769943E-2,1.067552953530571,4.270211814122284,7.7588731156424116]
[31,43,0.17884590516699961,4.1095101345995519E-2,0.21303681250382414,0.12591525792338137,0.11605255414647782,7.7587406685877103E-2,0.75253303777255542]
[32,43,2.2674488027415958,0.54710752109633665,3.1508832747949365,1.883495254384157,1.8128729717865484,3.8827994611530654,13.544607285956642]
[33,43,5.2808067032672286,1.2576469031217814,7.9558710832420552,4.8210916345614399,4.0524245283224936,6.1810159244857656,29.548856777000768]
[34,43,2.5821643310225983,0.6013405828561007,3.5105583187000722,2.0749746555180062,2.1821078405604935,4.0621074065278151,15.013253135185085]
[35,43,5.0787839304767033,1.1585925462231708,6.1053340171108079,3.5976103389519003,3.6506443678286002,3.8524829059988566,23.44344810659004]
[36,43,3.3795579200219437,0.92914191416277514,3.2023103117941734,1.7149595645309561,3.5111527561420646,19.246403548764551,31.983526015416462]
[37,43,4.1230795737116148,0.94498108165217942,5.204474982885638,3.0849482786134526,3.0609480497327426,3.6116939551202849,20.030125921715914]
[38,43,4.21547962189576,1.1242700774858732,4.0185873737240314,0.60620933673237487,4.5308353128125063,22.988988263614111,37.484369986264667]
[39,43,2.3924781815364993E-2,5.9811954538412484E-3,2.3924781815364993E-2,1.1962390907682497E-2,2.3924781815364993E-2,9.5699127261459974E-2,0.18541705906907868]
[40,43,0.33139183271750489,6.9788645593987772E-2,0.26468908259293356,5.0072993315500032E-2,0.39970258394306862,1.1230503339077744,2.2386954720707695]
[41,43,0.67862970291413427,0.1678492382556564,0.656931453239608,2.5709651963622508E-2,0.656931453239608,2.5120018146942922,4.6980533143069216]
[42,43,0.2078394201874062,4.834348010109716E-2,0.1644429208383536,8.2221460419176828E-2,0.16444292083835366,0.42632368682513466,1.093613889209522]
[43,43,3.0071274638207894,0.72929402861290782,1.9840937269160688,0.99204686345803506,2.5651866264821495,9.5415969232228122,18.819345632512761]
[44,43,6.1357659631356043,1.4313486718365411,4.1981897376987956,1.6408994139507338,5.0937432103222875,15.249176443059591,33.749123440003551]
[45,43,0,0,0,0,0,0,0]
[46,43,0,0,0,0,0,0,0]
[47,43,0,0,0,0,0,0,0]
[48,43,0.19126749938121251,3.2949374787037494E-2,0.10286649958211494,5.1433249791057498E-2,0.23788000093225001,0.36003600360036003,0.97643262807403242]
[49,43,0,0,0,0,0,0,0]
[50,43,0,0,0,0,0,0,0]
[1,44,0,0,0,0,0,0,0]
[2,44,0,0,0,0,0,0,0]
[3,44,0,0,0,0,0,0,0]
[4,44,0,0,0,0,0,0,0]
[5,44,0,0,0,0,0,0,0]
[6,44,0.43472909478033483,0.15488656691467823,0.41303084510580851,0.20651542255290428,0.60508076787569531,5.3773978375568294,7.1916405347862504]
[7,44,0,0,0,0,0,0,0]
[8,44,0,0,0,0,0,0,0]
[9,44,0,0,0,0,0,0,0]
[10,44,0,0,0,0,0,0,0]
[11,44,0,0,0,0,0,0,0]
[12,44,0,0,0,0,0,0,0]
[13,44,8.8029762850348522E-3,2.200744071258713E-3,8.8029762850348522E-3,1.5761454376693563E-4,8.8029762850348522E-3,3.5211905140139409E-2,6.3979192610269617E-2]
[14,44,0.86128473458190724,0.21532118364547681,0.86128473458190724,1.5421034443240703E-2,0.86128473458190724,3.445138938327629,6.2597353601620682]
[15,44,0.45624506510082535,0.12546897132385335,0.41284856575177276,9.3231231542515697E-2,0.47294488572937843,2.6218726660309226,4.1826113854792686]
[16,44,0.34275270015306841,0.12853226255740066,0.34275270015306841,0.17137635007653421,0.51412905022960265,4.7985378021429579,6.2980808653126328]
[17,44,0.34555292305438967,0.12955252448354715,0.34555292305438967,0.17277646152719484,0.5182100979341886,4.8353551898135381,6.3470001198672481]
[18,44,0.37591101853152153,0.10154348395958591,0.3092082684069502,0.15460413420347513,0.52672193740546114,2.9511304301313599,4.419119272638353]
[19,44,3.4882302194999508,0.72319157460456462,2.049713736577246,1.0248568682886239,2.5938213164037842,2.2880065427095273,12.167820258083694]
[20,44,4.5535874975965722,1.1149456800834856,3.1801657636974463,1.590082881848724,4.2042342376685209,16.756204528873475,31.399220589768227]
[21,44,3.8977736273722607,0.89009621117757498,2.4809553941240825,1.2404776970620421,3.2759053624788432,9.1455449417254542,20.930753233940255]
[22,44,9.0009000900090008E-2,1.1251125112511251E-2,4.5004500450045004E-2,2.2502250225022502E-2,0.18001800180018002,0.36003600360036003,0.70882088208820881]
[23,44,0,0,0,0,0,0,0]
[24,44,0,0,0,0,0,0,0]
[25,44,0.10125849848112252,2.1698249674526243E-2,5.7861999132069936E-2,2.8930999566034999E-2,5.7861999132069998E-2,0,0.26761174598582371]
[26,44,0.29189069342050344,6.1721548242614617E-2,0.24688619297045847,3.6372022231720785E-2,0.38189969432059345,1.1675627736820138,2.1863329248679046]
[27,44,0.14745915688575348,5.3169624283748891E-2,0.14745915688575348,7.3729578442876739E-2,0.21267849713499556,1.894223432527856,2.5287194461609843]
[28,44,0.42320269683208994,0.13619876108701123,0.37819819638204494,0.18909909819102247,0.67980854569817994,5.0247477466483588,6.8312550448387075]
[29,44,0.32585502613058903,0.12219563479897087,0.32585502613058903,0.16292751306529452,0.48878253919588349,4.5619703658282456,5.9875861051495729]
[30,44,0.72553490796013187,0.22305893723229209,0.72553490796013187,0.17372186403147433,0.89223574892916835,6.2361564512212571,8.9762428173344553]
[31,44,0.44882151143041521,0.15973437808093471,0.42712326175588888,0.21356163087794447,0.62447201254072138,5.5397440644560643,7.4134568591419692]
[32,44,1.5646122107749278,0.39346275202851,2.3514338278626838,1.4162208178275819,1.3815676068698304,4.1100959573355649,11.217393172699099]
[33,44,1.5230758767875887,0.41643227682282741,1.1308993815451229,0.56544969077256169,1.5692946121131648,8.919666140112561,14.124817978153827]
[34,44,3.1794529701934708,0.75608730506745048,5.2158409960790753,3.1883408165036449,2.5837664064588068,3.9301150865443883,18.853603580846833]
[35,44,4.0624294296192716,0.93885948299347954,5.4149481732451719,3.2308428953130313,3.0681311324932188,3.8937821053243988,20.608993218988573]
[36,44,5.7270427206367769,1.3656158320853802,8.2119981683407346,4.9341753185548534,4.4124871040347111,7.5113402715395843,32.162659415192039]
[37,44,6.5986800133624426,1.5126039652576924,4.267319291582174,2.1336596457910888,5.4862743897449189,15.33308714327509,35.331624449013411]
[38,44,4.6585413092003893,1.1916471083733748,4.1128690651352473,0.80639999700705922,4.7328399407504023,21.380185758892097,36.882483179358566]
[39,44,1.0308705761841523,0.25771764404603809,1.0308705761841523,2.3789759601084259E-2,1.0308705761841523,4.1234823047366094,7.4976014369361881]
[40,44,0.22612689855881882,5.6531724639704704E-2,0.22612689855881882,1.3879826253222644E-2,0.22612689855881882,0.90450759423527527,1.6532998408046591]
[41,44,0.22018930912333198,7.0453202716698402E-2,0.22018930912333198,0.11009465456166599,0.28181281086679361,2.1132272713625611,3.0159665577543828]
[42,44,1.1846245907540773,0.37215325478783889,1.0311288419314009,0.51556442096570043,1.5512990215864031,11.429046944302428,16.083817074327847]
[43,44,0.65143291979776596,0.19350257455892994,0.54133367032414204,0.27066683516207107,0.86562730023680223,5.7837832595548315,8.3063465596345427]
[44,44,1.6302775575674135,0.48042244832910669,1.4333853093956845,0.53909647891455093,1.9554447961854393,12.844410960326339,18.883037550718534]
[45,44,0,0,0,0,0,0,0]
[46,44,0,0,0,0,0,0,0]
[47,44,0,0,0,0,0,0,0]
[48,44,0,0,0,0,0,0,0]
[49,44,0,0,0,0,0,0,0]
[50,44,0,0,0,0,0,0,0]
[1,45,0,0,0,0,0,0,0]
[2,45,0,0,0,0,0,0,0]
[3,45,0,0,0,0,0,0,0]
[4,45,0,0,0,0,0,0,0]
[5,45,3.4922052804966393E-3,1.3095769801862397E-3,3.4922052804966393E-3,1.7461026402483197E-3,5.2383079207449588E-3,4.8890873926952953E-2,6.4169272029125757E-2]
[6,45,0.40912474943253663,0.14528493740925391,0.3874264997580103,0.19371324987900518,0.56667424985399806,5.0189370026876556,6.7211606890204596]
[7,45,0,0,0,0,0,0,0]
[8,45,0,0,0,0,0,0,0]
[9,45,0,0,0,0,0,0,0]
[10,45,0,0,0,0,0,0,0]
[11,45,0,0,0,0,0,0,0]
[12,45,0.70265285043061332,0.17566321260765333,0.70265285043061332,1.2580780052245649E-2,0.70265285043061332,2.8106114017224533,5.1068139456741921]
[13,45,0.77838953693354951,0.19459738423338738,0.77838953693354951,1.3936821793477315E-2,0.77838953693354951,3.113558147734198,5.6572609645617113]
[14,45,0.45566324316505136,9.7642123535368094E-2,0.26037899609431475,0.13018949804715749,0.26037899609431497,0,1.2042528569362065]
[15,45,0,0,0,0,0,0,0]
[16,45,0,0,0,0,0,0,0]
[17,45,0,0,0,0,0,0,0]
[18,45,0.33448348432499014,9.7604353099781618E-2,0.28947898387494514,0.14473949193747257,0.52543091374926143,3.356702507783587,4.7484397347700389]
[19,45,2.9472858383183187,0.81149719863858882,2.2714240962060184,1.1357120481030096,3.1254473031131531,18.001108519429934,28.292475003809024]
[20,45,6.3521310556491519,1.3541727657325189,4.9389588548159953,2.6827528703888817,4.6826726480123941,4.2176791862994714,24.228367380898412]
[21,45,9.5008922335122232,1.9643608742282062,5.4706360327149337,2.7353180163574695,6.8207710462162892,4.5882644352784583,31.080242638307585]
[22,45,0.55946186580632928,0.1231897789204395,0.44936261633270547,8.71325993813791E-2,0.58437611768284059,1.6302964723385822,3.4338194504622761]
[23,45,3.1492322385663261E-2,7.8730805964158154E-3,3.1492322385663261E-2,2.163600502836201E-3,3.1492322385663261E-2,0.12596928954265305,0.23048293779889484]
[24,45,0,0,0,0,0,0,0]
[25,45,9.1122721702279405E-2,2.6034177010407427E-2,6.942447202775312E-2,3.4712236013876574E-2,8.9671208258612217E-2,0.56690861446405405,0.87787342947698277]
[26,45,0.51122212533341405,0.16840266845569571,0.46782562598436139,0.20964994202342668,0.64467967425674788,5.1769354728568908,7.1787155089105363]
[27,45,0.2828651474002537,0.10607443027509514,0.2828651474002537,0.14143257370012685,0.42429772110038055,3.9601120636035518,5.1976470834796622]
[28,45,0,0,0,0,0,0,0]
[29,45,0,0,0,0,0,0,0]
[30,45,0,0,0,0,0,0,0]
[31,45,0,0,0,0,0,0,0]
[32,45,0.8888075655515657,0.22220189138789143,1.7776151311031314,1.1110094569394571,0.66660567416367433,0.8888075655515657,5.5550472846972854]
[33,45,0.78582939614489766,0.19321746964876529,0.56723889829864238,0.2836194491493213,0.79215938168105626,3.3213212495272035,5.943385844449887]
[34,45,3.8648395246027532,0.99642677099534538,5.5935873492794217,3.3328513173133736,3.5026939472627259,12.376267604920372,29.666666514374]
[35,45,5.5078094325481342,1.2162238594228481,5.2641034895355716,2.9633017542571118,4.1479074474894873,5.0951498107369497,24.194495793990104]
[36,45,4.0578099060456996,0.91962272737131467,4.5393641797900601,2.6295554053014061,3.0100246054584536,3.8120799608164901,18.968456784783424]
[37,45,3.1543574252669382,0.8801270286780507,3.335147540228832,1.8274911101966489,3.3847042810189429,18.837961441742873,31.419788827132283]
[38,45,1.4690748960713294,0.45287248316729584,1.299094585888168,0.65627527744122593,1.8385169510410539,13.138920517353107,18.854754710962183]
[39,45,0.87697437167505032,0.28885114214841212,0.78857337187595267,0.39428668593797639,1.2614870703777483,9.8608674358089221,13.471040077824062]
[40,45,1.9732736600652805,0.52374635598866426,1.4926961650237174,0.74634808251185891,2.1046334305606123,11.085993951673206,17.926691645823336]
[41,45,2.9583163545153237,0.80744466296007811,2.8916136043907525,0.39952546618272311,3.3503266534074303,18.104739374429908,28.511966115886214]
[42,45,0.14233672085188137,3.5584180212970343E-2,0.14233672085188137,9.7788850576286442E-3,0.14233672085188137,0.56934688340752548,1.0417201112337686]
[43,45,9.2884052003869927E-2,2.141282552809029E-2,7.1185802329343642E-2,3.5592901164671835E-2,7.118580232934367E-2,0.1690192110532347,0.46128059440855407]
[44,45,1.0278802661520334,0.28369281407314478,0.91778101667840939,0.26963886376072893,1.2263882582936618,6.9758448790237422,10.701226097981721]
[45,45,0.47197344778419409,0.16885319929112547,0.45027519810966776,0.22513759905483391,0.66094729738148428,5.8988187796108598,7.8760055212321651]
[46,45,0,0,0,0,0,0,0]
[47,45,0,0,0,0,0,0,0]
[48,45,0,0,0,0,0,0,0]
[49,45,0,0,0,0,0,0,0]
[50,45,0,0,0,0,0,0,0]
[1,46,0.37192402975287231,0.13133466752937975,0.35022578007834598,0.17511289003917302,0.51087317033450153,4.4981269271723541,6.0375974649066269]
[2,46,0,0,0,0,0,0,0]
[3,46,0,0,0,0,0,0,0]
[4,46,5.062924924056126E-2,1.0849124837263122E-2,2.8930999566034968E-2,1.44654997830175E-2,2.8930999566034999E-2,0,0.13380587299291186]
[5,46,0.45171042016627355,0.14688915733733007,0.40670591971622855,0.20335295985811427,0.7225701306994553,5.4238558733269295,7.3550844611043313]
[6,46,0,0,0,0,0,0,0]
[7,46,0,0,0,0,0,0,0]
[8,46,7.2278596018830632E-2,1.8069649004707658E-2,7.2278596018830632E-2,1.2941257100725606E-3,7.2278596018830632E-2,0.28911438407532253,0.5253139468465946]
[9,46,0.25201524406047265,6.1195623542240972E-2,0.23031699438594638,1.8071253185824167E-2,0.23031699438594641,0.80554397927964561,1.5974600888400761]
[10,46,0.72785563822156318,0.1819639095553908,0.72785563822156318,1.3032028104120836E-2,0.72785563822156318,2.9114225528862527,5.2899854052104534]
[11,46,0.72622831166119417,0.18155707791529854,0.72622831166119417,1.3002891329799588E-2,0.72622831166119417,2.9049132466447767,5.2781581508734572]
[12,46,2.4271641802997256E-2,6.0679104507493139E-3,2.4271641802997256E-2,4.3457617348775459E-4,2.4271641802997256E-2,9.7086567211989022E-2,0.17640397924521786]
[13,46,0,0,0,0,0,0,0]
[14,46,0,0,0,0,0,0,0]
[15,46,0,0,0,0,0,0,0]
[16,46,0,0,0,0,0,0,0]
[17,46,3.2540887742494425E-2,8.1352219356236061E-3,3.2540887742494425E-2,1.6270443871247212E-2,3.2540887742494425E-2,0.1301635509699777,0.25219188000433179]
[18,46,0.90509385876699211,0.25952598407916672,0.72989986026978937,0.36494993013489474,1.086324438968697,6.8334950002699504,10.179289072489491]
[19,46,3.2480894227218475,0.81100039897865472,2.2250556858171269,1.1125278429085641,2.8920121079451371,12.222715210065632,22.511400668436963]
[20,46,1.8363137919077126,0.43217292540829966,1.2038485491444653,0.60192427457223285,1.6370812097580314,5.5464434018406337,11.257784152631375]
[21,46,1.7719226276464393,0.47149902091937274,1.4882373807766052,0.44860067007798909,1.8618890874144336,9.6327676497549284,15.674916436589768]
[22,46,1.8440795183165608,0.45740350463338586,1.8006830189675083,6.0135666148605549E-2,1.8006830189675083,6.9712840793417534,12.934268806375323]
[23,46,0.47353792819589979,0.13571990963521158,0.47353792819589979,8.5926783078225877E-2,0.54287963854084631,3.2809859196825291,4.9925881073286131]
[24,46,0.35583727132556658,0.13343897674708746,0.35583727132556658,0.17791863566278329,0.53375590698834985,4.9817217985579321,6.5385098606072862]
[25,46,0.60560410901157224,0.17933215775576147,0.56059960856152724,0.19311858929026834,0.85234213237318091,5.5569968852766607,7.9479934822689708]
[26,46,0,0,0,0,0,0,0]
[27,46,0.10511348137413591,2.6278370343533978E-2,0.21010367808185554,0.13129938821785767,7.8865932197206015E-2,0.10548333537338475,0.65714418558797383]
[28,46,0.27239056738434964,5.6846516733576151E-2,0.2273860669343046,3.5032315303139397E-2,0.36239956828443964,1.0895622695373985,2.0436173041772077]
[29,46,0.17300412960051328,4.3251032400128321E-2,0.17300412960051328,1.1885811951639794E-2,0.17300412960051328,0.69201651840205314,1.266165751555361]
[30,46,2.377412502964555E-2,5.9435312574113875E-3,2.377412502964555E-2,1.1887062514822775E-2,2.377412502964555E-2,9.50965001185822E-2,0.184249468979753]
[31,46,0.85660994825520043,0.20109317447841168,1.4412740725454536,0.88347875487643279,0.76207898087705794,1.269822172814083,5.4143571038466396]
[32,46,1.4425350812676052,0.34034170784000412,2.380687647361257,1.4632559024097105,1.151140755065982,1.4826103955102119,8.2605714894547688]
[33,46,0.96223572652568179,0.2293078065189092,1.7803235860694824,1.1059348830332025,0.83647163742731045,1.2596658261211906,6.1739394656957769]
[34,46,3.0721234227126208,0.77872133773542029,2.961399427879114,1.6274087131778874,2.8331693604791321,11.563268306875589,22.836090568859763]
[35,46,4.6220110656706082,1.1605900019858133,5.1550028958608705,2.9231113403551294,4.060484625813217,14.522714447418375,32.443914377104008]
[36,46,1.8858029014396003,0.51664534535439999,1.4920184050961423,0.74600920254807135,2.1340913871556255,12.148893235471224,18.923460477065063]
[37,46,2.0197396333698334,0.50300786848450452,3.7873718553093636,2.3468451082520758,1.6938857946907593,3.3869751866752043,13.737825446781741]
[38,46,3.3543237551341418,0.80743975146937508,3.0706385082643077,0.26625391394276715,3.2056520096144432,11.189608053951872,21.893915992376908]
[39,46,0.12400587335498023,2.9193280865867862E-2,0.10230762368045393,1.5779285343545824E-2,0.10230762368045396,0.29350649645767585,0.66710018338297761]
[40,46,2.4434124838256581,0.60542855853778299,2.3783177348020796,9.4500765177814805E-2,2.3783177348020796,9.1660989444158982,17.06607622156131]
[41,46,0.91157036017357085,0.22608440257051554,0.88987211049904458,3.1211793098399623E-2,0.88987211049904458,3.4437644437320385,6.3923752205726139]
[42,46,0.25127201570512026,6.2818003926280064E-2,0.25127201570512026,1.7263009468484272E-2,0.25127201570512026,1.005088062820481,1.8389851233306063]
[43,46,0,0,0,0,0,0,0]
[44,46,2.5727737044451467E-2,6.4319342611128668E-3,2.5727737044451467E-2,1.2863868522225734E-2,2.5727737044451467E-2,0.10291094817780587,0.19938996209449888]
[45,46,1.0030733726684953,0.32923973364182119,0.89297412319487135,0.44648706159743573,1.4085759365683674,11.01650874025446,15.096858967925451]
[46,46,0,0,0,0,0,0,0]
[47,46,0,0,0,0,0,0,0]
[48,46,0,0,0,0,0,0,0]
[49,46,0,0,0,0,0,0,0]
[50,46,0,0,0,0,0,0,0]
[1,47,0.20381511775296601,7.6430669157362269E-2,0.20381511775296601,0.10190755887648301,0.30572267662944907,2.8534116485415244,3.7451027887107506]
[2,47,0.28051956756219049,9.705799420787406E-2,0.25882131788766416,0.12941065894383211,0.37376647704847876,3.2184644565028089,4.3580404721528483]
[3,47,0,0,0,0,0,0,0]
[4,47,0,0,0,0,0,0,0]
[5,47,0.35246361654745206,0.13217385620529451,0.35246361654745206,0.17623180827372603,0.52869542482117804,4.9344906316643291,6.4765189540594319]
[6,47,0,0,0,0,0,0,0]
[7,47,0,0,0,0,0,0,0]
[8,47,0.11602218759381278,2.9005546898453194E-2,0.11602218759381278,2.077341068784694E-3,0.11602218759381278,0.4640887503752511,0.84323820112392722]
[9,47,0.49594667222222466,0.12398666805555617,0.49594667222222466,8.8797704258187053E-3,0.49594667222222466,1.9837866888888986,3.6044931440369474]
[10,47,0,0,0,0,0,0,0]
[11,47,0,0,0,0,0,0,0]
[12,47,0,0,0,0,0,0,0]
[13,47,0,0,0,0,0,0,0]
[14,47,0,0,0,0,0,0,0]
[15,47,5.062924924056126E-2,1.0849124837263122E-2,2.8930999566034968E-2,1.44654997830175E-2,2.8930999566034999E-2,0,0.13380587299291186]
[16,47,0.64031241427428642,0.19755283197502047,0.55191141447518877,0.27595570723759444,0.89629382968418192,6.3435939403498161,8.9056201379960864]
[17,47,1.1466146972101319,0.37475438514766857,1.0365154477365082,0.51825772386825408,1.590634542591757,12.36101966805607,17.027796464610393]
[18,47,0.92220282878855875,0.30135349919473065,0.83380182898946109,0.4169009144947306,1.3114964985630224,10.137400685698271,13.923156255728774]
[19,47,0.59038924353391065,0.17140567807524404,0.48028999406028683,0.24014499703014344,0.77723971430205863,4.9927303610816418,7.2521999880832855]
[20,47,0.76912359161280552,0.21597029149096464,0.6590243421391816,0.24139541531230069,0.95549816796494114,5.6981498650769771,8.5391616735971709]
[21,47,0.33362158971245587,0.12510809614217094,0.33362158971245587,0.16681079485622793,0.50043238456868377,4.6707022559743825,6.1302967109663768]
[22,47,0.98247230856440915,0.32939560316843763,0.91576955843983787,0.42551721356397776,1.438130414240868,11.474319326313294,15.565604424290825]
[23,47,0.58057742352583486,0.17505473522142048,0.58057742352583486,0.12635427846747238,0.70021894088568193,4.7151400413002813,6.8779228429265249]
[24,47,0,0,0,0,0,0,0]
[25,47,0.13949192296370133,3.4872980740925333E-2,0.13949192296370133,9.5834404008022026E-3,0.13949192296370133,0.55796769185480533,1.0208998818876369]
[26,47,4.1086286406211835E-2,1.0271571601552959E-2,4.1086286406211835E-2,2.0543143203105917E-2,4.1086286406211835E-2,0.16434514562484734,0.31841871964814172]
[27,47,0.33107356201425298,6.7900890445297596E-2,0.24267256221515537,6.1038272364753121E-2,0.37768606356529044,0.91926025413252177,1.9996316047372711]
[28,47,0,0,0,0,0,0,0]
[29,47,0,0,0,0,0,0,0]
[30,47,0,0,0,0,0,0,0]
[31,47,0.24337091317092707,4.5975228234466127E-2,0.15496991337182947,7.7484956685914763E-2,0.28998341472196454,0.56844965875921816,1.38023408494432]
[32,47,0.862767216687507,0.20263249158648833,0.79606446656293572,5.1882909013805309E-2,0.93107796791307074,3.2485518697877831,6.0929769215515908]
[33,47,0,0,0,0,0,0,0]
[34,47,0,0,0,0,0,0,0]
[35,47,1.4771985818066691,0.43380509441711013,1.1718150852623084,0.58590754263115441,1.6966478816223656,11.274976263878173,16.640350449617781]
[36,47,5.062924924056126E-2,1.0849124837263122E-2,2.8930999566034968E-2,1.44654997830175E-2,2.8930999566034999E-2,0,0.13380587299291186]
[37,47,5.8632318298701911,1.3231613334821342,7.245953389549479,4.3065879557507127,4.3679510900701608,4.3136743518078671,27.420559950530553]
[38,47,3.5467708045335993,0.73681332725647752,2.1082543216108944,1.0541271608054479,2.6483083270114358,2.441097394324184,12.53537133554204]
[39,47,0.11057997003323902,1.6393867395798505E-2,6.5575469583194018E-2,3.2787734791597009E-2,0.20058897093332903,0.44231988013295609,0.86824589287011367]
[40,47,1.5667583264957052,0.37501389409278346,1.4566590770220813,9.9896262323336954E-2,1.5916725783722165,5.6594823150960858,10.749482453402209]
[41,47,0.17650748806057601,4.4126872015144002E-2,0.17650748806057601,1.2126501349931294E-2,0.17650748806057601,0.70602995224230403,1.2918057897891075]
[42,47,6.5585110048833981E-2,1.6396277512208495E-2,6.5585110048833981E-2,4.5058594073336461E-3,6.5585110048833981E-2,0.26234044019533592,0.47999790726137997]
[43,47,0.28429147416373285,7.1072868540933212E-2,0.28429147416373285,1.953152799974878E-2,0.28429147416373285,1.1371658966549314,2.080644715686812]
[44,47,3.786691864177992E-2,9.4667296604449801E-3,3.786691864177992E-2,1.893345932088996E-2,3.786691864177992E-2,0.15146767456711968,0.29346861947379438]
[45,47,0.64031207185559924,0.19418440068466225,0.59530757140555424,0.21681008021714931,0.91175110408878401,6.1898489140842905,8.7482141423360407]
[46,47,0.61500006178282485,0.2140632132078539,0.57160356243377219,0.28480764834187444,0.82732185326538066,7.1693320698389753,9.68212840887068]
[47,47,0,0,0,0,0,0,0]
[48,47,0,0,0,0,0,0,0]
[49,47,0,0,0,0,0,0,0]
[50,47,8.1647773988640648E-2,3.0617915245740243E-2,8.1647773988640648E-2,4.0823886994320324E-2,0.12247166098296097,1.1430688358409691,1.5002778470412719]
[1,48,0,0,0,0,0,0,0]
[2,48,0.51065915861918243,0.15272124700127618,0.42225815882008477,0.21112907941004244,0.71696748978920477,4.8315192329319379,6.8452543665717283]
[3,48,0.15969978835221518,5.1750577004133345E-2,0.13800153867768888,6.900076933884447E-2,0.1925368082335159,1.5269875475631551,2.1379770291695528]
[4,48,0,0,0,0,0,0,0]
[5,48,0.52790202883538695,0.16732416696030022,0.46119927871081562,0.23059963935540784,0.78984466940831843,5.7817289053266592,7.9585986885968882]
[6,48,0,0,0,0,0,0,0]
[7,48,0,0,0,0,0,0,0]
[8,48,5.062924924056126E-2,1.0849124837263122E-2,2.8930999566034968E-2,1.44654997830175E-2,2.8930999566034999E-2,0,0.13380587299291186]
[9,48,5.062924924056126E-2,1.0849124837263122E-2,2.8930999566034968E-2,1.44654997830175E-2,2.8930999566034999E-2,0,0.13380587299291186]
[10,48,0,0,0,0,0,0,0]
[11,48,0.19126749938121251,3.2949374787037494E-2,0.10286649958211494,5.1433249791057498E-2,0.23788000093225001,0.36003600360036003,0.97643262807403242]
[12,48,5.062924924056126E-2,1.0849124837263122E-2,2.8930999566034968E-2,1.44654997830175E-2,2.8930999566034999E-2,0,0.13380587299291186]
[13,48,0.19751690724902299,6.5931996590436276E-2,0.17581865757449672,8.7909328787248373E-2,0.2492624865787276,2.0564272121184644,2.8328665888983959]
[14,48,0.46542928962962893,0.14389688975814102,0.3987265395050576,0.19936326975252883,0.69613556059968151,4.9071105564460478,6.8106621056910859]
[15,48,2.3727678905489169,0.6883779785756976,2.6241237921418072,1.4512467456052165,2.5757545687224024,15.641479862277446,25.353750837871488]
[16,48,1.0887500043750602,0.31478949298277653,1.0220472542504888,0.29415803714788469,1.3797059734982235,8.6053873784899935,12.704838140744428]
[17,48,0.1814578290463113,4.5364457261577826E-2,0.1814578290463113,1.2466602029544032E-2,0.1814578290463113,0.72583131618524521,1.328035862615301]
[18,48,0.24254477473681346,6.0636193684203366E-2,0.24254477473681346,1.6663426410869018E-2,0.24254477473681346,0.97017909894725385,1.7751130432527666]
[19,48,0.12379007228102164,3.0947518070255409E-2,0.12379007228102164,8.5046843911161518E-3,0.12379007228102164,0.49516028912408655,0.90598270842852302]
[20,48,6.9938156378717684E-2,1.7484539094679421E-2,6.9938156378717684E-2,4.8049244655680714E-3,6.9938156378717684E-2,0.27975262551487073,0.5118565582112713]
[21,48,0,0,0,0,0,0,0]
[22,48,9.4724944282687684E-2,3.5521854106007882E-2,9.4724944282687684E-2,4.7362472141343842E-2,0.14208741642403153,1.3261492199576277,1.7405708511943865]
[23,48,0.35936877140604784,0.13476328927726794,0.35936877140604784,0.17968438570302392,0.53905315710907176,5.0311627996846697,6.6034011745861285]
[24,48,0.10739752929893254,2.6849382324733134E-2,0.10739752929893254,7.3784761107462613E-3,0.10739752929893254,0.42959011719573015,0.78601056352800713]
[25,48,0.21573313152559598,5.3933282881398995E-2,0.21573313152559598,1.4821400153698996E-2,0.21573313152559598,0.86293252610238391,1.5788866037142699]
[26,48,0,0,0,0,0,0,0]
[27,48,0,0,0,0,0,0,0]
[28,48,0,0,0,0,0,0,0]
[29,48,0,0,0,0,0,0,0]
[30,48,0,0,0,0,0,0,0]
[31,48,0.56227516598495597,0.1279114791860986,0.41038741826327185,0.11553971097932876,0.41038741826327207,0.83148168520410837,2.4579828778810353]
[32,48,0,0,0,0,0,0,0]
[33,48,0,0,0,0,0,0,0]
[34,48,0,0,0,0,0,0,0]
[35,48,0.99897746435530377,0.31956692439642703,0.86717996520715368,0.4335899826035769,1.3554191998037732,10.250356534501924,14.225090070868157]
[36,48,0,0,0,0,0,0,0]
[37,48,0.43179874353284936,0.10794968588321234,0.84784386495347008,0.5279332128318901,0.32778746317769414,0.47905960986953544,2.7223725802486514]
[38,48,1.6737238448350988,0.39271433631324593,2.5943443890322575,1.5819749550269826,1.3053440878281255,1.6571262775121933,9.2052278905479028]
[39,48,0.33980618889999537,7.370042211248759E-2,0.29480168844995036,3.9663935379424038E-2,0.42981518980008537,1.3592247555999815,2.5370121802419243]
[40,48,0,0,0,0,0,0,0]
[41,48,0.23684370771290497,5.9210926928226243E-2,0.23684370771290497,1.6271748994114047E-2,0.23684370771290497,0.94737483085161989,1.7333886299126751]
[42,48,3.0982999414525883E-2,7.7457498536314708E-3,3.0982999414525883E-2,1.5491499707262942E-2,3.0982999414525883E-2,0.12393199765810353,0.2401182454625756]
[43,48,0.4788380300120505,0.10845838239050137,0.43383352956200549,4.9215767018148379E-2,0.56884703091214051,1.915352120048202,3.5545448599430478]
[44,48,0.18388800571080818,4.5972001427702046E-2,0.18388800571080818,1.2633561181965255E-2,0.18388800571080818,0.73555202284323273,1.3458216025853247]
[45,48,1.2406868816380067E-2,3.1017172040950169E-3,1.2406868816380067E-2,6.2034344081900337E-3,1.2406868816380067E-2,4.962747526552027E-2,9.6153233326945531E-2]
[46,48,0.84410483451396101,0.29403706271771285,0.79910033406391601,0.399550167031958,1.3111617522209864,10.917377674194553,14.565331824743087]
[47,48,0,0,0,0,0,0,0]
[48,48,0,0,0,0,0,0,0]
[49,48,0,0,0,0,0,0,0]
[50,48,0.42726804958527737,0.16022551859447901,0.42726804958527737,0.21363402479263868,0.64090207437791602,5.981752694193883,7.8510504111294717]
[1,49,0,0,0,0,0,0,0]
[2,49,0.70862883004947697,0.17534902003949204,1.3449301611838664,0.83696497579416218,0.52243068517272184,0.65799958080891574,4.2463032530486355]
[3,49,2.900714925520766,0.66608700694852419,1.8125864395924669,0.90629321979623412,2.2689620404755622,6.0140498054762723,14.568693437809827]
[4,49,1.8075436562326577,0.46078106417403525,1.2618714121675154,0.63093570608375815,1.8093757639530441,8.5268646704286386,14.497372273039648]
[5,49,1.7009189797895263,0.41161229379580555,2.7598904185506896,1.6884865685899362,1.3861283185206603,2.5647015294654061,10.511738108712024]
[6,49,2.23537165958414,0.54195044797669523,3.599723563989826,2.2010219449765303,1.7714656322281415,3.1554993458222551,13.505032594577587]
[7,49,0.72639565102776005,0.20692634390601189,0.62524708729789014,0.32028577750351517,0.89719464398754256,5.5084723022545719,8.2845218059772918]
[8,49,0.78504843792504375,0.2149330086012374,0.58815618975331463,0.29407809487665743,0.89348703727396228,5.1289216963747082,7.9046244648049235]
[9,49,0.57421436426749661,0.16823614926931979,0.46411511479387269,0.23205755739693637,0.76456159907836174,4.9979661248703309,7.2011509096763184]
[10,49,0.42530444075811297,0.13590645117014821,0.38029994030806796,0.19014997015403398,0.67863930603072786,4.9677350504829505,6.778035158904042]
[11,49,0.51501727896416072,0.15435554213064309,0.42661627916506317,0.21330813958253161,0.72350467030667243,4.8925329177616357,6.9253348279107065]
[12,49,0.41461247851282207,0.13297742921728578,0.36960797806277707,0.18480398903138853,0.66692321821927814,4.9044846901786086,6.6734097832221604]
[13,49,0.31970427901886878,9.3128124989695166E-2,0.27469977856882377,0.13734988928441189,0.50752600130891568,3.2350715438746134,4.5674796170453282]
[14,49,0.55069746441224787,0.15068089983747007,0.46229646461315022,0.23114823230657516,0.70880610113398035,4.0276785671384001,6.131307729441823]
[15,49,4.0290552390040535,0.93985243031632526,2.9570470761036871,1.5376032435456395,3.4881780324551368,10.605890216451613,23.557626237876455]
[16,49,1.6865805853286016,0.40496945880100754,1.5764813358549776,9.1765362914509707E-2,1.7114948372051129,6.1387713504276711,11.610062930531882]
[17,49,0,0,0,0,0,0,0]
[18,49,0.11090181145768113,2.7725452864420283E-2,0.11090181145768113,7.6192289694239695E-3,0.11090181145768113,0.44360724583072453,0.81165736203761218]
[19,49,0.46312273916843666,0.11035612237347758,0.39802799014485779,6.4779113681140379E-2,0.39802799014485785,1.2449399657870115,2.6792539212997819]
[20,49,0,0,0,0,0,0,0]
[21,49,0,0,0,0,0,0,0]
[22,49,0,0,0,0,0,0,0]
[23,49,0.4346784464160543,0.10772513343740234,0.30288094726790415,0.15144047363395213,0.50805203596767445,2.3317975448079391,3.8365745815309262]
[24,49,0.46573524248794745,0.14118253659601765,0.42073074203790245,0.17252874636838642,0.69974364773420561,4.742929056875151,6.6428499720996106]
[25,49,0,0,0,0,0,0,0]
[26,49,0,0,0,0,0,0,0]
[27,49,0,0,0,0,0,0,0]
[28,49,0,0,0,0,0,0,0]
[29,49,0.16218918986600836,4.054729746650209E-2,0.16218918986600836,1.1142798820973684E-2,0.16218918986600836,0.64875675946403344,1.1870144253495343]
[30,49,0.28962915166616454,7.2407287916541135E-2,0.28962915166616454,1.9898239656857185E-2,0.28962915166616454,1.1585166066646582,2.1197095892365501]
[31,49,0.10616114034404459,2.4732097613133955E-2,8.4462890669518287E-2,1.8280678163435669E-2,8.4462890669518328E-2,0.2221275644139333,0.54022726187358416]
[32,49,0,0,0,0,0,0,0]
[33,49,0,0,0,0,0,0,0]
[34,49,0.525428679582983,0.15933955086933688,0.43863568088487787,0.21931784044243899,0.5794962043452776,4.1088571996909442,6.0310751558158575]
[35,49,1.843614051221202,0.53052667730782332,1.4297393063042101,0.71486965315210527,2.0112067142701311,12.860745388842348,19.390701791097822]
[36,49,0,0,0,0,0,0,0]
[37,49,0.21396153937759807,5.3490384844399518E-2,0.21396153937759807,1.4699687387797237E-2,0.21396153937759807,0.85584615751039228,1.5659208478753832]
[38,49,0.39993955967463202,9.9984889918658004E-2,0.79287817610700573,0.49467374216159632,0.30170490556653862,0.42094238940140721,2.5101236628298378]
[39,49,0.39820272390544192,8.6491368390972032E-2,0.33149997378087059,5.4663066921343782E-2,0.46651347513100566,1.3902938986595226,2.7276645067891563]
[40,49,9.968692265089181E-2,2.4921730662722952E-2,9.968692265089181E-2,6.8487383474726384E-3,9.968692265089181E-2,0.39874769060356724,0.72957892756643816]
[41,49,9.2142567226089239E-2,2.303564180652231E-2,9.2142567226089239E-2,6.3304224547676667E-3,9.2142567226089239E-2,0.36857026890435696,0.67436403484391483]
[42,49,0.12533281822620176,3.1333204556550441E-2,0.12533281822620176,8.6106748564068226E-3,0.12533281822620176,0.50133127290480706,0.91727360699636962]
[43,49,9.1939807420829689E-2,2.2984951855207422E-2,9.1939807420829689E-2,6.3164923542421408E-3,9.1939807420829689E-2,0.36775922968331876,0.67288009615525735]
[44,49,9.3947349414249273E-2,2.3486837353562318E-2,9.3947349414249273E-2,6.4544154585859728E-3,9.3947349414249273E-2,0.37578939765699709,0.68757269871189319]
[45,49,0.21967719512600423,5.4919298781501057E-2,0.21967719512600423,1.5092367086037591E-2,0.21967719512600423,0.87870878050401691,1.6077520317495684]
[46,49,0.19489930432492347,5.2438913348154821E-2,0.15150280497587088,7.5751402487935465E-2,0.1808246538265843,0.96100020038947098,1.6164172793529401]
[47,49,0.80845776067508301,0.27663592578446788,0.76345326022503801,0.36780957595288771,1.2415572044880065,10.095639900957,13.553553628082483]
[48,49,0,0,0,0,0,0,0]
[49,49,0.3785028129309056,0.1419385548490896,0.3785028129309056,0.1892514064654528,0.56775421939635839,5.2990393810326779,6.9549891876053902]
[50,49,9.1603464494211834E-2,3.4351299185329434E-2,9.1603464494211834E-2,4.5801732247105917E-2,0.13740519674131774,1.2824485029189656,1.6832136600811425]
[1,50,0.32814469077805614,0.12305425904177106,0.32814469077805614,0.16407234538902807,0.49221703616708423,4.594025670892786,6.0296586930467821]
[2,50,0.66522770568228273,0.17333509541493372,0.87562155976322575,0.51250949335162299,0.72472416997382483,3.1111457913748142,6.0625638155607051]
[3,50,8.5435130886538229,1.8615745071041252,6.4204889571603028,3.4584168737730732,6.4411151715814405,9.103928589788179,35.829037188060951]
[4,50,7.7248882122724778,1.7712847550989452,6.5121455191818729,3.5682746412751429,6.1220026687276192,13.914624573011903,39.613220369567962]
[5,50,3.769341607027985,0.89090536219010652,3.9308613892268212,2.2507199495520371,2.9552737054183531,6.9673302570842015,20.764432270499501]
[6,50,0.93181701883105328,0.24397800946539952,0.83146068012791885,0.44528887984973969,0.96564300116181301,4.6916599944500899,8.1098475838860153]
[7,50,0.14712206160201255,2.5529390287991886E-2,0.10211756115196755,5.1058780575983773E-2,0.23713106250210256,0.5884882464080502,1.1514471025281086]
[8,50,0.14063825014065126,2.2100249949774373E-2,7.3935500016079972E-2,3.696775000804E-2,0.20894900136621503,0.36003600360036003,0.84262675508112062]
[9,50,5.062924924056126E-2,1.0849124837263122E-2,2.8930999566034968E-2,1.44654997830175E-2,2.8930999566034999E-2,0,0.13380587299291186]
[10,50,0,0,0,0,0,0,0]
[11,50,0.10125849848112252,2.1698249674526243E-2,5.7861999132069936E-2,2.8930999566034999E-2,5.7861999132069998E-2,0,0.26761174598582371]
[12,50,5.062924924056126E-2,1.0849124837263122E-2,2.8930999566034968E-2,1.44654997830175E-2,2.8930999566034999E-2,0,0.13380587299291186]
[13,50,8.7506163899814205E-4,2.1876540974953551E-4,8.7506163899814205E-4,4.3753081949907103E-4,8.7506163899814205E-4,3.5002465559925682E-3,6.7817277022356008E-3]
[14,50,0.90554275054641375,0.30178026715700101,0.83884000042184248,0.41942000021092124,1.3276690701951215,10.495965373686289,14.289217462217589]
[15,50,3.7312791700172014,0.91976047991891186,3.6645764198926303,0.10125705536256328,3.7995899212427653,14.72259968310656,26.939062729540634]
[16,50,0.25261138154705759,6.1344657913887199E-2,0.23091313187253126,1.8081926841520612E-2,0.23091313187253132,0.80792852922598524,1.6017927592735131]
[17,50,0,0,0,0,0,0,0]
[18,50,0,0,0,0,0,0,0]
[19,50,0.22942010110452654,5.7355025276131635E-2,0.22942010110452654,1.5761728843994609E-2,0.22942010110452654,0.91768040441810617,1.6790574618518121]
[20,50,0,0,0,0,0,0,0]
[21,50,0,0,0,0,0,0,0]
[22,50,0,0,0,0,0,0,0]
[23,50,0,0,0,0,0,0,0]
[24,50,0.30531113839107776,0.11449167689665417,0.30531113839107776,0.15265556919553888,0.45796670758661667,4.2743559374750895,5.6100921679360543]
[25,50,0.10971665386321654,4.11437451987062E-2,0.10971665386321654,5.4858326931608269E-2,0.1645749807948248,1.5360331540850316,2.0160435147366038]
[26,50,0,0,0,0,0,0,0]
[27,50,1.3943250067748116,0.34677306422082571,2.6831770408687858,1.6692260913765178,1.0449891861581602,1.4431321788315004,8.5816225682306015]
[28,50,0.86903081327764486,0.1987738283153912,0.73723331412949467,0.10039992450492904,0.8722468154796299,2.6660552652615994,5.4437399609686885]
[29,50,2.8620867179805373E-2,7.1552167949513433E-3,2.8620867179805373E-2,1.9663244222987413E-3,2.8620867179805373E-2,0.11448346871922149,0.20946761147588772]
[30,50,2.1264096831276742E-2,5.3160242078191854E-3,2.1264096831276742E-2,1.4608960886750137E-3,2.1264096831276742E-2,8.5056387325106966E-2,0.15562559811543142]
[31,50,0.18652497722986608,4.663124430746652E-2,0.18652497722986608,1.2814727652787229E-2,0.18652497722986608,0.74609990891946432,1.3651208125693164]
[32,50,6.8033753055109975E-2,2.551265739566624E-2,6.8033753055109975E-2,3.4016876527554987E-2,0.10205062958266496,0.95247254277153959,1.2501202123876458]
[33,50,0.35426511875533295,0.13284941953324986,0.35426511875533295,0.17713255937766648,0.53139767813299943,4.9597116625746613,6.5096215571292433]
[34,50,0.73657418341743519,0.18921750493718228,0.56138018492023245,0.28069009246011628,0.80509052240075918,3.9051314745041017,6.4780839626398272]
[35,50,1.4696259285807134,0.38254634908198609,1.1642424320363527,0.4034822311608649,1.4916129002818694,7.2954390886835441,12.206948929825327]
[36,50,0,0,0,0,0,0,0]
[37,50,4.3627550709541281E-2,1.090688767738532E-2,4.3627550709541281E-2,2.9973207277862487E-3,4.3627550709541281E-2,0.17451020283816512,0.31929706337196051]
[38,50,0,0,0,0,0,0,0]
[39,50,0,0,0,0,0,0,0]
[40,50,0,0,0,0,0,0,0]
[41,50,0,0,0,0,0,0,0]
[42,50,0.19810374407905174,4.9525936019762934E-2,0.19810374407905174,1.3610217596981562E-2,0.19810374407905174,0.79241497631620694,1.4498623621701068]
[43,50,0,0,0,0,0,0,0]
[44,50,0.47811019664625587,0.10827642404905272,0.43310569619621087,4.9165763064266246E-2,0.56811919754634588,1.9124407865850235,3.5492180640871549]
[45,50,0.18328990086390051,4.5822475215975128E-2,0.18328990086390051,1.2592469898455871E-2,0.18328990086390051,0.73315960345560205,1.3414442511617346]
[46,50,2.7305754769211165E-2,6.8264386923027913E-3,2.7305754769211165E-2,1.3652877384605583E-2,2.7305754769211165E-2,0.10922301907684466,0.21161959946138653]
[47,50,0.95579788779695429,0.3213435880982769,0.88909513767238302,0.4223218551812335,1.405922353960225,11.256948852979715,15.251429675688787]
[48,50,0.51803553433472338,0.17421167370611937,0.51803553433472338,0.18168330902435298,0.69684669482447748,5.6483653471339768,7.7371780933583727]
[49,50,8.3140864590297722E-2,3.1177824221361648E-2,8.3140864590297722E-2,4.1570432295148861E-2,0.12471129688544659,1.163972104264168,1.5277133868467205]
[50,50,0,0,0,0,0,0,0]